{"id":6677,"date":"2025-06-24T00:11:58","date_gmt":"2025-06-23T21:11:58","guid":{"rendered":"https:\/\/birimler.atauni.edu.tr\/resim-is-egitimi-abd\/?page_id=6677"},"modified":"2025-06-24T00:12:55","modified_gmt":"2025-06-23T21:12:55","slug":"resim-is-ogretmenligi-programina-ait-ozel-sart-ve-aciklamalar","status":"publish","type":"page","link":"https:\/\/atauni.edu.tr\/resim-is-egitimi-abd\/resim-is-ogretmenligi-programina-ait-ozel-sart-ve-aciklamalar\/","title":{"rendered":"Resim-i\u015f \u00d6\u011fretmenli\u011fi Program\u0131na Ait \u00d6zel \u015eart ve A\u00e7\u0131klamalar"},"content":{"rendered":"\t\t<div data-elementor-type=\"wp-page\" data-elementor-id=\"6677\" class=\"elementor elementor-6677\" data-elementor-post-type=\"page\">\n\t\t\t\t\t\t<section class=\"elementor-section elementor-top-section elementor-element elementor-element-a734642 elementor-section-boxed elementor-section-height-default elementor-section-height-default\" data-id=\"a734642\" data-element_type=\"section\">\n\t\t\t\t\t\t<div class=\"elementor-container elementor-column-gap-default\">\n\t\t\t\t\t<div class=\"elementor-column elementor-col-100 elementor-top-column elementor-element elementor-element-ed8c225\" data-id=\"ed8c225\" data-element_type=\"column\">\n\t\t\t<div class=\"elementor-widget-wrap elementor-element-populated\">\n\t\t\t\t\t\t<div class=\"elementor-element elementor-element-b409695 elementor-widget elementor-widget-text-editor\" data-id=\"b409695\" data-element_type=\"widget\" data-widget_type=\"text-editor.default\">\n\t\t\t\t<div class=\"elementor-widget-container\">\n\t\t\t\t\t\t\t\t\t<p><a href=\"http:\/\/birimler.atauni.edu.tr\/resim-is-egitimi-abd\/wp-content\/uploads\/sites\/362\/2025\/06\/Kosul-ve-Aciklamalar-Resim-is-ABD.docx\">Resim-i\u015f \u00d6\u011fretmenli\u011fi Program\u0131na Ait \u00d6zel \u015eart ve A\u00e7\u0131klamalar<\/a><\/p>\t\t\t\t\t\t\t\t<\/div>\n\t\t\t\t<\/div>\n\t\t\t\t\t<\/div>\n\t\t<\/div>\n\t\t\t\t\t<\/div>\n\t\t<\/section>\n\t\t\t\t<\/div>\n\t\t","protected":false},"excerpt":{"rendered":"<p>Resim-i\u015f \u00d6\u011fretmenli\u011fi Program\u0131na Ait \u00d6zel \u015eart ve A\u00e7\u0131klamalar<\/p>\n","protected":false},"author":475,"featured_media":0,"parent":0,"menu_order":0,"comment_status":"closed","ping_status":"closed","template":"","meta":{"footnotes":""},"class_list":["post-6677","page","type-page","status-publish","hentry"],"_links":{"self":[{"href":"https:\/\/atauni.edu.tr\/resim-is-egitimi-abd\/wp-json\/wp\/v2\/pages\/6677","targetHints":{"allow":["GET"]}}],"collection":[{"href":"https:\/\/atauni.edu.tr\/resim-is-egitimi-abd\/wp-json\/wp\/v2\/pages"}],"about":[{"href":"https:\/\/atauni.edu.tr\/resim-is-egitimi-abd\/wp-json\/wp\/v2\/types\/page"}],"author":[{"embeddable":true,"href":"https:\/\/atauni.edu.tr\/resim-is-egitimi-abd\/wp-json\/wp\/v2\/users\/475"}],"replies":[{"embeddable":true,"href":"https:\/\/atauni.edu.tr\/resim-is-egitimi-abd\/wp-json\/wp\/v2\/comments?post=6677"}],"version-history":[{"count":4,"href":"https:\/\/atauni.edu.tr\/resim-is-egitimi-abd\/wp-json\/wp\/v2\/pages\/6677\/revisions"}],"predecessor-version":[{"id":6682,"href":"https:\/\/atauni.edu.tr\/resim-is-egitimi-abd\/wp-json\/wp\/v2\/pages\/6677\/revisions\/6682"}],"wp:attachment":[{"href":"https:\/\/atauni.edu.tr\/resim-is-egitimi-abd\/wp-json\/wp\/v2\/media?parent=6677"}],"curies":[{"name":"wp","href":"https:\/\/api.w.org\/{rel}","templated":true}]}}