{"id":5751,"date":"2021-07-13T12:50:27","date_gmt":"2021-07-13T09:50:27","guid":{"rendered":"https:\/\/portaltest.atauni.edu.tr\/bilgisayar-muhendisligi\/?page_id=5751"},"modified":"2022-03-03T15:37:26","modified_gmt":"2022-03-03T12:37:26","slug":"lisansustu-ders-listesi","status":"publish","type":"page","link":"https:\/\/atauni.edu.tr\/rus-dili-ve-edebiyati\/lisansustu-ders-listesi\/","title":{"rendered":"Ders Listesi"},"content":{"rendered":"\t\t<div data-elementor-type=\"wp-page\" data-elementor-id=\"5751\" class=\"elementor elementor-5751\" data-elementor-post-type=\"page\">\n\t\t\t\t\t\t<section class=\"elementor-section elementor-top-section elementor-element elementor-element-730d320 elementor-section-boxed elementor-section-height-default elementor-section-height-default\" data-id=\"730d320\" data-element_type=\"section\">\n\t\t\t\t\t\t<div class=\"elementor-container elementor-column-gap-default\">\n\t\t\t\t\t<div class=\"elementor-column elementor-col-100 elementor-top-column elementor-element elementor-element-753d0860\" data-id=\"753d0860\" data-element_type=\"column\">\n\t\t\t<div class=\"elementor-widget-wrap\">\n\t\t\t\t\t\t\t<\/div>\n\t\t<\/div>\n\t\t\t\t\t<\/div>\n\t\t<\/section>\n\t\t\t\t<section class=\"elementor-section elementor-top-section elementor-element elementor-element-9be811a elementor-section-boxed elementor-section-height-default elementor-section-height-default\" data-id=\"9be811a\" data-element_type=\"section\">\n\t\t\t\t\t\t<div class=\"elementor-container elementor-column-gap-default\">\n\t\t\t\t\t<div class=\"elementor-column elementor-col-100 elementor-top-column elementor-element elementor-element-1ed847b7\" data-id=\"1ed847b7\" data-element_type=\"column\">\n\t\t\t<div class=\"elementor-widget-wrap elementor-element-populated\">\n\t\t\t\t\t\t<div class=\"elementor-element elementor-element-4ce0d07f elementor-widget elementor-widget-heading\" data-id=\"4ce0d07f\" data-element_type=\"widget\" data-widget_type=\"heading.default\">\n\t\t\t\t<div class=\"elementor-widget-container\">\n\t\t\t\t\t<h2 class=\"elementor-heading-title elementor-size-default\">Lisans\u00fcst\u00fc Ders Listesi<\/h2>\t\t\t\t<\/div>\n\t\t\t\t<\/div>\n\t\t\t\t<div class=\"elementor-element elementor-element-63260862 elementor-widget-divider--view-line elementor-widget elementor-widget-divider\" data-id=\"63260862\" data-element_type=\"widget\" data-widget_type=\"divider.default\">\n\t\t\t\t<div class=\"elementor-widget-container\">\n\t\t\t\t\t\t\t<div class=\"elementor-divider\">\n\t\t\t<span class=\"elementor-divider-separator\">\n\t\t\t\t\t\t<\/span>\n\t\t<\/div>\n\t\t\t\t\t\t<\/div>\n\t\t\t\t<\/div>\n\t\t\t\t\t<\/div>\n\t\t<\/div>\n\t\t\t\t\t<\/div>\n\t\t<\/section>\n\t\t\t\t<section class=\"elementor-section elementor-top-section elementor-element elementor-element-087941c elementor-section-boxed elementor-section-height-default elementor-section-height-default\" data-id=\"087941c\" data-element_type=\"section\">\n\t\t\t\t\t\t<div class=\"elementor-container elementor-column-gap-default\">\n\t\t\t\t\t<div class=\"elementor-column elementor-col-100 elementor-top-column elementor-element elementor-element-ae486f3\" data-id=\"ae486f3\" data-element_type=\"column\">\n\t\t\t<div class=\"elementor-widget-wrap elementor-element-populated\">\n\t\t\t\t\t\t<div class=\"elementor-element elementor-element-f4341c0 elementor-widget elementor-widget-text-editor\" data-id=\"f4341c0\" data-element_type=\"widget\" data-widget_type=\"text-editor.default\">\n\t\t\t\t<div class=\"elementor-widget-container\">\n\t\t\t\t\t\t\t\t\t<table class=\"MsoTableGrid\" border=\"1\" cellspacing=\"0\" cellpadding=\"0\" width=\"0\" style=\"width: 517.4pt;margin-left: -30.05pt;border-width: initial;border-style: none;border-color: initial\">\n <tbody><tr>\n  <td width=\"45\" valign=\"top\" style=\"width: 42.8pt;border-width: 1pt;border-color: windowtext;padding: 0cm 5.4pt\">\n  <p class=\"MsoNormal\" style=\"margin-bottom:0cm;margin-bottom:.0001pt;text-align:  justify;line-height:normal\"><b><span style=\"font-size:12.0pt;,serif\">G\u00fcn<\/span><\/b><\/p>\n  <\/td>\n  <td width=\"106\" valign=\"top\" style=\"width: 79.5pt;border-top-width: 1pt;border-right-width: 1pt;border-bottom-width: 1pt;border-top-color: windowtext;border-right-color: windowtext;border-bottom-color: windowtext;border-left: none;padding: 0cm 5.4pt\">\n  <p class=\"MsoNormal\" style=\"margin-bottom:0cm;margin-bottom:.0001pt;text-align:  justify;line-height:normal\"><b><span style=\"font-size:12.0pt;,serif\">Pazartesi<\/span><\/b><\/p>\n  <\/td>\n  <td width=\"146\" valign=\"top\" style=\"width: 91.9pt;border-top-width: 1pt;border-right-width: 1pt;border-bottom-width: 1pt;border-top-color: windowtext;border-right-color: windowtext;border-bottom-color: windowtext;border-left: none;padding: 0cm 5.4pt\">\n  <p class=\"MsoNormal\" style=\"margin-bottom:0cm;margin-bottom:.0001pt;text-align:  justify;line-height:normal\"><b><span style=\"font-size:12.0pt;,serif\">Sal\u0131<\/span><\/b><\/p>\n  <\/td>\n  <td width=\"129\" valign=\"top\" style=\"width: 98.6pt;border-top-width: 1pt;border-right-width: 1pt;border-bottom-width: 1pt;border-top-color: windowtext;border-right-color: windowtext;border-bottom-color: windowtext;border-left: none;padding: 0cm 5.4pt\">\n  <p class=\"MsoNormal\" style=\"margin-bottom:0cm;margin-bottom:.0001pt;text-align:  justify;line-height:normal\"><b><span style=\"font-size:12.0pt;,serif\">\u00c7ar\u015famba<\/span><\/b><\/p>\n  <\/td>\n  <td width=\"119\" valign=\"top\" style=\"width: 71.8pt;border-top-width: 1pt;border-right-width: 1pt;border-bottom-width: 1pt;border-top-color: windowtext;border-right-color: windowtext;border-bottom-color: windowtext;border-left: none;padding: 0cm 5.4pt\">\n  <p class=\"MsoNormal\" style=\"margin-bottom:0cm;margin-bottom:.0001pt;text-align:  justify;line-height:normal\"><b><span style=\"font-size:12.0pt;,serif\">Per\u015fembe<\/span><\/b><\/p>\n  <\/td>\n  <td width=\"58\" valign=\"top\" style=\"width: 61.4pt;border-top-width: 1pt;border-right-width: 1pt;border-bottom-width: 1pt;border-top-color: windowtext;border-right-color: windowtext;border-bottom-color: windowtext;border-left: none;padding: 0cm 5.4pt\">\n  <p class=\"MsoNormal\" style=\"margin-bottom:0cm;margin-bottom:.0001pt;text-align:  justify;line-height:normal\"><b><span style=\"font-size:12.0pt;,serif\">Cuma<\/span><\/b><\/p>\n  <\/td>\n  <td width=\"87\" valign=\"top\" style=\"width: 71.4pt;border-top-width: 1pt;border-right-width: 1pt;border-bottom-width: 1pt;border-top-color: windowtext;border-right-color: windowtext;border-bottom-color: windowtext;border-left: none;padding: 0cm 5.4pt\">\n  <p class=\"MsoNormal\" style=\"margin-bottom:0cm;margin-bottom:.0001pt;text-align:  justify;line-height:normal\"><b><span style=\"font-size:12.0pt;,serif\">Cumartesi<\/span><\/b><\/p>\n  <\/td>\n <\/tr>\n <tr>\n  <td width=\"45\" valign=\"top\" style=\"width: 42.8pt;border-right-width: 1pt;border-bottom-width: 1pt;border-left-width: 1pt;border-right-color: windowtext;border-bottom-color: windowtext;border-left-color: windowtext;border-top: none;padding: 0cm 5.4pt\">\n  <p class=\"MsoNormal\" style=\"margin-bottom:0cm;margin-bottom:.0001pt;text-align:  justify;line-height:normal\"><b><span style=\"font-size:12.0pt;,serif\">&nbsp;<\/span><\/b><\/p>\n  <\/td>\n  <td width=\"106\" valign=\"top\" style=\"width: 79.5pt;border-top: none;border-left: none;border-bottom-width: 1pt;border-bottom-color: windowtext;border-right-width: 1pt;border-right-color: windowtext;padding: 0cm 5.4pt\">\n  <p class=\"MsoNormal\" style=\"margin-bottom:0cm;margin-bottom:.0001pt;text-align:  justify;line-height:normal\"><b><span style=\"font-size:12.0pt;,serif\">Bilimsel\n  Ara\u015ft\u0131rma Teknikleri H. BAK<\/span><\/b><\/p>\n  <\/td>\n  <td width=\"146\" valign=\"top\" style=\"width: 91.9pt;border-top: none;border-left: none;border-bottom-width: 1pt;border-bottom-color: windowtext;border-right-width: 1pt;border-right-color: windowtext;padding: 0cm 5.4pt\">\n  <p class=\"MsoNormal\" style=\"margin-bottom:0cm;margin-bottom:.0001pt;text-align:  justify;line-height:normal\"><span style=\"font-size:12.0pt;,serif\">&nbsp;<\/span><\/p>\n  <\/td>\n  <td width=\"129\" valign=\"top\" style=\"width: 98.6pt;border-top: none;border-left: none;border-bottom-width: 1pt;border-bottom-color: windowtext;border-right-width: 1pt;border-right-color: windowtext;padding: 0cm 5.4pt\">\n  <p class=\"MsoNormal\" style=\"margin-bottom:0cm;margin-bottom:.0001pt;text-align:  justify;line-height:normal\"><span style=\"font-size:12.0pt;,serif\">&nbsp;<\/span><\/p>\n  <\/td>\n  <td width=\"119\" valign=\"top\" style=\"width: 71.8pt;border-top: none;border-left: none;border-bottom-width: 1pt;border-bottom-color: windowtext;border-right-width: 1pt;border-right-color: windowtext;padding: 0cm 5.4pt\">\n  <p class=\"MsoNormal\" style=\"margin-bottom:0cm;margin-bottom:.0001pt;text-align:  justify;line-height:normal\"><span style=\"font-size:12.0pt;,serif\">&nbsp;<\/span><\/p>\n  <\/td>\n  <td width=\"58\" valign=\"top\" style=\"width: 61.4pt;border-top: none;border-left: none;border-bottom-width: 1pt;border-bottom-color: windowtext;border-right-width: 1pt;border-right-color: windowtext;padding: 0cm 5.4pt\">\n  <p class=\"MsoNormal\" style=\"margin-bottom:0cm;margin-bottom:.0001pt;text-align:  justify;line-height:normal\"><b><span style=\"font-size:12.0pt;,serif\">&nbsp;<\/span><\/b><\/p>\n  <\/td>\n  <td width=\"87\" valign=\"top\" style=\"width: 71.4pt;border-top: none;border-left: none;border-bottom-width: 1pt;border-bottom-color: windowtext;border-right-width: 1pt;border-right-color: windowtext;padding: 0cm 5.4pt\">\n  <p class=\"MsoNormal\" style=\"margin-bottom:0cm;margin-bottom:.0001pt;text-align:  justify;line-height:normal\"><b><span style=\"font-size:12.0pt;,serif\">&nbsp;<\/span><\/b><\/p>\n  <\/td>\n <\/tr>\n <tr>\n  <td width=\"45\" valign=\"top\" style=\"width: 42.8pt;border-right-width: 1pt;border-bottom-width: 1pt;border-left-width: 1pt;border-right-color: windowtext;border-bottom-color: windowtext;border-left-color: windowtext;border-top: none;padding: 0cm 5.4pt\">\n  <p class=\"MsoNormal\" style=\"margin-bottom:0cm;margin-bottom:.0001pt;text-align:  justify;line-height:normal\"><b><span style=\"font-size:12.0pt;,serif\">&nbsp;<\/span><\/b><\/p>\n  <\/td>\n  <td width=\"106\" valign=\"top\" style=\"width: 79.5pt;border-top: none;border-left: none;border-bottom-width: 1pt;border-bottom-color: windowtext;border-right-width: 1pt;border-right-color: windowtext;padding: 0cm 5.4pt\">\n  <p class=\"MsoNormal\" style=\"margin-bottom:0cm;margin-bottom:.0001pt;text-align:  justify;line-height:normal\"><b><span style=\"font-size:12.0pt;,serif\">Rus Edebiyat\u0131nda\n  \u0130nsan Problemi S. AIUPOV<\/span><\/b><\/p>\n  <\/td>\n  <td width=\"146\" valign=\"top\" style=\"width: 91.9pt;border-top: none;border-left: none;border-bottom-width: 1pt;border-bottom-color: windowtext;border-right-width: 1pt;border-right-color: windowtext;padding: 0cm 5.4pt\">\n  <p class=\"MsoNormal\" style=\"margin-bottom:0cm;margin-bottom:.0001pt;text-align:  justify;line-height:normal\"><b><span style=\"font-size:12.0pt;,serif\">Bilim E\u011fitim ve\n  Etik M. TA\u015eKESENL\u0130G\u0130L<\/span><\/b><\/p>\n  <\/td>\n  <td width=\"129\" valign=\"top\" style=\"width: 98.6pt;border-top: none;border-left: none;border-bottom-width: 1pt;border-bottom-color: windowtext;border-right-width: 1pt;border-right-color: windowtext;padding: 0cm 5.4pt\">\n  <p class=\"MsoNormal\" style=\"margin-bottom:0cm;margin-bottom:.0001pt;text-align:  justify;line-height:normal\"><b><span style=\"font-size:12.0pt;,serif\">Rus-T\u00fcrk\n  Dillerinin Morfoloji ve Sentaks Yap\u0131lar\u0131n\u0131n Kar\u015f\u0131la\u015ft\u0131r\u0131lmas\u0131 S. AIUPOVA<\/span><\/b><\/p>\n  <\/td>\n  <td width=\"119\" valign=\"top\" style=\"width: 71.8pt;border-top: none;border-left: none;border-bottom-width: 1pt;border-bottom-color: windowtext;border-right-width: 1pt;border-right-color: windowtext;padding: 0cm 5.4pt\">\n  <p class=\"MsoNormal\" style=\"margin-bottom:0cm;margin-bottom:.0001pt;text-align:  justify;line-height:normal\"><b><span style=\"font-size:12.0pt;,serif\">Rus-T\u00fcrk\n  Kar\u015f\u0131la\u015ft\u0131rmal\u0131 Edebiyat\u0131 R. \u00d6ZDEM\u0130R<\/span><\/b><\/p>\n  <\/td>\n  <td width=\"58\" valign=\"top\" style=\"width: 61.4pt;border-top: none;border-left: none;border-bottom-width: 1pt;border-bottom-color: windowtext;border-right-width: 1pt;border-right-color: windowtext;padding: 0cm 5.4pt\">\n  <p class=\"MsoNormal\" style=\"margin-bottom:0cm;margin-bottom:.0001pt;text-align:  justify;line-height:normal\"><b><span style=\"font-size:12.0pt;,serif\">&nbsp;<\/span><\/b><\/p>\n  <\/td>\n  <td width=\"87\" valign=\"top\" style=\"width: 71.4pt;border-top: none;border-left: none;border-bottom-width: 1pt;border-bottom-color: windowtext;border-right-width: 1pt;border-right-color: windowtext;padding: 0cm 5.4pt\">\n  <p class=\"MsoNormal\" style=\"margin-bottom:0cm;margin-bottom:.0001pt;text-align:  justify;line-height:normal\"><b><span style=\"font-size:12.0pt;,serif\">&nbsp;<\/span><\/b><\/p>\n  <\/td>\n <\/tr>\n<\/tbody><\/table>\t\t\t\t\t\t\t\t<\/div>\n\t\t\t\t<\/div>\n\t\t\t\t\t<\/div>\n\t\t<\/div>\n\t\t\t\t\t<\/div>\n\t\t<\/section>\n\t\t\t\t<\/div>\n\t\t","protected":false},"excerpt":{"rendered":"<p>Lisans\u00fcst\u00fc Ders Listesi G\u00fcn Pazartesi Sal\u0131 \u00c7ar\u015famba Per\u015fembe Cuma Cumartesi &nbsp; Bilimsel Ara\u015ft\u0131rma Teknikleri H. BAK &nbsp; &nbsp; &nbsp; &nbsp; &nbsp; &nbsp; Rus Edebiyat\u0131nda \u0130nsan Problemi S. AIUPOV Bilim E\u011fitim ve Etik M. TA\u015eKESENL\u0130G\u0130L Rus-T\u00fcrk Dillerinin Morfoloji ve Sentaks Yap\u0131lar\u0131n\u0131n Kar\u015f\u0131la\u015ft\u0131r\u0131lmas\u0131 S. AIUPOVA Rus-T\u00fcrk Kar\u015f\u0131la\u015ft\u0131rmal\u0131 Edebiyat\u0131 R. \u00d6ZDEM\u0130R &nbsp; &nbsp;<\/p>\n","protected":false},"author":1,"featured_media":0,"parent":0,"menu_order":0,"comment_status":"closed","ping_status":"closed","template":"elementor_header_footer","meta":{"footnotes":""},"class_list":["post-5751","page","type-page","status-publish","hentry"],"_links":{"self":[{"href":"https:\/\/atauni.edu.tr\/rus-dili-ve-edebiyati\/wp-json\/wp\/v2\/pages\/5751","targetHints":{"allow":["GET"]}}],"collection":[{"href":"https:\/\/atauni.edu.tr\/rus-dili-ve-edebiyati\/wp-json\/wp\/v2\/pages"}],"about":[{"href":"https:\/\/atauni.edu.tr\/rus-dili-ve-edebiyati\/wp-json\/wp\/v2\/types\/page"}],"author":[{"embeddable":true,"href":"https:\/\/atauni.edu.tr\/rus-dili-ve-edebiyati\/wp-json\/wp\/v2\/users\/1"}],"replies":[{"embeddable":true,"href":"https:\/\/atauni.edu.tr\/rus-dili-ve-edebiyati\/wp-json\/wp\/v2\/comments?post=5751"}],"version-history":[{"count":20,"href":"https:\/\/atauni.edu.tr\/rus-dili-ve-edebiyati\/wp-json\/wp\/v2\/pages\/5751\/revisions"}],"predecessor-version":[{"id":6899,"href":"https:\/\/atauni.edu.tr\/rus-dili-ve-edebiyati\/wp-json\/wp\/v2\/pages\/5751\/revisions\/6899"}],"wp:attachment":[{"href":"https:\/\/atauni.edu.tr\/rus-dili-ve-edebiyati\/wp-json\/wp\/v2\/media?parent=5751"}],"curies":[{"name":"wp","href":"https:\/\/api.w.org\/{rel}","templated":true}]}}