{"id":6721,"date":"2024-12-17T14:20:06","date_gmt":"2024-12-17T11:20:06","guid":{"rendered":"https:\/\/birimler.atauni.edu.tr\/saglik-bilimleri-enstitusu\/?page_id=6721"},"modified":"2026-03-17T14:19:10","modified_gmt":"2026-03-17T11:19:10","slug":"enstitu-kurulu","status":"publish","type":"page","link":"https:\/\/atauni.edu.tr\/saglik-bilimleri-enstitusu\/enstitu-kurulu\/","title":{"rendered":"Enstit\u00fc Kurulu"},"content":{"rendered":"\t\t<div data-elementor-type=\"wp-page\" data-elementor-id=\"6721\" class=\"elementor elementor-6721\" data-elementor-post-type=\"page\">\n\t\t\t\t\t\t<section class=\"elementor-section elementor-top-section elementor-element elementor-element-98f8209 elementor-section-boxed elementor-section-height-default elementor-section-height-default\" data-id=\"98f8209\" data-element_type=\"section\">\n\t\t\t\t\t\t<div class=\"elementor-container elementor-column-gap-default\">\n\t\t\t\t\t<div class=\"elementor-column elementor-col-100 elementor-top-column elementor-element elementor-element-83a9bfc\" data-id=\"83a9bfc\" data-element_type=\"column\">\n\t\t\t<div class=\"elementor-widget-wrap elementor-element-populated\">\n\t\t\t\t\t\t<div class=\"elementor-element elementor-element-a46625f elementor-widget elementor-widget-spacer\" data-id=\"a46625f\" data-element_type=\"widget\" data-widget_type=\"spacer.default\">\n\t\t\t\t<div class=\"elementor-widget-container\">\n\t\t\t\t\t\t\t<div class=\"elementor-spacer\">\n\t\t\t<div class=\"elementor-spacer-inner\"><\/div>\n\t\t<\/div>\n\t\t\t\t\t\t<\/div>\n\t\t\t\t<\/div>\n\t\t\t\t\t<\/div>\n\t\t<\/div>\n\t\t\t\t\t<\/div>\n\t\t<\/section>\n\t\t\t\t<section class=\"elementor-section elementor-top-section elementor-element elementor-element-81a8dd0 elementor-section-boxed elementor-section-height-default elementor-section-height-default\" data-id=\"81a8dd0\" data-element_type=\"section\">\n\t\t\t\t\t\t<div class=\"elementor-container elementor-column-gap-default\">\n\t\t\t\t\t<div class=\"elementor-column elementor-col-100 elementor-top-column elementor-element elementor-element-ad82924\" data-id=\"ad82924\" data-element_type=\"column\">\n\t\t\t<div class=\"elementor-widget-wrap elementor-element-populated\">\n\t\t\t\t\t\t<div class=\"elementor-element elementor-element-e3f2a99 elementor-widget elementor-widget-heading\" data-id=\"e3f2a99\" data-element_type=\"widget\" data-widget_type=\"heading.default\">\n\t\t\t\t<div class=\"elementor-widget-container\">\n\t\t\t\t\t<h2 class=\"elementor-heading-title elementor-size-default\">Enstit\u00fc Kurulu<\/h2>\t\t\t\t<\/div>\n\t\t\t\t<\/div>\n\t\t\t\t<div class=\"elementor-element elementor-element-3697def elementor-widget-divider--view-line elementor-widget elementor-widget-divider\" data-id=\"3697def\" data-element_type=\"widget\" data-widget_type=\"divider.default\">\n\t\t\t\t<div class=\"elementor-widget-container\">\n\t\t\t\t\t\t\t<div class=\"elementor-divider\">\n\t\t\t<span class=\"elementor-divider-separator\">\n\t\t\t\t\t\t<\/span>\n\t\t<\/div>\n\t\t\t\t\t\t<\/div>\n\t\t\t\t<\/div>\n\t\t\t\t\t<\/div>\n\t\t<\/div>\n\t\t\t\t\t<\/div>\n\t\t<\/section>\n\t\t\t\t<section class=\"elementor-section elementor-top-section elementor-element elementor-element-4ffd790 elementor-section-boxed elementor-section-height-default elementor-section-height-default\" data-id=\"4ffd790\" data-element_type=\"section\">\n\t\t\t\t\t\t<div class=\"elementor-container elementor-column-gap-default\">\n\t\t\t\t\t<div class=\"elementor-column elementor-col-100 elementor-top-column elementor-element elementor-element-67ff27f\" data-id=\"67ff27f\" data-element_type=\"column\">\n\t\t\t<div class=\"elementor-widget-wrap elementor-element-populated\">\n\t\t\t\t\t\t<div class=\"elementor-element elementor-element-e94f20a elementor-widget elementor-widget-text-editor\" data-id=\"e94f20a\" data-element_type=\"widget\" data-widget_type=\"text-editor.default\">\n\t\t\t\t<div class=\"elementor-widget-container\">\n\t\t\t\t\t\t\t\t\t<table width=\"784\"><tbody><tr><td width=\"438\"><p><strong>ENST\u0130T\u00dc KURULU \u00dcYELER\u0130<\/strong><\/p><\/td><td width=\"346\"><p><strong>G\u00d6REV\u0130<\/strong><\/p><\/td><\/tr><tr><td width=\"438\"><p>PROF.DR. AHMET KIZILTUN\u00c7<\/p><\/td><td width=\"346\"><p>Kurul Ba\u015fkan\u0131<\/p><\/td><\/tr><tr><td width=\"438\"><p>PROF.DR. \u00d6ZKAN M\u0130LO\u011eLU<\/p><\/td><td width=\"346\"><p>Kurul \u00dcyesi<\/p><\/td><\/tr><tr><td width=\"438\"><p>PROF.DR. \u00dcM\u0130T ERTA\u015e<\/p><\/td><td width=\"346\"><p>Kurul \u00dcyesi<\/p><\/td><\/tr><tr><td width=\"438\"><p>PROF.DR. KEZBAN MELTEM \u00c7OLAK<\/p><\/td><td width=\"346\"><p>Kurul \u00dcyesi<\/p><\/td><\/tr><tr><td width=\"438\"><p>PROF.DR. SERA DEREL\u0130O\u011eLU<\/p><\/td><td width=\"346\"><p>Kurul \u00dcyesi<\/p><\/td><\/tr><tr><td width=\"438\"><p>PROF.DR. RECEP ORBAK<\/p><\/td><td width=\"346\"><p>Kurul \u00dcyesi<\/p><\/td><\/tr><tr><td width=\"438\"><p>PROF.DR. NURAN YANIKO\u011eLU<\/p><\/td><td width=\"346\"><p>Kurul \u00dcyesi<\/p><\/td><\/tr><tr><td width=\"438\"><p>PROF.DR. YUSUF Z\u0130YA BAYINDIR<\/p><\/td><td width=\"346\"><p>Kurul \u00dcyesi<\/p><\/td><\/tr><tr><td width=\"438\"><p>PROF.DR. Z\u00dcHAL G\u00dcVENALP<\/p><\/td><td width=\"346\"><p>Kurul \u00dcyesi<\/p><\/td><\/tr><tr><td width=\"438\"><p>PROF.DR. BEYZAG\u00dcL ERKAYMAN<\/p><\/td><td width=\"346\"><p>Kurul \u00dcyesi<\/p><\/td><\/tr><tr><td width=\"438\"><p>PROF.DR. MELTEM \u00c7ET\u0130N<\/p><\/td><td width=\"346\"><p>Kurul \u00dcyesi<\/p><\/td><\/tr><tr><td width=\"438\"><p>PROF.DR. Y\u00dcCEL KADIO\u011eLU<\/p><\/td><td width=\"346\"><p>Kurul \u00dcyesi<\/p><\/td><\/tr><tr><td width=\"438\"><p>PROF.DR. NURCAN KILI\u00c7 BAYGUTALP<\/p><\/td><td width=\"346\"><p>Kurul \u00dcyesi<\/p><\/td><\/tr><tr><td width=\"438\"><p>PROF.DR. NEZ\u0130HA KARABULUT<\/p><\/td><td width=\"346\"><p>Kurul \u00dcyesi<\/p><\/td><\/tr><tr><td width=\"438\"><p>PROF.DR. G\u00dcL\u015eEN ERYILMAZ<\/p><\/td><td width=\"346\"><p>Kurul \u00dcyesi<\/p><\/td><\/tr><tr><td width=\"438\"><p>PROF.DR. D\u0130LEK KILI\u00c7<\/p><\/td><td width=\"346\"><p>Kurul \u00dcyesi<\/p><\/td><\/tr><tr><td width=\"438\"><p>PROF.DR. REVA BALCI AKPINAR<\/p><\/td><td width=\"346\"><p>Kurul \u00dcyesi<\/p><\/td><\/tr><tr><td width=\"438\"><p>PROF.DR. \u00d6ZLEM \u015eAH\u0130N ALTUN<\/p><\/td><td width=\"346\"><p>Kurul \u00dcyesi<\/p><\/td><\/tr><tr><td width=\"438\"><p>PROF.DR. FATMA G\u00dcD\u00dcC\u00dc T\u00dcFEKC\u0130<\/p><\/td><td width=\"346\"><p>Kurul \u00dcyesi<\/p><\/td><\/tr><tr><td width=\"438\"><p>PROF.DR. MEHTAP TAN<\/p><\/td><td width=\"346\"><p>Kurul \u00dcyesi<\/p><\/td><\/tr><tr><td width=\"438\"><p>PROF.DR. ESEN TA\u015e\u011eIN<\/p><\/td><td width=\"346\"><p>Kurul \u00dcyesi<\/p><\/td><\/tr><tr><td width=\"438\"><p>PROF.DR. YASEM\u0130N \u00c7AYIR<\/p><\/td><td width=\"346\"><p>Kurul \u00dcyesi<\/p><\/td><\/tr><tr><td width=\"438\"><p>PROF.DR. EROL AKPINAR<\/p><\/td><td width=\"346\"><p>Kurul \u00dcyesi<\/p><\/td><\/tr><tr><td width=\"438\"><p>PROF.DR. FUAT ERDEM<\/p><\/td><td width=\"346\"><p>Kurul \u00dcyesi<\/p><\/td><\/tr><tr><td width=\"438\"><p>PROF.DR. SERHAT VAN\u00c7EL\u0130K<\/p><\/td><td width=\"346\"><p>Kurul \u00dcyesi<\/p><\/td><\/tr><tr><td width=\"438\"><p>PROF.DR. OSMAN NUR\u0130 KELE\u015e<\/p><\/td><td width=\"346\"><p>Kurul \u00dcyesi<\/p><\/td><\/tr><tr><td width=\"438\"><p>PROF.DR. SAMET KAPAK\u0130N<\/p><\/td><td width=\"346\"><p>Kurul \u00dcyesi<\/p><\/td><\/tr><tr><td width=\"438\"><p>PROF.DR. MUSTAFA G\u00dcL<\/p><\/td><td width=\"346\"><p>Kurul \u00dcyesi<\/p><\/td><\/tr><tr><td width=\"438\"><p>PROF.DR. HASAN T\u00dcRKEZ<\/p><\/td><td width=\"346\"><p>Kurul \u00dcyesi<\/p><\/td><\/tr><tr><td width=\"438\"><p>PROF.DR. HAL\u0130L YAZGI<\/p><\/td><td width=\"346\"><p>Kurul \u00dcyesi<\/p><\/td><\/tr><tr><td width=\"438\"><p>PROF.DR. MUSTAFA ATASEVER<\/p><\/td><td width=\"346\"><p>Kurul \u00dcyesi<\/p><\/td><\/tr><tr><td width=\"438\"><p>PROF.DR. AL\u0130 DO\u011eAN \u00d6M\u00dcR<\/p><\/td><td width=\"346\"><p>Kurul \u00dcyesi<\/p><\/td><\/tr><tr><td width=\"438\"><p>PROF.DR. BA\u015eAK HANEDAN<\/p><\/td><td width=\"346\"><p>Kurul \u00dcyesi<\/p><\/td><\/tr><tr><td width=\"438\"><p>PROF.DR. B\u00dcLENT POLAT<\/p><\/td><td width=\"346\"><p>Kurul \u00dcyesi<\/p><\/td><\/tr><tr><td width=\"438\"><p>PROF.DR. \u0130BRAH\u0130M BALKAYA<\/p><\/td><td width=\"346\"><p>Kurul \u00dcyesi<\/p><\/td><\/tr><tr><td width=\"438\"><p>PROF.DR. YAVUZ SEL\u0130M SA\u011eLAM<\/p><\/td><td width=\"346\"><p>Kurul \u00dcyesi<\/p><\/td><\/tr><tr><td width=\"438\"><p>PROF.DR. DERV\u0130\u015e \u00d6ZDEM\u0130R<\/p><\/td><td width=\"346\"><p>Kurul \u00dcyesi<\/p><\/td><\/tr><tr><td width=\"438\"><p>PROF.DR. MESUT B\u00dcNYAM\u0130 HALICI<\/p><\/td><td width=\"346\"><p>Kurul \u00dcyesi<\/p><\/td><\/tr><tr><td width=\"438\"><p>PROF.DR. F\u0130KRET \u00c7ELEB\u0130<\/p><\/td><td width=\"346\"><p>Kurul \u00dcyesi<\/p><\/td><\/tr><tr><td width=\"438\"><p>PROF.DR. MEHMET G\u00dcL<\/p><\/td><td width=\"346\"><p>Kurul \u00dcyesi<\/p><\/td><\/tr><tr><td width=\"438\"><p>PROF.DR. MEHMET \u00d6ZKAN T\u0130MURKAN<\/p><\/td><td width=\"346\"><p>Kurul \u00dcyesi<\/p><\/td><\/tr><tr><td width=\"438\"><p>PROF.DR. AYLA KANBUR<\/p><\/td><td width=\"346\"><p>Kurul \u00dcyesi<\/p><\/td><\/tr><tr><td width=\"438\"><p>PROF.DR. EKREM LA\u00c7\u0130N<\/p><\/td><td width=\"346\"><p>Kurul \u00dcyesi<\/p><\/td><\/tr><tr><td width=\"438\"><p>PROF.DR. H\u0130LAL \u00d6ZBEK<\/p><\/td><td width=\"346\"><p>Kurul \u00dcyesi<\/p><\/td><\/tr><tr><td width=\"438\"><p>DO\u00c7.DR. MEHMET CEMAL ADIG\u00dcZEL<\/p><\/td><td width=\"346\"><p>Kurul \u00dcyesi<\/p><\/td><\/tr><tr><td width=\"438\"><p>DO\u00c7.DR. MEHMET KOCA<\/p><\/td><td width=\"346\"><p>Kurul \u00dcyesi<\/p><\/td><\/tr><tr><td width=\"438\"><p>DO\u00c7.DR. SITKICAN OKUR<\/p><\/td><td width=\"346\"><p>Kurul \u00dcyesi<\/p><\/td><\/tr><tr><td width=\"438\"><p>DO\u00c7.DR. H\u0130LAL KIZILTUN\u00c7 \u00d6ZMEN<\/p><\/td><td width=\"346\"><p>Kurul \u00dcyesi<\/p><\/td><\/tr><tr><td width=\"438\"><p>DO\u00c7.DR. SEM\u0130N GED\u0130KL\u0130<\/p><\/td><td width=\"346\"><p>Kurul \u00dcyesi<\/p><\/td><\/tr><tr><td width=\"438\"><p>DO\u00c7.DR. ESRA \u00c7INAR TANRIVERD\u0130<\/p><\/td><td width=\"346\"><p>Kurul \u00dcyesi<\/p><\/td><\/tr><tr><td width=\"438\"><p>DO\u00c7.DR. HAF\u0130ZE YUCA<\/p><\/td><td width=\"346\"><p>Kurul \u00dcyesi<\/p><\/td><\/tr><tr><td width=\"438\"><p>DR. \u00d6\u011eR. \u00dcYES\u0130 KAMBER KA\u015eAL\u0130<\/p><\/td><td width=\"346\"><p>Kurul \u00dcyesi<\/p><\/td><\/tr><tr><td width=\"438\"><p>DR. \u00d6\u011eR. \u00dcYES\u0130 EL\u0130F ARAS AT\u0130K<\/p><\/td><td width=\"346\"><p>Kurul \u00dcyesi<\/p><\/td><\/tr><tr><td width=\"438\"><p>DR. \u00d6\u011eR. \u00dcYES\u0130 BURCU ALA\u00c7AM<\/p><\/td><td width=\"346\"><p>Kurul \u00dcyesi<\/p><\/td><\/tr><tr><td width=\"438\"><p>ENS\u0130T\u00dc SEKRETER\u0130 BED\u0130A KUTLU<\/p><\/td><td width=\"346\"><p>Raport\u00f6r<\/p><\/td><\/tr><\/tbody><\/table>\t\t\t\t\t\t\t\t<\/div>\n\t\t\t\t<\/div>\n\t\t\t\t\t<\/div>\n\t\t<\/div>\n\t\t\t\t\t<\/div>\n\t\t<\/section>\n\t\t\t\t<section class=\"elementor-section elementor-top-section elementor-element elementor-element-3afe97f elementor-section-boxed elementor-section-height-default elementor-section-height-default\" data-id=\"3afe97f\" data-element_type=\"section\">\n\t\t\t\t\t\t<div class=\"elementor-container elementor-column-gap-default\">\n\t\t\t\t\t<div class=\"elementor-column elementor-col-100 elementor-top-column elementor-element elementor-element-8450bec\" data-id=\"8450bec\" data-element_type=\"column\">\n\t\t\t<div class=\"elementor-widget-wrap elementor-element-populated\">\n\t\t\t\t\t\t<div class=\"elementor-element elementor-element-1a043d5 elementor-widget elementor-widget-spacer\" data-id=\"1a043d5\" data-element_type=\"widget\" data-widget_type=\"spacer.default\">\n\t\t\t\t<div class=\"elementor-widget-container\">\n\t\t\t\t\t\t\t<div class=\"elementor-spacer\">\n\t\t\t<div class=\"elementor-spacer-inner\"><\/div>\n\t\t<\/div>\n\t\t\t\t\t\t<\/div>\n\t\t\t\t<\/div>\n\t\t\t\t\t<\/div>\n\t\t<\/div>\n\t\t\t\t\t<\/div>\n\t\t<\/section>\n\t\t\t\t<section class=\"elementor-section elementor-top-section elementor-element elementor-element-31af24a elementor-section-boxed elementor-section-height-default elementor-section-height-default\" data-id=\"31af24a\" data-element_type=\"section\">\n\t\t\t\t\t\t<div class=\"elementor-container elementor-column-gap-default\">\n\t\t\t\t\t<div class=\"elementor-column elementor-col-100 elementor-top-column elementor-element elementor-element-6783d19\" data-id=\"6783d19\" data-element_type=\"column\">\n\t\t\t<div class=\"elementor-widget-wrap\">\n\t\t\t\t\t\t\t<\/div>\n\t\t<\/div>\n\t\t\t\t\t<\/div>\n\t\t<\/section>\n\t\t\t\t<\/div>\n\t\t","protected":false},"excerpt":{"rendered":"<p>Enstit\u00fc Kurulu ENST\u0130T\u00dc KURULU \u00dcYELER\u0130 G\u00d6REV\u0130 PROF.DR. AHMET KIZILTUN\u00c7 Kurul Ba\u015fkan\u0131 PROF.DR. \u00d6ZKAN M\u0130LO\u011eLU Kurul \u00dcyesi PROF.DR. \u00dcM\u0130T ERTA\u015e Kurul \u00dcyesi PROF.DR. KEZBAN MELTEM \u00c7OLAK Kurul \u00dcyesi PROF.DR. SERA DEREL\u0130O\u011eLU Kurul \u00dcyesi PROF.DR. RECEP ORBAK Kurul \u00dcyesi PROF.DR. NURAN YANIKO\u011eLU Kurul \u00dcyesi PROF.DR. YUSUF Z\u0130YA BAYINDIR Kurul \u00dcyesi PROF.DR. Z\u00dcHAL G\u00dcVENALP Kurul \u00dcyesi PROF.DR. BEYZAG\u00dcL [&hellip;]<\/p>\n","protected":false},"author":632,"featured_media":0,"parent":0,"menu_order":0,"comment_status":"closed","ping_status":"closed","template":"elementor_header_footer","meta":{"footnotes":""},"class_list":["post-6721","page","type-page","status-publish","hentry"],"_links":{"self":[{"href":"https:\/\/atauni.edu.tr\/saglik-bilimleri-enstitusu\/wp-json\/wp\/v2\/pages\/6721","targetHints":{"allow":["GET"]}}],"collection":[{"href":"https:\/\/atauni.edu.tr\/saglik-bilimleri-enstitusu\/wp-json\/wp\/v2\/pages"}],"about":[{"href":"https:\/\/atauni.edu.tr\/saglik-bilimleri-enstitusu\/wp-json\/wp\/v2\/types\/page"}],"author":[{"embeddable":true,"href":"https:\/\/atauni.edu.tr\/saglik-bilimleri-enstitusu\/wp-json\/wp\/v2\/users\/632"}],"replies":[{"embeddable":true,"href":"https:\/\/atauni.edu.tr\/saglik-bilimleri-enstitusu\/wp-json\/wp\/v2\/comments?post=6721"}],"version-history":[{"count":58,"href":"https:\/\/atauni.edu.tr\/saglik-bilimleri-enstitusu\/wp-json\/wp\/v2\/pages\/6721\/revisions"}],"predecessor-version":[{"id":9543,"href":"https:\/\/atauni.edu.tr\/saglik-bilimleri-enstitusu\/wp-json\/wp\/v2\/pages\/6721\/revisions\/9543"}],"wp:attachment":[{"href":"https:\/\/atauni.edu.tr\/saglik-bilimleri-enstitusu\/wp-json\/wp\/v2\/media?parent=6721"}],"curies":[{"name":"wp","href":"https:\/\/api.w.org\/{rel}","templated":true}]}}