{"id":6752,"date":"2024-12-17T15:47:42","date_gmt":"2024-12-17T12:47:42","guid":{"rendered":"https:\/\/birimler.atauni.edu.tr\/saglik-bilimleri-enstitusu\/?page_id=6752"},"modified":"2026-01-19T11:21:56","modified_gmt":"2026-01-19T08:21:56","slug":"toplumsal-katki-komisyonu","status":"publish","type":"page","link":"https:\/\/atauni.edu.tr\/saglik-bilimleri-enstitusu\/toplumsal-katki-komisyonu\/","title":{"rendered":"Toplumsal Katk\u0131 Komisyonu"},"content":{"rendered":"\t\t<div data-elementor-type=\"wp-page\" data-elementor-id=\"6752\" class=\"elementor elementor-6752\" data-elementor-post-type=\"page\">\n\t\t\t\t\t\t<section class=\"elementor-section elementor-top-section elementor-element elementor-element-9f75870 elementor-section-boxed elementor-section-height-default elementor-section-height-default\" data-id=\"9f75870\" data-element_type=\"section\">\n\t\t\t\t\t\t<div class=\"elementor-container elementor-column-gap-default\">\n\t\t\t\t\t<div class=\"elementor-column elementor-col-100 elementor-top-column elementor-element elementor-element-8022d96\" data-id=\"8022d96\" data-element_type=\"column\">\n\t\t\t<div class=\"elementor-widget-wrap elementor-element-populated\">\n\t\t\t\t\t\t<div class=\"elementor-element elementor-element-e21be7f elementor-widget elementor-widget-spacer\" data-id=\"e21be7f\" data-element_type=\"widget\" data-widget_type=\"spacer.default\">\n\t\t\t\t<div class=\"elementor-widget-container\">\n\t\t\t\t\t\t\t<div class=\"elementor-spacer\">\n\t\t\t<div class=\"elementor-spacer-inner\"><\/div>\n\t\t<\/div>\n\t\t\t\t\t\t<\/div>\n\t\t\t\t<\/div>\n\t\t\t\t\t<\/div>\n\t\t<\/div>\n\t\t\t\t\t<\/div>\n\t\t<\/section>\n\t\t\t\t<section class=\"elementor-section elementor-top-section elementor-element elementor-element-069dd50 elementor-section-boxed elementor-section-height-default elementor-section-height-default\" data-id=\"069dd50\" data-element_type=\"section\">\n\t\t\t\t\t\t<div class=\"elementor-container elementor-column-gap-default\">\n\t\t\t\t\t<div class=\"elementor-column elementor-col-100 elementor-top-column elementor-element elementor-element-86f567a\" data-id=\"86f567a\" data-element_type=\"column\">\n\t\t\t<div class=\"elementor-widget-wrap elementor-element-populated\">\n\t\t\t\t\t\t<div class=\"elementor-element elementor-element-97d0562 elementor-widget elementor-widget-heading\" data-id=\"97d0562\" data-element_type=\"widget\" data-widget_type=\"heading.default\">\n\t\t\t\t<div class=\"elementor-widget-container\">\n\t\t\t\t\t<h2 class=\"elementor-heading-title elementor-size-default\">Toplumsal Katk\u0131 Komisyonu<\/h2>\t\t\t\t<\/div>\n\t\t\t\t<\/div>\n\t\t\t\t<div class=\"elementor-element elementor-element-b7fe974 elementor-widget-divider--view-line elementor-widget elementor-widget-divider\" data-id=\"b7fe974\" data-element_type=\"widget\" data-widget_type=\"divider.default\">\n\t\t\t\t<div class=\"elementor-widget-container\">\n\t\t\t\t\t\t\t<div class=\"elementor-divider\">\n\t\t\t<span class=\"elementor-divider-separator\">\n\t\t\t\t\t\t<\/span>\n\t\t<\/div>\n\t\t\t\t\t\t<\/div>\n\t\t\t\t<\/div>\n\t\t\t\t\t<\/div>\n\t\t<\/div>\n\t\t\t\t\t<\/div>\n\t\t<\/section>\n\t\t\t\t<section class=\"elementor-section elementor-top-section elementor-element elementor-element-ca2ef33 elementor-section-boxed elementor-section-height-default elementor-section-height-default\" data-id=\"ca2ef33\" data-element_type=\"section\">\n\t\t\t\t\t\t<div class=\"elementor-container elementor-column-gap-default\">\n\t\t\t\t\t<div class=\"elementor-column elementor-col-100 elementor-top-column elementor-element elementor-element-ecda2ff\" data-id=\"ecda2ff\" data-element_type=\"column\">\n\t\t\t<div class=\"elementor-widget-wrap elementor-element-populated\">\n\t\t\t\t\t\t<div class=\"elementor-element elementor-element-b862abe elementor-widget elementor-widget-text-editor\" data-id=\"b862abe\" data-element_type=\"widget\" data-widget_type=\"text-editor.default\">\n\t\t\t\t<div class=\"elementor-widget-container\">\n\t\t\t\t\t\t\t\t\t<p><span style=\"font-weight: bolder\">Prof. Dr. Ahmet KIZILTUN\u00c7<\/span>\u00a0\u2013 Ba\u015fkan<\/p><p><span style=\"font-weight: bolder\">Prof. Dr. Fatma \u00c7A\u011eLAYAN<\/span>\u00a0\u2013 Ba\u015fkan Yrd.<\/p><p><span style=\"font-weight: bolder\">Prof. Dr. Hilal \u00d6ZBEK<\/span>\u00a0\u2013 \u00dcye \u2013 Enstit\u00fc M\u00fcd\u00fcr Yrd.<\/p><p><span style=\"font-weight: bolder\">Do\u00e7. Dr. Mehmet Cemal ADIG\u00dcZEL<\/span>\u00a0\u2013 \u00dcye<\/p><p><span style=\"font-weight: bolder\">Prof. Dr. Mustafa Sinan AKTA\u015e<\/span>\u00a0\u2013 \u00dcye<\/p><p><span style=\"font-weight: bolder\">Do\u00e7. Dr. Hasret YAL\u00c7IN\u00d6Z BAYSAL<\/span>\u2013 \u00dcye<\/p><p><span style=\"font-weight: bolder\">Do\u00e7. Dr. Sibel \u00d6ZT\u00dcRK<\/span>\u00a0\u2013 \u00dcye<\/p><p><span style=\"font-weight: bolder\">Do\u00e7. Dr. Afife B\u00fc\u015fra U\u011eUR KAPLAN<\/span>\u00a0\u2013 \u00dcye<\/p><p><span style=\"font-weight: bolder\">Dr. \u00d6\u011fr. \u00dcyesi U\u011fur \u00d6ZENT\u00dcRK<\/span>\u00a0\u2013 \u00dcye<\/p><p><span style=\"font-weight: bolder\">Dr. \u00d6\u011fr. \u00dcyesi Merve \u0130\u015eCAN YAPAR<\/span>\u00a0\u2013 \u00dcye<\/p><p><span style=\"font-weight: bolder\">Dr. \u00d6\u011fr. \u00dcyesi Nihan T\u00dcRKO\u011eLU<\/span>\u00a0\u2013 \u00dcye<\/p><p><span style=\"font-weight: bolder\">Ar\u015f. G\u00f6r. Muhamet Furkan SARIAL\u0130O\u011eLU<\/span>\u00a0\u2013 \u00dcye \u2013 \u00d6\u011frenci Temsilcisi<\/p><p><span style=\"font-weight: bolder\">Yusuf KIR<\/span>\u00a0\u2013 \u00dcye \u2013 Enstit\u00fc Sekreteri<\/p>\t\t\t\t\t\t\t\t<\/div>\n\t\t\t\t<\/div>\n\t\t\t\t\t<\/div>\n\t\t<\/div>\n\t\t\t\t\t<\/div>\n\t\t<\/section>\n\t\t\t\t<section class=\"elementor-section elementor-top-section elementor-element elementor-element-9c1aaa7 elementor-section-boxed elementor-section-height-default elementor-section-height-default\" data-id=\"9c1aaa7\" data-element_type=\"section\">\n\t\t\t\t\t\t<div class=\"elementor-container elementor-column-gap-default\">\n\t\t\t\t\t<div class=\"elementor-column elementor-col-100 elementor-top-column elementor-element elementor-element-96824e6\" data-id=\"96824e6\" data-element_type=\"column\">\n\t\t\t<div class=\"elementor-widget-wrap elementor-element-populated\">\n\t\t\t\t\t\t<div class=\"elementor-element elementor-element-acb987f elementor-widget elementor-widget-spacer\" data-id=\"acb987f\" data-element_type=\"widget\" data-widget_type=\"spacer.default\">\n\t\t\t\t<div class=\"elementor-widget-container\">\n\t\t\t\t\t\t\t<div class=\"elementor-spacer\">\n\t\t\t<div class=\"elementor-spacer-inner\"><\/div>\n\t\t<\/div>\n\t\t\t\t\t\t<\/div>\n\t\t\t\t<\/div>\n\t\t\t\t\t<\/div>\n\t\t<\/div>\n\t\t\t\t\t<\/div>\n\t\t<\/section>\n\t\t\t\t<\/div>\n\t\t","protected":false},"excerpt":{"rendered":"<p>Toplumsal Katk\u0131 Komisyonu Prof. Dr. Ahmet KIZILTUN\u00c7\u00a0\u2013 Ba\u015fkan Prof. Dr. Fatma \u00c7A\u011eLAYAN\u00a0\u2013 Ba\u015fkan Yrd. Prof. Dr. Hilal \u00d6ZBEK\u00a0\u2013 \u00dcye \u2013 Enstit\u00fc M\u00fcd\u00fcr Yrd. Do\u00e7. Dr. Mehmet Cemal ADIG\u00dcZEL\u00a0\u2013 \u00dcye Prof. Dr. Mustafa Sinan AKTA\u015e\u00a0\u2013 \u00dcye Do\u00e7. Dr. Hasret YAL\u00c7IN\u00d6Z BAYSAL\u2013 \u00dcye Do\u00e7. Dr. Sibel \u00d6ZT\u00dcRK\u00a0\u2013 \u00dcye Do\u00e7. Dr. Afife B\u00fc\u015fra U\u011eUR KAPLAN\u00a0\u2013 \u00dcye Dr. \u00d6\u011fr. [&hellip;]<\/p>\n","protected":false},"author":632,"featured_media":0,"parent":0,"menu_order":0,"comment_status":"closed","ping_status":"closed","template":"elementor_header_footer","meta":{"footnotes":""},"class_list":["post-6752","page","type-page","status-publish","hentry"],"_links":{"self":[{"href":"https:\/\/atauni.edu.tr\/saglik-bilimleri-enstitusu\/wp-json\/wp\/v2\/pages\/6752","targetHints":{"allow":["GET"]}}],"collection":[{"href":"https:\/\/atauni.edu.tr\/saglik-bilimleri-enstitusu\/wp-json\/wp\/v2\/pages"}],"about":[{"href":"https:\/\/atauni.edu.tr\/saglik-bilimleri-enstitusu\/wp-json\/wp\/v2\/types\/page"}],"author":[{"embeddable":true,"href":"https:\/\/atauni.edu.tr\/saglik-bilimleri-enstitusu\/wp-json\/wp\/v2\/users\/632"}],"replies":[{"embeddable":true,"href":"https:\/\/atauni.edu.tr\/saglik-bilimleri-enstitusu\/wp-json\/wp\/v2\/comments?post=6752"}],"version-history":[{"count":22,"href":"https:\/\/atauni.edu.tr\/saglik-bilimleri-enstitusu\/wp-json\/wp\/v2\/pages\/6752\/revisions"}],"predecessor-version":[{"id":9411,"href":"https:\/\/atauni.edu.tr\/saglik-bilimleri-enstitusu\/wp-json\/wp\/v2\/pages\/6752\/revisions\/9411"}],"wp:attachment":[{"href":"https:\/\/atauni.edu.tr\/saglik-bilimleri-enstitusu\/wp-json\/wp\/v2\/media?parent=6752"}],"curies":[{"name":"wp","href":"https:\/\/api.w.org\/{rel}","templated":true}]}}