{"id":5774,"date":"2021-07-13T13:54:52","date_gmt":"2021-07-13T10:54:52","guid":{"rendered":"https:\/\/portaltest.atauni.edu.tr\/muhendislik-fakultesi\/?page_id=5774"},"modified":"2022-05-07T00:50:46","modified_gmt":"2022-05-06T21:50:46","slug":"tarihce","status":"publish","type":"page","link":"https:\/\/atauni.edu.tr\/saglik-bilimleri-fakultesi\/tarihce\/","title":{"rendered":"Tarih\u00e7e"},"content":{"rendered":"\t\t<div data-elementor-type=\"wp-page\" data-elementor-id=\"5774\" class=\"elementor elementor-5774\" data-elementor-post-type=\"page\">\n\t\t\t\t\t\t<section class=\"elementor-section elementor-top-section elementor-element elementor-element-46c2cb5d elementor-section-boxed elementor-section-height-default elementor-section-height-default\" data-id=\"46c2cb5d\" data-element_type=\"section\">\n\t\t\t\t\t\t<div class=\"elementor-container elementor-column-gap-default\">\n\t\t\t\t\t<div class=\"elementor-column elementor-col-100 elementor-top-column elementor-element elementor-element-299813e7\" data-id=\"299813e7\" data-element_type=\"column\">\n\t\t\t<div class=\"elementor-widget-wrap elementor-element-populated\">\n\t\t\t\t\t\t<div class=\"elementor-element elementor-element-3ec495a9 elementor-widget elementor-widget-heading\" data-id=\"3ec495a9\" data-element_type=\"widget\" data-widget_type=\"heading.default\">\n\t\t\t\t<div class=\"elementor-widget-container\">\n\t\t\t\t\t<h2 class=\"elementor-heading-title elementor-size-default\">Tarih\u00e7e<\/h2>\t\t\t\t<\/div>\n\t\t\t\t<\/div>\n\t\t\t\t<div class=\"elementor-element elementor-element-2092e3b3 elementor-widget-divider--view-line elementor-widget elementor-widget-divider\" data-id=\"2092e3b3\" data-element_type=\"widget\" data-widget_type=\"divider.default\">\n\t\t\t\t<div class=\"elementor-widget-container\">\n\t\t\t\t\t\t\t<div class=\"elementor-divider\">\n\t\t\t<span class=\"elementor-divider-separator\">\n\t\t\t\t\t\t<\/span>\n\t\t<\/div>\n\t\t\t\t\t\t<\/div>\n\t\t\t\t<\/div>\n\t\t\t\t\t<\/div>\n\t\t<\/div>\n\t\t\t\t\t<\/div>\n\t\t<\/section>\n\t\t\t\t<section class=\"elementor-section elementor-top-section elementor-element elementor-element-a00ea8d elementor-section-boxed elementor-section-height-default elementor-section-height-default\" data-id=\"a00ea8d\" data-element_type=\"section\">\n\t\t\t\t\t\t<div class=\"elementor-container elementor-column-gap-default\">\n\t\t\t\t\t<div class=\"elementor-column elementor-col-50 elementor-top-column elementor-element elementor-element-0ad1be4\" data-id=\"0ad1be4\" data-element_type=\"column\">\n\t\t\t<div class=\"elementor-widget-wrap elementor-element-populated\">\n\t\t\t\t\t\t<div class=\"elementor-element elementor-element-c133bed elementor-widget elementor-widget-text-editor\" data-id=\"c133bed\" data-element_type=\"widget\" data-widget_type=\"text-editor.default\">\n\t\t\t\t<div class=\"elementor-widget-container\">\n\t\t\t\t\t\t\t\t\t<p>Atat\u00fcrk \u00dcniversitesi Sa\u011fl\u0131k Bilimleri Fak\u00fcltesi 25.02.2009 tarihli Bakanlar Kurulu karar\u0131 ile kurulmu\u015ftur. Sa\u011fl\u0131k Bilimleri Fak\u00fcltesi Hem\u015firelik, Ebelik, Beslenme ve Diyetetik B\u00f6l\u00fcm\u00fc olmak \u00fczere \u00fc\u00e7 b\u00f6l\u00fcm ile a\u00e7\u0131lm\u0131\u015ft\u0131r.<\/p><p>Y\u00fcksek\u00f6\u011fretim Kurulu Ba\u015fkanl\u0131\u011f\u0131\u2019n\u0131n 11.06.2009 g\u00fcn ve 2631-17186 say\u0131l\u0131 karar\u0131 ile Hem\u015firelik Y\u00fcksekokulu ve Erzurum Sa\u011fl\u0131k Y\u00fcksekokulu \u00f6\u011frencileri mevcut programlar\u0131yla Sa\u011fl\u0131k Bilimleri Fak\u00fcltesine aktar\u0131lm\u0131\u015ft\u0131r. Bununla birlikte Hem\u015firelik Y\u00fcksekokulu ve Sa\u011fl\u0131k Y\u00fcksekokulu\u2019nun akademik ve idari personeli 02.09.2009 tarihinde Sa\u011fl\u0131k Bilimleri Fak\u00fcltesi\u2019ne aktar\u0131lm\u0131\u015ft\u0131r.<\/p><p>Daha sonra Y\u00fcksek\u00f6\u011fretim Kurulu Ba\u015fkanl\u0131\u011f\u0131\u2019n\u0131n 21.01.2016 tarihli karar\u0131 ile fak\u00fclte b\u00fcnyesinde \u00c7ocuk Geli\u015fimi ve Fizyoterapi ve Rehabilitasyon B\u00f6l\u00fcmleri a\u00e7\u0131lm\u0131\u015ft\u0131r.<\/p><p>Fak\u00fcltemizin hem\u015firelik b\u00f6l\u00fcm\u00fc 16.02.2016 tarihli Bakanlar Kurulu karar\u0131 ile Hem\u015firelik Fak\u00fcltesi\u2019ne d\u00f6n\u00fc\u015ft\u00fcr\u00fclm\u00fc\u015ft\u00fcr. Hem\u015firelik b\u00f6l\u00fcm\u00fc \u00f6\u011frencileri Hem\u015firelik Fak\u00fcltesi\u2019ne aktar\u0131lm\u0131\u015f, 03.02.2017\u2019de \u00f6\u011fretim elemanlar\u0131n\u0131n aktar\u0131m\u0131 s\u00fcreci tamamlanm\u0131\u015ft\u0131r.<\/p><p>\u015euan fak\u00fclte b\u00fcnyesinde, Ebelik, Beslenme ve Diyetetik, \u00c7ocuk Geli\u015fimi, Fizyoterapi ve Rehabilitasyon olmak \u00fczere d\u00f6rt b\u00f6l\u00fcm bulunmaktad\u0131r.<\/p>\t\t\t\t\t\t\t\t<\/div>\n\t\t\t\t<\/div>\n\t\t\t\t\t<\/div>\n\t\t<\/div>\n\t\t\t\t<div class=\"elementor-column elementor-col-50 elementor-top-column elementor-element elementor-element-67915d4\" data-id=\"67915d4\" data-element_type=\"column\">\n\t\t\t<div class=\"elementor-widget-wrap elementor-element-populated\">\n\t\t\t\t\t\t<div class=\"elementor-element elementor-element-2ef013f elementor-widget elementor-widget-image\" data-id=\"2ef013f\" data-element_type=\"widget\" data-widget_type=\"image.default\">\n\t\t\t\t<div class=\"elementor-widget-container\">\n\t\t\t\t\t\t\t\t\t\t\t\t\t\t\t<img fetchpriority=\"high\" decoding=\"async\" width=\"1024\" height=\"472\" src=\"https:\/\/atauni.edu.tr\/saglik-bilimleri-fakultesi\/wp-content\/uploads\/sites\/70\/2021\/11\/fakul-1-1024x472.jpg\" class=\"attachment-large size-large wp-image-7070\" alt=\"\" srcset=\"https:\/\/atauni.edu.tr\/saglik-bilimleri-fakultesi\/wp-content\/uploads\/sites\/70\/2021\/11\/fakul-1-1024x472.jpg 1024w, https:\/\/atauni.edu.tr\/saglik-bilimleri-fakultesi\/wp-content\/uploads\/sites\/70\/2021\/11\/fakul-1-300x138.jpg 300w, https:\/\/atauni.edu.tr\/saglik-bilimleri-fakultesi\/wp-content\/uploads\/sites\/70\/2021\/11\/fakul-1-768x354.jpg 768w, https:\/\/atauni.edu.tr\/saglik-bilimleri-fakultesi\/wp-content\/uploads\/sites\/70\/2021\/11\/fakul-1-600x277.jpg 600w, https:\/\/atauni.edu.tr\/saglik-bilimleri-fakultesi\/wp-content\/uploads\/sites\/70\/2021\/11\/fakul-1-560x258.jpg 560w, https:\/\/atauni.edu.tr\/saglik-bilimleri-fakultesi\/wp-content\/uploads\/sites\/70\/2021\/11\/fakul-1.jpg 1200w\" sizes=\"(max-width: 1024px) 100vw, 1024px\" \/>\t\t\t\t\t\t\t\t\t\t\t\t\t\t\t<\/div>\n\t\t\t\t<\/div>\n\t\t\t\t<div class=\"elementor-element elementor-element-f531381 elementor-widget elementor-widget-image\" data-id=\"f531381\" data-element_type=\"widget\" data-widget_type=\"image.default\">\n\t\t\t\t<div class=\"elementor-widget-container\">\n\t\t\t\t\t\t\t\t\t\t\t\t\t\t\t<img decoding=\"async\" width=\"400\" height=\"184\" src=\"https:\/\/atauni.edu.tr\/saglik-bilimleri-fakultesi\/wp-content\/uploads\/sites\/70\/2022\/05\/son.jpg\" class=\"attachment-large size-large wp-image-8361\" alt=\"\" srcset=\"https:\/\/atauni.edu.tr\/saglik-bilimleri-fakultesi\/wp-content\/uploads\/sites\/70\/2022\/05\/son.jpg 400w, https:\/\/atauni.edu.tr\/saglik-bilimleri-fakultesi\/wp-content\/uploads\/sites\/70\/2022\/05\/son-300x138.jpg 300w\" sizes=\"(max-width: 400px) 100vw, 400px\" \/>\t\t\t\t\t\t\t\t\t\t\t\t\t\t\t<\/div>\n\t\t\t\t<\/div>\n\t\t\t\t\t<\/div>\n\t\t<\/div>\n\t\t\t\t\t<\/div>\n\t\t<\/section>\n\t\t\t\t<\/div>\n\t\t","protected":false},"excerpt":{"rendered":"<p>Tarih\u00e7e Atat\u00fcrk \u00dcniversitesi Sa\u011fl\u0131k Bilimleri Fak\u00fcltesi 25.02.2009 tarihli Bakanlar Kurulu karar\u0131 ile kurulmu\u015ftur. Sa\u011fl\u0131k Bilimleri Fak\u00fcltesi Hem\u015firelik, Ebelik, Beslenme ve Diyetetik B\u00f6l\u00fcm\u00fc olmak \u00fczere \u00fc\u00e7 b\u00f6l\u00fcm ile a\u00e7\u0131lm\u0131\u015ft\u0131r. Y\u00fcksek\u00f6\u011fretim Kurulu Ba\u015fkanl\u0131\u011f\u0131\u2019n\u0131n 11.06.2009 g\u00fcn ve 2631-17186 say\u0131l\u0131 karar\u0131 ile Hem\u015firelik Y\u00fcksekokulu ve Erzurum Sa\u011fl\u0131k Y\u00fcksekokulu \u00f6\u011frencileri mevcut programlar\u0131yla Sa\u011fl\u0131k Bilimleri Fak\u00fcltesine aktar\u0131lm\u0131\u015ft\u0131r. Bununla birlikte Hem\u015firelik Y\u00fcksekokulu [&hellip;]<\/p>\n","protected":false},"author":1,"featured_media":0,"parent":0,"menu_order":0,"comment_status":"closed","ping_status":"closed","template":"elementor_header_footer","meta":{"footnotes":""},"class_list":["post-5774","page","type-page","status-publish","hentry"],"_links":{"self":[{"href":"https:\/\/atauni.edu.tr\/saglik-bilimleri-fakultesi\/wp-json\/wp\/v2\/pages\/5774","targetHints":{"allow":["GET"]}}],"collection":[{"href":"https:\/\/atauni.edu.tr\/saglik-bilimleri-fakultesi\/wp-json\/wp\/v2\/pages"}],"about":[{"href":"https:\/\/atauni.edu.tr\/saglik-bilimleri-fakultesi\/wp-json\/wp\/v2\/types\/page"}],"author":[{"embeddable":true,"href":"https:\/\/atauni.edu.tr\/saglik-bilimleri-fakultesi\/wp-json\/wp\/v2\/users\/1"}],"replies":[{"embeddable":true,"href":"https:\/\/atauni.edu.tr\/saglik-bilimleri-fakultesi\/wp-json\/wp\/v2\/comments?post=5774"}],"version-history":[{"count":32,"href":"https:\/\/atauni.edu.tr\/saglik-bilimleri-fakultesi\/wp-json\/wp\/v2\/pages\/5774\/revisions"}],"predecessor-version":[{"id":8367,"href":"https:\/\/atauni.edu.tr\/saglik-bilimleri-fakultesi\/wp-json\/wp\/v2\/pages\/5774\/revisions\/8367"}],"wp:attachment":[{"href":"https:\/\/atauni.edu.tr\/saglik-bilimleri-fakultesi\/wp-json\/wp\/v2\/media?parent=5774"}],"curies":[{"name":"wp","href":"https:\/\/api.w.org\/{rel}","templated":true}]}}