{"id":9124,"date":"2022-12-09T12:04:34","date_gmt":"2022-12-09T09:04:34","guid":{"rendered":"https:\/\/birimler.atauni.edu.tr\/saglik-bilimleri-fakultesi\/?page_id=9124"},"modified":"2024-01-22T11:20:36","modified_gmt":"2024-01-22T08:20:36","slug":"mezun-bilgi-sistemine-kayitli-ogrenci-sayilari","status":"publish","type":"page","link":"https:\/\/atauni.edu.tr\/saglik-bilimleri-fakultesi\/mezun-bilgi-sistemine-kayitli-ogrenci-sayilari\/","title":{"rendered":"Mezun Bilgi Sistemine Kay\u0131tl\u0131 \u00d6\u011frenci Say\u0131lar\u0131"},"content":{"rendered":"\t\t<div data-elementor-type=\"wp-page\" data-elementor-id=\"9124\" class=\"elementor elementor-9124\" data-elementor-post-type=\"page\">\n\t\t\t\t\t\t<section class=\"elementor-section elementor-top-section elementor-element elementor-element-6b5b3f49 elementor-section-boxed elementor-section-height-default elementor-section-height-default\" data-id=\"6b5b3f49\" data-element_type=\"section\">\n\t\t\t\t\t\t<div class=\"elementor-container elementor-column-gap-default\">\n\t\t\t\t\t<div class=\"elementor-column elementor-col-100 elementor-top-column elementor-element elementor-element-3263a0ac\" data-id=\"3263a0ac\" data-element_type=\"column\">\n\t\t\t<div class=\"elementor-widget-wrap elementor-element-populated\">\n\t\t\t\t\t\t<div class=\"elementor-element elementor-element-6bdd2ff1 elementor-widget elementor-widget-heading\" data-id=\"6bdd2ff1\" data-element_type=\"widget\" data-widget_type=\"heading.default\">\n\t\t\t\t<div class=\"elementor-widget-container\">\n\t\t\t\t\t<h2 class=\"elementor-heading-title elementor-size-default\">Mezun Bilgi Sistemine Kay\u0131tl\u0131 \u00d6\u011frenci Say\u0131lar\u0131<\/h2>\t\t\t\t<\/div>\n\t\t\t\t<\/div>\n\t\t\t\t<div class=\"elementor-element elementor-element-63bc698b elementor-widget-divider--view-line elementor-widget elementor-widget-divider\" data-id=\"63bc698b\" data-element_type=\"widget\" data-widget_type=\"divider.default\">\n\t\t\t\t<div class=\"elementor-widget-container\">\n\t\t\t\t\t\t\t<div class=\"elementor-divider\">\n\t\t\t<span class=\"elementor-divider-separator\">\n\t\t\t\t\t\t<\/span>\n\t\t<\/div>\n\t\t\t\t\t\t<\/div>\n\t\t\t\t<\/div>\n\t\t\t\t\t<\/div>\n\t\t<\/div>\n\t\t\t\t\t<\/div>\n\t\t<\/section>\n\t\t\t\t<section class=\"elementor-section elementor-top-section elementor-element elementor-element-5cba522 elementor-section-boxed elementor-section-height-default elementor-section-height-default\" data-id=\"5cba522\" data-element_type=\"section\">\n\t\t\t\t\t\t<div class=\"elementor-container elementor-column-gap-default\">\n\t\t\t\t\t<div class=\"elementor-column elementor-col-100 elementor-top-column elementor-element elementor-element-1f78e97\" data-id=\"1f78e97\" data-element_type=\"column\">\n\t\t\t<div class=\"elementor-widget-wrap elementor-element-populated\">\n\t\t\t\t\t\t<div class=\"elementor-element elementor-element-ebad9a2 elementor-widget elementor-widget-text-editor\" data-id=\"ebad9a2\" data-element_type=\"widget\" data-widget_type=\"text-editor.default\">\n\t\t\t\t<div class=\"elementor-widget-container\">\n\t\t\t\t\t\t\t\t\t<table style=\"height: 397px\" width=\"203\"><tbody><tr><td width=\"255\"><strong>B\u00d6L\u00dcM<\/strong><\/td><td style=\"text-align: center\" width=\"442\"><strong>MBS\u2019YE KAYITLI MEZUN SAYISI<\/strong><\/td><\/tr><tr><td width=\"255\"><strong>\u00c7ocuk Geli\u015fimi<\/strong><\/td><td style=\"text-align: center\" width=\"442\"><strong>12<\/strong><\/td><\/tr><tr><td width=\"255\"><strong>Beslenme ve Diyetetik<\/strong><\/td><td style=\"text-align: center\" width=\"442\"><strong>41<\/strong><\/td><\/tr><tr><td width=\"255\"><strong>Ebelik<\/strong><\/td><td width=\"442\"><p style=\"text-align: center\"><strong>39<\/strong><\/p><\/td><\/tr><\/tbody><\/table><p>Kariyer Merkezinden 09.12.2022 tarihinde Al\u0131nan Bilgiler Do\u011frultusunda G\u00fcncellenmi\u015ftir<\/p>\t\t\t\t\t\t\t\t<\/div>\n\t\t\t\t<\/div>\n\t\t\t\t\t<\/div>\n\t\t<\/div>\n\t\t\t\t\t<\/div>\n\t\t<\/section>\n\t\t\t\t<\/div>\n\t\t","protected":false},"excerpt":{"rendered":"<p>Mezun Bilgi Sistemine Kay\u0131tl\u0131 \u00d6\u011frenci Say\u0131lar\u0131 B\u00d6L\u00dcM MBS\u2019YE KAYITLI MEZUN SAYISI \u00c7ocuk Geli\u015fimi 12 Beslenme ve Diyetetik 41 Ebelik 39 Kariyer Merkezinden 09.12.2022 tarihinde Al\u0131nan Bilgiler Do\u011frultusunda G\u00fcncellenmi\u015ftir<\/p>\n","protected":false},"author":251,"featured_media":0,"parent":0,"menu_order":0,"comment_status":"closed","ping_status":"closed","template":"","meta":{"footnotes":""},"class_list":["post-9124","page","type-page","status-publish","hentry"],"_links":{"self":[{"href":"https:\/\/atauni.edu.tr\/saglik-bilimleri-fakultesi\/wp-json\/wp\/v2\/pages\/9124","targetHints":{"allow":["GET"]}}],"collection":[{"href":"https:\/\/atauni.edu.tr\/saglik-bilimleri-fakultesi\/wp-json\/wp\/v2\/pages"}],"about":[{"href":"https:\/\/atauni.edu.tr\/saglik-bilimleri-fakultesi\/wp-json\/wp\/v2\/types\/page"}],"author":[{"embeddable":true,"href":"https:\/\/atauni.edu.tr\/saglik-bilimleri-fakultesi\/wp-json\/wp\/v2\/users\/251"}],"replies":[{"embeddable":true,"href":"https:\/\/atauni.edu.tr\/saglik-bilimleri-fakultesi\/wp-json\/wp\/v2\/comments?post=9124"}],"version-history":[{"count":21,"href":"https:\/\/atauni.edu.tr\/saglik-bilimleri-fakultesi\/wp-json\/wp\/v2\/pages\/9124\/revisions"}],"predecessor-version":[{"id":9548,"href":"https:\/\/atauni.edu.tr\/saglik-bilimleri-fakultesi\/wp-json\/wp\/v2\/pages\/9124\/revisions\/9548"}],"wp:attachment":[{"href":"https:\/\/atauni.edu.tr\/saglik-bilimleri-fakultesi\/wp-json\/wp\/v2\/media?parent=9124"}],"curies":[{"name":"wp","href":"https:\/\/api.w.org\/{rel}","templated":true}]}}