{"id":6578,"date":"2021-12-07T15:11:26","date_gmt":"2021-12-07T12:11:26","guid":{"rendered":"https:\/\/birimler.atauni.edu.tr\/saglik-hizmetleri-meslek-yuksekokulu\/?page_id=6578"},"modified":"2024-12-26T11:14:48","modified_gmt":"2024-12-26T08:14:48","slug":"bolum-baskanliklari","status":"publish","type":"page","link":"https:\/\/atauni.edu.tr\/saglik-hizmetleri-meslek-yuksekokulu\/bolum-baskanliklari\/","title":{"rendered":"B\u00f6l\u00fcm Ba\u015fkanl\u0131klar\u0131"},"content":{"rendered":"\t\t<div data-elementor-type=\"wp-page\" data-elementor-id=\"6578\" class=\"elementor elementor-6578\" data-elementor-post-type=\"page\">\n\t\t\t\t\t\t<section class=\"elementor-section elementor-top-section elementor-element elementor-element-f37a615 elementor-section-boxed elementor-section-height-default elementor-section-height-default\" data-id=\"f37a615\" data-element_type=\"section\">\n\t\t\t\t\t\t<div class=\"elementor-container elementor-column-gap-default\">\n\t\t\t\t\t<div class=\"elementor-column elementor-col-100 elementor-top-column elementor-element elementor-element-0600370\" data-id=\"0600370\" data-element_type=\"column\">\n\t\t\t<div class=\"elementor-widget-wrap elementor-element-populated\">\n\t\t\t\t\t\t<div class=\"elementor-element elementor-element-14c9fbc elementor-widget elementor-widget-wp-widget-text\" data-id=\"14c9fbc\" data-element_type=\"widget\" data-widget_type=\"wp-widget-text.default\">\n\t\t\t\t<div class=\"elementor-widget-container\">\n\t\t\t\t\t\t\t\t<div class=\"textwidget\"><p><strong>TIBB\u0130 H\u0130ZMETLER VE TEKN\u0130KLER B\u00d6L\u00dcM\u00dc<br \/>\n<u>B\u00d6L\u00dcM BA\u015eKANI: Prof.Dr.Necati UTLU<br \/>\n<\/u><\/strong><\/p>\n<p>-Ameliyathane Hizmetleri<br \/>\n-Anestezi<br \/>\n-Diyaliz<br \/>\n-Elektron\u00f6rofizyoloji<br \/>\n-\u0130lk ve Acil Yard\u0131m<br \/>\n-Odyometri<br \/>\n-Ortopedik Protez-Ortez<br \/>\n-T\u0131bbi D\u00f6k\u00fcmantasyon ve Sekreterlik<br \/>\n-T\u0131bbi G\u00f6r\u00fcnt\u00fcleme Teknikleri<br \/>\n-T\u0131bbi Laboratuar Teknikleri<\/p>\n<p><strong>D\u0130\u015e\u00c7\u0130L\u0130K H\u0130ZMETLER\u0130 B\u00d6L\u00dcM\u00dc<br \/>\n<u>B\u00d6L\u00dcM BA\u015eKANI: Do\u00e7.Dr Fatma G\u00dcR<br \/>\n<\/u><\/strong>-Di\u015f Protez Teknolojisi<\/p>\n<p><strong>SA\u011eLIK BAKIM H\u0130ZMETLER\u0130 B\u00d6L\u00dcM\u00dc<br \/>\n<u>B\u00d6L\u00dcM BA\u015eKANI:Do\u00e7.Dr. G\u00fcl\u015fah YILDIZ DEN\u0130Z<br \/>\n<\/u><\/strong>-Ya\u015fl\u0131 Bak\u0131m\u0131<\/p>\n<p><strong>TERAP\u0130 VE REHAB\u0130L\u0130TASYON B\u00d6L\u00dcM\u00dc<br \/>\n<u>B\u00d6L\u00dcM BA\u015eKANI: Prof.Dr. Nimet\u00a0 Y\u0130G\u0130T (vekaleten)<br \/>\n<\/u><\/strong>-Fizyoterapi<br \/>\n-Engelli Bak\u0131m\u0131 ve Rehabilitasyon<\/p>\n<p><u><strong>ECZACILIK B\u00d6L\u00dcM\u00dc<br \/>\n<\/strong><\/u><strong>B\u00d6L\u00dcM BA\u015eKANI:Do\u00e7.Dr. Deniz \u00d6ZT\u00dcRK<\/strong><br \/>\n-Eczane Hizmetleri<\/p>\n<\/div>\n\t\t\t\t\t\t<\/div>\n\t\t\t\t<\/div>\n\t\t\t\t\t<\/div>\n\t\t<\/div>\n\t\t\t\t\t<\/div>\n\t\t<\/section>\n\t\t\t\t<\/div>\n\t\t","protected":false},"excerpt":{"rendered":"","protected":false},"author":258,"featured_media":0,"parent":0,"menu_order":0,"comment_status":"closed","ping_status":"closed","template":"","meta":{"footnotes":""},"class_list":["post-6578","page","type-page","status-publish","hentry"],"_links":{"self":[{"href":"https:\/\/atauni.edu.tr\/saglik-hizmetleri-meslek-yuksekokulu\/wp-json\/wp\/v2\/pages\/6578","targetHints":{"allow":["GET"]}}],"collection":[{"href":"https:\/\/atauni.edu.tr\/saglik-hizmetleri-meslek-yuksekokulu\/wp-json\/wp\/v2\/pages"}],"about":[{"href":"https:\/\/atauni.edu.tr\/saglik-hizmetleri-meslek-yuksekokulu\/wp-json\/wp\/v2\/types\/page"}],"author":[{"embeddable":true,"href":"https:\/\/atauni.edu.tr\/saglik-hizmetleri-meslek-yuksekokulu\/wp-json\/wp\/v2\/users\/258"}],"replies":[{"embeddable":true,"href":"https:\/\/atauni.edu.tr\/saglik-hizmetleri-meslek-yuksekokulu\/wp-json\/wp\/v2\/comments?post=6578"}],"version-history":[{"count":37,"href":"https:\/\/atauni.edu.tr\/saglik-hizmetleri-meslek-yuksekokulu\/wp-json\/wp\/v2\/pages\/6578\/revisions"}],"predecessor-version":[{"id":10454,"href":"https:\/\/atauni.edu.tr\/saglik-hizmetleri-meslek-yuksekokulu\/wp-json\/wp\/v2\/pages\/6578\/revisions\/10454"}],"wp:attachment":[{"href":"https:\/\/atauni.edu.tr\/saglik-hizmetleri-meslek-yuksekokulu\/wp-json\/wp\/v2\/media?parent=6578"}],"curies":[{"name":"wp","href":"https:\/\/api.w.org\/{rel}","templated":true}]}}