{"id":5682,"date":"2021-07-13T10:10:01","date_gmt":"2021-07-13T07:10:01","guid":{"rendered":"https:\/\/portaltest.atauni.edu.tr\/bilgisayar-muhendisligi\/?page_id=5682"},"modified":"2021-10-25T23:07:27","modified_gmt":"2021-10-25T20:07:27","slug":"misyon-vizyon-ve-temel-degerler","status":"publish","type":"page","link":"https:\/\/atauni.edu.tr\/saglik-kultur-ve-spor-daire-baskanligi\/misyon-vizyon-ve-temel-degerler\/","title":{"rendered":"Misyon, Vizyon ve Temel De\u011ferler"},"content":{"rendered":"\t\t<div data-elementor-type=\"wp-page\" data-elementor-id=\"5682\" class=\"elementor elementor-5682\" data-elementor-post-type=\"page\">\n\t\t\t\t\t\t<section class=\"elementor-section elementor-top-section elementor-element elementor-element-730d320 elementor-section-boxed elementor-section-height-default elementor-section-height-default\" data-id=\"730d320\" data-element_type=\"section\">\n\t\t\t\t\t\t<div class=\"elementor-container elementor-column-gap-default\">\n\t\t\t\t\t<div class=\"elementor-column elementor-col-100 elementor-top-column elementor-element elementor-element-753d0860\" data-id=\"753d0860\" data-element_type=\"column\">\n\t\t\t<div class=\"elementor-widget-wrap\">\n\t\t\t\t\t\t\t<\/div>\n\t\t<\/div>\n\t\t\t\t\t<\/div>\n\t\t<\/section>\n\t\t\t\t<section class=\"elementor-section elementor-top-section elementor-element elementor-element-9be811a elementor-section-boxed elementor-section-height-default elementor-section-height-default\" data-id=\"9be811a\" data-element_type=\"section\">\n\t\t\t\t\t\t<div class=\"elementor-container elementor-column-gap-default\">\n\t\t\t\t\t<div class=\"elementor-column elementor-col-100 elementor-top-column elementor-element elementor-element-1ed847b7\" data-id=\"1ed847b7\" data-element_type=\"column\">\n\t\t\t<div class=\"elementor-widget-wrap elementor-element-populated\">\n\t\t\t\t\t\t<div class=\"elementor-element elementor-element-4ce0d07f elementor-widget elementor-widget-heading\" data-id=\"4ce0d07f\" data-element_type=\"widget\" data-widget_type=\"heading.default\">\n\t\t\t\t<div class=\"elementor-widget-container\">\n\t\t\t\t\t<h2 class=\"elementor-heading-title elementor-size-default\">Misyon, Vizyon ve Temel De\u011ferler<\/h2>\t\t\t\t<\/div>\n\t\t\t\t<\/div>\n\t\t\t\t<div class=\"elementor-element elementor-element-63260862 elementor-widget-divider--view-line elementor-widget elementor-widget-divider\" data-id=\"63260862\" data-element_type=\"widget\" data-widget_type=\"divider.default\">\n\t\t\t\t<div class=\"elementor-widget-container\">\n\t\t\t\t\t\t\t<div class=\"elementor-divider\">\n\t\t\t<span class=\"elementor-divider-separator\">\n\t\t\t\t\t\t<\/span>\n\t\t<\/div>\n\t\t\t\t\t\t<\/div>\n\t\t\t\t<\/div>\n\t\t\t\t\t<\/div>\n\t\t<\/div>\n\t\t\t\t\t<\/div>\n\t\t<\/section>\n\t\t\t\t<section class=\"elementor-section elementor-top-section elementor-element elementor-element-681db8b elementor-section-boxed elementor-section-height-default elementor-section-height-default\" data-id=\"681db8b\" data-element_type=\"section\">\n\t\t\t\t\t\t<div class=\"elementor-container elementor-column-gap-default\">\n\t\t\t\t\t<div class=\"elementor-column elementor-col-100 elementor-top-column elementor-element elementor-element-ad4dac5\" data-id=\"ad4dac5\" data-element_type=\"column\">\n\t\t\t<div class=\"elementor-widget-wrap elementor-element-populated\">\n\t\t\t\t\t\t<div class=\"elementor-element elementor-element-2f96b3d elementor-widget elementor-widget-text-editor\" data-id=\"2f96b3d\" data-element_type=\"widget\" data-widget_type=\"text-editor.default\">\n\t\t\t\t<div class=\"elementor-widget-container\">\n\t\t\t\t\t\t\t\t\t<p><span style=\"text-decoration: underline;color: #999999\"><strong>Misyon<\/strong><\/span><\/p><p>\u00a0 \u00a0 \u00a0 \u00a0 T\u00fcm \u00f6\u011frencilerimize sosyal sorumluluk bilincini geli\u015ftirerek, ders d\u0131\u015f\u0131 zamanlar\u0131n\u0131 en iyi \u015fekilde de\u011ferlendirmeleri, yeni ilgi alanlar\u0131\u00a0 kazanmalar\u0131 i\u00e7in imkan sa\u011flanmas\u0131, \u00f6\u011frencilerimizin sosyal durumlar\u0131n\u0131n iyile\u015ftirilmesi, d\u00fczenli ve sa\u011fl\u0131kl\u0131 beslenmelerinin temini, yeteneklerinin ve ki\u015filiklerinin geli\u015fmesine imkan verecek hizmetlerin sunulmas\u0131, ruhsal ve bedensel sa\u011fl\u0131klar\u0131n\u0131 geli\u015ftirecek faaliyetlerle, d\u00fczenli ve disiplinli \u00e7al\u0131\u015fmalarla birlikte e\u011flenme ve dinlenme imkanlar\u0131 sa\u011flanarak, \u00fclkemiz ve \u015fehrimiz i\u00e7in kamu yarar\u0131 g\u00f6zeten \u00f6nc\u00fc \u00fcniversiteden \u00f6nc\u00fc bireyler yeti\u015fmesini sa\u011flamay\u0131 g\u00f6rev edinmi\u015ftir.<\/p><p><span style=\"color: #999999\"><strong><span style=\"text-decoration: underline\">Vizyon<\/span><\/strong><\/span><\/p><p>\u00a0 \u00a0 \u00a0 \u00a0 Ger\u00e7ekle\u015ftirilen t\u00fcm hizmet alanlar\u0131nda \u201chayat\u0131n hizmetinde, hep ileriye\u201d slogan\u0131n\u0131 \u015fiar edinerek \u00fcniversitemizin yeni ve \u00e7a\u011fda\u015f t\u00fcm bilgi teknolojilerini t\u00fcm \u00f6\u011frencilerimizin kullan\u0131m\u0131na sunarak spor, k\u00fclt\u00fcr,\u00a0 beslenme,\u00a0 vb. alanlarda hizmet kalitesini art\u0131ran bir birim olarak \u00fcniversitemizin tercih edilebilirli\u011fini en \u00fcst d\u00fczeye \u00e7\u0131karmak.<\/p><p><span style=\"text-decoration: underline;color: #999999\"><strong>Temel De\u011ferler<\/strong><\/span><\/p><ul><li>Atat\u00fcrk \u0130lke ve \u0130nk\u0131laplar\u0131na ba\u011fl\u0131 olmak<\/li><li>Kurallara ba\u011fl\u0131 olmak<\/li><li>Sorumluluk bilinci<\/li><li>Etik de\u011ferlere ba\u011fl\u0131 olmak<\/li><li>\u0130dealist olmak<\/li><li>Sayg\u0131l\u0131 olmak<\/li><li>\u00c7al\u0131\u015fkanl\u0131k<\/li><li>Liderlik<\/li><li>Liyakat<\/li><li>G\u00fcvenilirlik<\/li><li>D\u00fcr\u00fcstl\u00fck<\/li><li>\u0130\u015fbirli\u011fine a\u00e7\u0131k olmak<\/li><li>\u00d6zverili olmak<\/li><li>Adil olmak<\/li><li>Ak\u0131lc\u0131l\u0131k<\/li><li>\u00dcniversitemizin t\u00fcm de\u011ferlerini kabul etmek.<\/li><\/ul>\t\t\t\t\t\t\t\t<\/div>\n\t\t\t\t<\/div>\n\t\t\t\t\t<\/div>\n\t\t<\/div>\n\t\t\t\t\t<\/div>\n\t\t<\/section>\n\t\t\t\t<\/div>\n\t\t","protected":false},"excerpt":{"rendered":"<p>Misyon, Vizyon ve Temel De\u011ferler Misyon \u00a0 \u00a0 \u00a0 \u00a0 T\u00fcm \u00f6\u011frencilerimize sosyal sorumluluk bilincini geli\u015ftirerek, ders d\u0131\u015f\u0131 zamanlar\u0131n\u0131 en iyi \u015fekilde de\u011ferlendirmeleri, yeni ilgi alanlar\u0131\u00a0 kazanmalar\u0131 i\u00e7in imkan sa\u011flanmas\u0131, \u00f6\u011frencilerimizin sosyal durumlar\u0131n\u0131n iyile\u015ftirilmesi, d\u00fczenli ve sa\u011fl\u0131kl\u0131 beslenmelerinin temini, yeteneklerinin ve ki\u015filiklerinin geli\u015fmesine imkan verecek hizmetlerin sunulmas\u0131, ruhsal ve bedensel sa\u011fl\u0131klar\u0131n\u0131 geli\u015ftirecek faaliyetlerle, d\u00fczenli ve [&hellip;]<\/p>\n","protected":false},"author":1,"featured_media":0,"parent":0,"menu_order":0,"comment_status":"closed","ping_status":"closed","template":"elementor_header_footer","meta":{"footnotes":""},"class_list":["post-5682","page","type-page","status-publish","hentry"],"publishpress_future_action":{"enabled":false,"date":"2026-04-16 14:46:37","action":"change-status","newStatus":"draft","terms":[],"taxonomy":"","extraData":[]},"publishpress_future_workflow_manual_trigger":{"enabledWorkflows":[]},"_links":{"self":[{"href":"https:\/\/atauni.edu.tr\/saglik-kultur-ve-spor-daire-baskanligi\/wp-json\/wp\/v2\/pages\/5682","targetHints":{"allow":["GET"]}}],"collection":[{"href":"https:\/\/atauni.edu.tr\/saglik-kultur-ve-spor-daire-baskanligi\/wp-json\/wp\/v2\/pages"}],"about":[{"href":"https:\/\/atauni.edu.tr\/saglik-kultur-ve-spor-daire-baskanligi\/wp-json\/wp\/v2\/types\/page"}],"author":[{"embeddable":true,"href":"https:\/\/atauni.edu.tr\/saglik-kultur-ve-spor-daire-baskanligi\/wp-json\/wp\/v2\/users\/1"}],"replies":[{"embeddable":true,"href":"https:\/\/atauni.edu.tr\/saglik-kultur-ve-spor-daire-baskanligi\/wp-json\/wp\/v2\/comments?post=5682"}],"version-history":[{"count":23,"href":"https:\/\/atauni.edu.tr\/saglik-kultur-ve-spor-daire-baskanligi\/wp-json\/wp\/v2\/pages\/5682\/revisions"}],"predecessor-version":[{"id":8050,"href":"https:\/\/atauni.edu.tr\/saglik-kultur-ve-spor-daire-baskanligi\/wp-json\/wp\/v2\/pages\/5682\/revisions\/8050"}],"wp:attachment":[{"href":"https:\/\/atauni.edu.tr\/saglik-kultur-ve-spor-daire-baskanligi\/wp-json\/wp\/v2\/media?parent=5682"}],"curies":[{"name":"wp","href":"https:\/\/api.w.org\/{rel}","templated":true}]}}