{"id":5662,"date":"2021-07-13T10:01:45","date_gmt":"2021-07-13T07:01:45","guid":{"rendered":"https:\/\/portaltest.atauni.edu.tr\/bilgisayar-muhendisligi\/?page_id=5662"},"modified":"2025-06-17T13:00:28","modified_gmt":"2025-06-17T10:00:28","slug":"yonetim","status":"publish","type":"page","link":"https:\/\/atauni.edu.tr\/sahne-sanatlari-bolumu\/yonetim\/","title":{"rendered":"Y\u00f6netim"},"content":{"rendered":"\t\t<div data-elementor-type=\"wp-page\" data-elementor-id=\"5662\" class=\"elementor elementor-5662\" data-elementor-post-type=\"page\">\n\t\t\t\t\t\t<section class=\"elementor-section elementor-top-section elementor-element elementor-element-22b96024 elementor-section-boxed elementor-section-height-default elementor-section-height-default\" data-id=\"22b96024\" data-element_type=\"section\">\n\t\t\t\t\t\t<div class=\"elementor-container elementor-column-gap-default\">\n\t\t\t\t\t<div class=\"elementor-column elementor-col-100 elementor-top-column elementor-element elementor-element-5a1f7769\" data-id=\"5a1f7769\" data-element_type=\"column\">\n\t\t\t<div class=\"elementor-widget-wrap elementor-element-populated\">\n\t\t\t\t\t\t<div class=\"elementor-element elementor-element-3b3e2d4a elementor-widget elementor-widget-heading\" data-id=\"3b3e2d4a\" data-element_type=\"widget\" data-widget_type=\"heading.default\">\n\t\t\t\t<div class=\"elementor-widget-container\">\n\t\t\t\t\t<h2 class=\"elementor-heading-title elementor-size-default\">Y\u00f6netim<\/h2>\t\t\t\t<\/div>\n\t\t\t\t<\/div>\n\t\t\t\t<div class=\"elementor-element elementor-element-35223868 elementor-widget-divider--view-line elementor-widget elementor-widget-divider\" data-id=\"35223868\" data-element_type=\"widget\" data-widget_type=\"divider.default\">\n\t\t\t\t<div class=\"elementor-widget-container\">\n\t\t\t\t\t\t\t<div class=\"elementor-divider\">\n\t\t\t<span class=\"elementor-divider-separator\">\n\t\t\t\t\t\t<\/span>\n\t\t<\/div>\n\t\t\t\t\t\t<\/div>\n\t\t\t\t<\/div>\n\t\t\t\t\t<\/div>\n\t\t<\/div>\n\t\t\t\t\t<\/div>\n\t\t<\/section>\n\t\t\t\t<section class=\"elementor-section elementor-top-section elementor-element elementor-element-86cc66e elementor-section-boxed elementor-section-height-default elementor-section-height-default\" data-id=\"86cc66e\" data-element_type=\"section\">\n\t\t\t\t\t\t<div class=\"elementor-container elementor-column-gap-default\">\n\t\t\t\t\t<div class=\"elementor-column elementor-col-100 elementor-top-column elementor-element elementor-element-01faec7\" data-id=\"01faec7\" data-element_type=\"column\">\n\t\t\t<div class=\"elementor-widget-wrap\">\n\t\t\t\t\t\t\t<\/div>\n\t\t<\/div>\n\t\t\t\t\t<\/div>\n\t\t<\/section>\n\t\t\t\t<section class=\"elementor-section elementor-top-section elementor-element elementor-element-f313747 elementor-section-boxed elementor-section-height-default elementor-section-height-default\" data-id=\"f313747\" data-element_type=\"section\">\n\t\t\t\t\t\t<div class=\"elementor-container elementor-column-gap-default\">\n\t\t\t\t\t<div class=\"elementor-column elementor-col-100 elementor-top-column elementor-element elementor-element-e4b9094\" data-id=\"e4b9094\" data-element_type=\"column\">\n\t\t\t<div class=\"elementor-widget-wrap elementor-element-populated\">\n\t\t\t\t\t\t<div class=\"elementor-element elementor-element-6d3ee5d elementor-widget elementor-widget-shortcode\" data-id=\"6d3ee5d\" data-element_type=\"widget\" data-widget_type=\"shortcode.default\">\n\t\t\t\t<div class=\"elementor-widget-container\">\n\t\t\t\t\t\t\t<div class=\"elementor-shortcode\"><div class=\"accordion\" id=\"personel-kart\">\n              <div class=\"card p-liste\">\n        <div class=\"card-header\" id=\"p-0\">\n            <h2 class=\"mb-0\">\n                <button class=\"btn btn-link\" type=\"button\" data-toggle=\"collapse\" data-target=\"#k-0\" aria-expanded=\"false\" aria-controls=\"collapseOne\">\n                    <span class=\"unvan\">B\u00f6l\u00fcm Ba\u015fkan\u0131<\/span>\n                    Prof. Dr. B\u00fcnyamin Aydemir\n                <\/button>\n            <\/h2>\n        <\/div>\n\n        <div id=\"k-0\" class=\"collapse\" aria-labelledby=\"p-0\" data-parent=\"#personel-kart\">\n            <div class=\"card-body\">\n                <div class=\"row\">\n                    <div class=\"col-3 kart-resim\">\n                        <img decoding=\"async\" src=\"\/\/atauni.edu.tr\/resizer.php?w=189&amp;h=228&amp;zc=1&amp;src=\/uploads\/profilResimleriSha1\/9095242623ee0807b6c9495703de8659.png\" class=\"img-fluid\">\n                    <\/div>\n                    <div class=\"col-7\">\n                        <h3 class=\"kart-baslik kart-baslik-yonetim\">B\u00f6l\u00fcm Ba\u015fkan\u0131<\/h3>\n                        <div class=\"row\">\n                            <div class=\"ad-soyad\">Prof. Dr. B\u00fcnyamin Aydemir<\/div>\n                            <div class=\"birim\">Dramatik Yazarl\u0131k Anasanat Dal\u0131<\/div>\n                            <div class=\"bilgiler\"><strong>E-Posta:<\/strong> bunyamin.aydemir@atauni.edu.tr<\/div>\n                            <div class=\"bilgiler\"><strong>Profil:<\/strong> <a target=\"_blank\" href=\"http:\/\/avesis.atauni.edu.tr\/bunyamin.aydemir\">https:\/\/avesis.atauni.edu.tr\/bunyamin.aydemir<\/a><\/div>\n                            <div class=\"bilgiler\"><strong>Telefon:<\/strong> +90 442 231 (5013)<\/div>\n                            <div class=\"bilgiler\"><strong>Posta Adresi:<\/strong> <span class=\"posta\">Atat\u00fcrk \u00dcniversitesi G\u00fczel Sanatlar Fak\u00fcltesi 25240 Erzurum<\/span><\/div>\n                        <\/div>\n                    <\/div>\n                    <div class=\"col-10 kart-egitim\">\n                        <h3>E\u011fitim<\/h3>\n                        <ul>\n                            <li>Lisans, Atat\u00fcrk \u00dcniversitesi, Sahne Sanatlari B\u00f6l\u00fcm\u00fc, 1999<\/li>\n                            <li>Doktora, Dokuz Eyl\u00fcl \u00dcniversitesi, Sahne Sanatlari (Dr), 2010<\/li>\n                            <li>Y\u00fcksek Lisans, Atat\u00fcrk \u00dcniversitesi, , 2003<\/li>\n                        <\/ul>\n                    <\/div>\n                    <div class=\"col-2 qr\">\n                        <img decoding=\"async\" src=\"https:\/\/chart.googleapis.com\/chart?chs=100x100&amp;cht=qr&amp;chl=BEGIN:VCARD%0AVERSION:3.0%0ATITLE:%0AN:B\u00fcnyamin%20Aydemir%0ATEL;type=WORK:%2B904422315013%0AEMAIL:bunyamin.aydemir@atauni.edu.tr%0AEND:VCARD\" class=\"img-fluid qr\">\n                    <\/div>\n                <\/div>\n            <\/div>\n        <\/div>\n    <\/div>\n<\/div>\n\n                                <\/ul>\n                            <\/div>\n                            <div class=\"col-2 qr\">\n                            <\/div>\n                        <\/div>\n                    <\/div>\n                <\/div>\n            <\/div>\n        <\/div><\/div>\n\t\t\t\t\t\t<\/div>\n\t\t\t\t<\/div>\n\t\t\t\t\t<\/div>\n\t\t<\/div>\n\t\t\t\t\t<\/div>\n\t\t<\/section>\n\t\t\t\t<section class=\"elementor-section elementor-top-section elementor-element elementor-element-4fbd3c9 elementor-section-boxed elementor-section-height-default elementor-section-height-default\" data-id=\"4fbd3c9\" data-element_type=\"section\">\n\t\t\t\t\t\t<div class=\"elementor-container elementor-column-gap-default\">\n\t\t\t\t\t<div class=\"elementor-column elementor-col-100 elementor-top-column elementor-element elementor-element-7a61979\" data-id=\"7a61979\" data-element_type=\"column\">\n\t\t\t<div class=\"elementor-widget-wrap elementor-element-populated\">\n\t\t\t\t\t\t<div class=\"elementor-element elementor-element-bef2805 elementor-widget elementor-widget-spacer\" data-id=\"bef2805\" data-element_type=\"widget\" data-widget_type=\"spacer.default\">\n\t\t\t\t<div class=\"elementor-widget-container\">\n\t\t\t\t\t\t\t<div class=\"elementor-spacer\">\n\t\t\t<div class=\"elementor-spacer-inner\"><\/div>\n\t\t<\/div>\n\t\t\t\t\t\t<\/div>\n\t\t\t\t<\/div>\n\t\t\t\t\t<\/div>\n\t\t<\/div>\n\t\t\t\t\t<\/div>\n\t\t<\/section>\n\t\t\t\t<\/div>\n\t\t","protected":false},"excerpt":{"rendered":"<p>Y\u00f6netim B\u00f6l\u00fcm Ba\u015fkan\u0131 Prof. Dr. B\u00fcnyamin Aydemir B\u00f6l\u00fcm Ba\u015fkan\u0131 Prof. Dr. B\u00fcnyamin Aydemir Dramatik Yazarl\u0131k Anasanat Dal\u0131 E-Posta: bunyamin.aydemir@atauni.edu.tr Profil: https:\/\/avesis.atauni.edu.tr\/bunyamin.aydemir Telefon: +90 442 231 (5013) Posta Adresi: Atat\u00fcrk \u00dcniversitesi G\u00fczel Sanatlar Fak\u00fcltesi 25240 Erzurum E\u011fitim Lisans, Atat\u00fcrk \u00dcniversitesi, Sahne Sanatlari B\u00f6l\u00fcm\u00fc, 1999 Doktora, Dokuz Eyl\u00fcl \u00dcniversitesi, Sahne Sanatlari (Dr), 2010 Y\u00fcksek Lisans, Atat\u00fcrk \u00dcniversitesi, [&hellip;]<\/p>\n","protected":false},"author":1,"featured_media":0,"parent":0,"menu_order":0,"comment_status":"closed","ping_status":"closed","template":"elementor_header_footer","meta":{"footnotes":""},"class_list":["post-5662","page","type-page","status-publish","hentry"],"_links":{"self":[{"href":"https:\/\/atauni.edu.tr\/sahne-sanatlari-bolumu\/wp-json\/wp\/v2\/pages\/5662","targetHints":{"allow":["GET"]}}],"collection":[{"href":"https:\/\/atauni.edu.tr\/sahne-sanatlari-bolumu\/wp-json\/wp\/v2\/pages"}],"about":[{"href":"https:\/\/atauni.edu.tr\/sahne-sanatlari-bolumu\/wp-json\/wp\/v2\/types\/page"}],"author":[{"embeddable":true,"href":"https:\/\/atauni.edu.tr\/sahne-sanatlari-bolumu\/wp-json\/wp\/v2\/users\/1"}],"replies":[{"embeddable":true,"href":"https:\/\/atauni.edu.tr\/sahne-sanatlari-bolumu\/wp-json\/wp\/v2\/comments?post=5662"}],"version-history":[{"count":83,"href":"https:\/\/atauni.edu.tr\/sahne-sanatlari-bolumu\/wp-json\/wp\/v2\/pages\/5662\/revisions"}],"predecessor-version":[{"id":7225,"href":"https:\/\/atauni.edu.tr\/sahne-sanatlari-bolumu\/wp-json\/wp\/v2\/pages\/5662\/revisions\/7225"}],"wp:attachment":[{"href":"https:\/\/atauni.edu.tr\/sahne-sanatlari-bolumu\/wp-json\/wp\/v2\/media?parent=5662"}],"curies":[{"name":"wp","href":"https:\/\/api.w.org\/{rel}","templated":true}]}}