{"id":5638,"date":"2021-07-13T09:49:25","date_gmt":"2021-07-13T06:49:25","guid":{"rendered":"https:\/\/portaltest.atauni.edu.tr\/bilgisayar-muhendisligi\/?page_id=5638"},"modified":"2021-11-22T20:02:15","modified_gmt":"2021-11-22T17:02:15","slug":"tarihce","status":"publish","type":"page","link":"https:\/\/atauni.edu.tr\/sanat-tarihi\/tarihce\/","title":{"rendered":"Tarih\u00e7e"},"content":{"rendered":"\t\t<div data-elementor-type=\"wp-page\" data-elementor-id=\"5638\" class=\"elementor elementor-5638\" data-elementor-post-type=\"page\">\n\t\t\t\t\t\t<section class=\"elementor-section elementor-top-section elementor-element elementor-element-730d320 elementor-section-boxed elementor-section-height-default elementor-section-height-default\" data-id=\"730d320\" data-element_type=\"section\">\n\t\t\t\t\t\t<div class=\"elementor-container elementor-column-gap-default\">\n\t\t\t\t\t<div class=\"elementor-column elementor-col-100 elementor-top-column elementor-element elementor-element-753d0860\" data-id=\"753d0860\" data-element_type=\"column\">\n\t\t\t<div class=\"elementor-widget-wrap\">\n\t\t\t\t\t\t\t<\/div>\n\t\t<\/div>\n\t\t\t\t\t<\/div>\n\t\t<\/section>\n\t\t\t\t<section class=\"elementor-section elementor-top-section elementor-element elementor-element-9be811a elementor-section-boxed elementor-section-height-default elementor-section-height-default\" data-id=\"9be811a\" data-element_type=\"section\">\n\t\t\t\t\t\t<div class=\"elementor-container elementor-column-gap-default\">\n\t\t\t\t\t<div class=\"elementor-column elementor-col-100 elementor-top-column elementor-element elementor-element-1ed847b7\" data-id=\"1ed847b7\" data-element_type=\"column\">\n\t\t\t<div class=\"elementor-widget-wrap elementor-element-populated\">\n\t\t\t\t\t\t<div class=\"elementor-element elementor-element-4ce0d07f elementor-widget elementor-widget-heading\" data-id=\"4ce0d07f\" data-element_type=\"widget\" data-widget_type=\"heading.default\">\n\t\t\t\t<div class=\"elementor-widget-container\">\n\t\t\t\t\t<h2 class=\"elementor-heading-title elementor-size-default\">Tarih\u00e7e<\/h2>\t\t\t\t<\/div>\n\t\t\t\t<\/div>\n\t\t\t\t<div class=\"elementor-element elementor-element-63260862 elementor-widget-divider--view-line elementor-widget elementor-widget-divider\" data-id=\"63260862\" data-element_type=\"widget\" data-widget_type=\"divider.default\">\n\t\t\t\t<div class=\"elementor-widget-container\">\n\t\t\t\t\t\t\t<div class=\"elementor-divider\">\n\t\t\t<span class=\"elementor-divider-separator\">\n\t\t\t\t\t\t<\/span>\n\t\t<\/div>\n\t\t\t\t\t\t<\/div>\n\t\t\t\t<\/div>\n\t\t\t\t\t<\/div>\n\t\t<\/div>\n\t\t\t\t\t<\/div>\n\t\t<\/section>\n\t\t\t\t<section class=\"elementor-section elementor-top-section elementor-element elementor-element-681db8b elementor-section-boxed elementor-section-height-default elementor-section-height-default\" data-id=\"681db8b\" data-element_type=\"section\">\n\t\t\t\t\t\t<div class=\"elementor-container elementor-column-gap-default\">\n\t\t\t\t\t<div class=\"elementor-column elementor-col-100 elementor-top-column elementor-element elementor-element-ad4dac5\" data-id=\"ad4dac5\" data-element_type=\"column\">\n\t\t\t<div class=\"elementor-widget-wrap elementor-element-populated\">\n\t\t\t\t\t\t<div class=\"elementor-element elementor-element-2f96b3d elementor-widget elementor-widget-text-editor\" data-id=\"2f96b3d\" data-element_type=\"widget\" data-widget_type=\"text-editor.default\">\n\t\t\t\t<div class=\"elementor-widget-container\">\n\t\t\t\t\t\t\t\t\t<p>B\u00f6l\u00fcm\u00fcm\u00fcz Edebiyat Fak\u00fcltesi b\u00fcnyesinde Arkeoloji B\u00f6l\u00fcm\u00fc ad\u0131yla Temmuz 1973&#8217;te faaliyete ge\u00e7irilmi\u015f olup, hen\u00fcz kurulu\u015f a\u015famas\u0131nda oldu\u011fu i\u00e7in bir y\u0131l kadar b\u00f6l\u00fcm faaliyetleri yanl\u0131z ara\u015ft\u0131rmaya y\u00f6nelik olarak y\u00fcr\u00fct\u00fclm\u00fc\u015ft\u00fcr. 1975-76 \u00f6\u011fretim y\u0131l\u0131nda 65 \u00f6\u011frenci ve 5 ki\u015filik \u00f6\u011fretim eleman\u0131 kadrosu (Dr. Fahri I\u015eIK, Dr. Tomris BAKIR, Dr. Abdullah YAYLALI, Dr. Hayat ERKANAL ve Dr. G\u00fcven BAKIR) ile b\u00f6l\u00fcm\u00fcm\u00fcz e\u011fitim ve \u00f6\u011fretime ba\u015flam\u0131\u015ft\u0131r.<\/p><p><br>1976 y\u0131l\u0131nda Do\u00e7. Dr. Rahmi H\u00fcseyin \u00dcNAL&#8217;\u0131n \u00f6nerisi \u00fczerine \u00f6\u011fretim yapmak kay\u0131d\u0131 ile a\u00e7\u0131lan Sanat Tarihi B\u00f6l\u00fcm\u00fc, 1977-78 \u00f6\u011fretim y\u0131l\u0131nda Prof. Dr. Rahmi H\u00fcseyin \u00dcNAL, Dr. Zafer BAYBURTLUO\u011eLU ve Ar\u015f. G\u00f6r. Sel\u00e7uk M\u00dcLAY\u0130M&#8217;den olu\u015fan \u00f6\u011fretim kadrosu ile e\u011fitim ve \u00f6\u011fretime ge\u00e7mi\u015ftir.&nbsp;<span style=\"letter-spacing: 0px\">1978&#8217;de Prof. Dr. Rahmi H\u00fcseyin \u00dcNAL&#8217;\u0131n fak\u00fcltemizden ayr\u0131lmas\u0131ndan sonra b\u00f6l\u00fcm ba\u015fkanl\u0131\u011f\u0131 Do\u00e7. Dr. Fahri I\u015eIK taraf\u0131ndan devam ettirilmi\u015ftir.<\/span><\/p><p>2547 say\u0131l\u0131 Y\u00f6k yasas\u0131 ile ayr\u0131 ayr\u0131 \u00e7al\u0131\u015fma sahalar\u0131nda faaliyet g\u00f6steren bu iki b\u00f6l\u00fcm, &#8220;Arkeoloji ve Sanat Tarihi B\u00f6l\u00fcm\u00fc&#8221; ad\u0131 alt\u0131nda birle\u015ftirilmi\u015ftir. Y\u00d6K&#8217;\u00fcn 29.09.1982 g\u00fcn ve 3939 say\u0131l\u0131 yaz\u0131lar\u0131nda anabilim dal\u0131 belirtilmedi\u011finden ayr\u0131ca yine Y\u00d6K&#8217;\u00fcn 17.09.1982 g\u00fcn ve 3838 say\u0131l\u0131 yaz\u0131lar\u0131yla g\u00f6nderilen ders programlar\u0131nda anabilim dal\u0131 d\u00fczeyinde de\u011fil, ortak program\u0131n uygulanmas\u0131 \u00f6ng\u00f6r\u00fcld\u00fc\u011f\u00fcnden tek program benimsenmi\u015ftir. Ancak daha sonra b\u00f6l\u00fcm\u00fcm\u00fczde Arkeoloji, Klasik Arkeoloji Anabilim Dal\u0131nda; Sanat Tarihi ise T\u00fcrk \u0130slam Sanat\u0131 Anabilim Dal\u0131nda e\u011fitimini s\u00fcrd\u00fcrm\u00fc\u015ft\u00fcr.<\/p><p><br>Y\u00d6K&#8217;\u00fcn 23.12.1982 tarihli toplant\u0131s\u0131nda \u00fcniversitemiz Fen Edebiyat Fak\u00fcltesi Arkeoloji ve Sanat Tarihi B\u00f6l\u00fcm\u00fc b\u00fcnyesinde, Klasik Arkeoloji Anabilim Dal\u0131 ile Sanat Tarihi Anabilim Dal\u0131n\u0131n a\u00e7\u0131lmas\u0131na karar vermi\u015ftir.<\/p><p><br>Y\u00f6resel K\u00fclt\u00fcrlere a\u011f\u0131rl\u0131k verebilmek ve b\u00f6l\u00fcm\u00fcn \u00e7evreye y\u00f6nelik ara\u015ft\u0131rma ve inceleme faaliyetlerini art\u0131rmak amac\u0131yla, 1989 y\u0131l\u0131nda da &#8220;Protohistorya ve \u00d6n Asya Arkeolojisi Anabilim Dal\u0131&#8221; a\u00e7\u0131lm\u0131\u015ft\u0131r. Ancak eleman yetersizli\u011finden bu anabilim dal\u0131, e\u011fitim ve \u00f6\u011fretime ge\u00e7ememi\u015ftir.<\/p>\n<p><\/p>\t\t\t\t\t\t\t\t<\/div>\n\t\t\t\t<\/div>\n\t\t\t\t\t<\/div>\n\t\t<\/div>\n\t\t\t\t\t<\/div>\n\t\t<\/section>\n\t\t\t\t<\/div>\n\t\t","protected":false},"excerpt":{"rendered":"<p>Tarih\u00e7e B\u00f6l\u00fcm\u00fcm\u00fcz Edebiyat Fak\u00fcltesi b\u00fcnyesinde Arkeoloji B\u00f6l\u00fcm\u00fc ad\u0131yla Temmuz 1973&#8217;te faaliyete ge\u00e7irilmi\u015f olup, hen\u00fcz kurulu\u015f a\u015famas\u0131nda oldu\u011fu i\u00e7in bir y\u0131l kadar b\u00f6l\u00fcm faaliyetleri yanl\u0131z ara\u015ft\u0131rmaya y\u00f6nelik olarak y\u00fcr\u00fct\u00fclm\u00fc\u015ft\u00fcr. 1975-76 \u00f6\u011fretim y\u0131l\u0131nda 65 \u00f6\u011frenci ve 5 ki\u015filik \u00f6\u011fretim eleman\u0131 kadrosu (Dr. Fahri I\u015eIK, Dr. Tomris BAKIR, Dr. Abdullah YAYLALI, Dr. Hayat ERKANAL ve Dr. G\u00fcven BAKIR) [&hellip;]<\/p>\n","protected":false},"author":1,"featured_media":0,"parent":0,"menu_order":0,"comment_status":"closed","ping_status":"closed","template":"","meta":{"footnotes":""},"class_list":["post-5638","page","type-page","status-publish","hentry"],"_links":{"self":[{"href":"https:\/\/atauni.edu.tr\/sanat-tarihi\/wp-json\/wp\/v2\/pages\/5638","targetHints":{"allow":["GET"]}}],"collection":[{"href":"https:\/\/atauni.edu.tr\/sanat-tarihi\/wp-json\/wp\/v2\/pages"}],"about":[{"href":"https:\/\/atauni.edu.tr\/sanat-tarihi\/wp-json\/wp\/v2\/types\/page"}],"author":[{"embeddable":true,"href":"https:\/\/atauni.edu.tr\/sanat-tarihi\/wp-json\/wp\/v2\/users\/1"}],"replies":[{"embeddable":true,"href":"https:\/\/atauni.edu.tr\/sanat-tarihi\/wp-json\/wp\/v2\/comments?post=5638"}],"version-history":[{"count":31,"href":"https:\/\/atauni.edu.tr\/sanat-tarihi\/wp-json\/wp\/v2\/pages\/5638\/revisions"}],"predecessor-version":[{"id":6154,"href":"https:\/\/atauni.edu.tr\/sanat-tarihi\/wp-json\/wp\/v2\/pages\/5638\/revisions\/6154"}],"wp:attachment":[{"href":"https:\/\/atauni.edu.tr\/sanat-tarihi\/wp-json\/wp\/v2\/media?parent=5638"}],"curies":[{"name":"wp","href":"https:\/\/api.w.org\/{rel}","templated":true}]}}