{"id":6553,"date":"2021-12-09T19:49:07","date_gmt":"2021-12-09T16:49:07","guid":{"rendered":"https:\/\/birimler.atauni.edu.tr\/sanat-tarihi\/?page_id=6553"},"modified":"2026-04-09T13:46:02","modified_gmt":"2026-04-09T10:46:02","slug":"degisim-programlari","status":"publish","type":"page","link":"https:\/\/atauni.edu.tr\/sanat-tarihi\/degisim-programlari\/","title":{"rendered":"De\u011fi\u015fim Programlar\u0131"},"content":{"rendered":"\t\t<div data-elementor-type=\"wp-page\" data-elementor-id=\"6553\" class=\"elementor elementor-6553\" data-elementor-post-type=\"page\">\n\t\t\t\t\t\t<section class=\"elementor-section elementor-top-section elementor-element elementor-element-812d659 elementor-section-boxed elementor-section-height-default elementor-section-height-default\" data-id=\"812d659\" data-element_type=\"section\">\n\t\t\t\t\t\t<div class=\"elementor-container elementor-column-gap-default\">\n\t\t\t\t\t<div class=\"elementor-column elementor-col-100 elementor-top-column elementor-element elementor-element-be9e5c2\" data-id=\"be9e5c2\" data-element_type=\"column\">\n\t\t\t<div class=\"elementor-widget-wrap elementor-element-populated\">\n\t\t\t\t\t\t<div class=\"elementor-element elementor-element-5d19037 elementor-widget elementor-widget-image\" data-id=\"5d19037\" data-element_type=\"widget\" data-widget_type=\"image.default\">\n\t\t\t\t<div class=\"elementor-widget-container\">\n\t\t\t\t\t\t\t\t\t\t\t\t\t\t\t<img fetchpriority=\"high\" decoding=\"async\" width=\"1024\" height=\"318\" src=\"https:\/\/atauni.edu.tr\/sanat-tarihi\/wp-content\/uploads\/sites\/151\/2025\/11\/Ekran-goruntusu-2025-11-07-170403-1024x318.png\" class=\"attachment-large size-large wp-image-9666\" alt=\"\" srcset=\"https:\/\/atauni.edu.tr\/sanat-tarihi\/wp-content\/uploads\/sites\/151\/2025\/11\/Ekran-goruntusu-2025-11-07-170403-1024x318.png 1024w, https:\/\/atauni.edu.tr\/sanat-tarihi\/wp-content\/uploads\/sites\/151\/2025\/11\/Ekran-goruntusu-2025-11-07-170403-300x93.png 300w, https:\/\/atauni.edu.tr\/sanat-tarihi\/wp-content\/uploads\/sites\/151\/2025\/11\/Ekran-goruntusu-2025-11-07-170403-768x238.png 768w, https:\/\/atauni.edu.tr\/sanat-tarihi\/wp-content\/uploads\/sites\/151\/2025\/11\/Ekran-goruntusu-2025-11-07-170403-1536x477.png 1536w, https:\/\/atauni.edu.tr\/sanat-tarihi\/wp-content\/uploads\/sites\/151\/2025\/11\/Ekran-goruntusu-2025-11-07-170403-600x186.png 600w, https:\/\/atauni.edu.tr\/sanat-tarihi\/wp-content\/uploads\/sites\/151\/2025\/11\/Ekran-goruntusu-2025-11-07-170403-560x174.png 560w, https:\/\/atauni.edu.tr\/sanat-tarihi\/wp-content\/uploads\/sites\/151\/2025\/11\/Ekran-goruntusu-2025-11-07-170403.png 1772w\" sizes=\"(max-width: 1024px) 100vw, 1024px\" \/>\t\t\t\t\t\t\t\t\t\t\t\t\t\t\t<\/div>\n\t\t\t\t<\/div>\n\t\t\t\t<div class=\"elementor-element elementor-element-ac2db4d elementor-widget elementor-widget-image\" data-id=\"ac2db4d\" data-element_type=\"widget\" data-widget_type=\"image.default\">\n\t\t\t\t<div class=\"elementor-widget-container\">\n\t\t\t\t\t\t\t\t\t\t\t\t\t\t\t<img decoding=\"async\" width=\"1024\" height=\"324\" src=\"https:\/\/atauni.edu.tr\/sanat-tarihi\/wp-content\/uploads\/sites\/151\/2025\/11\/Ekran-goruntusu-2025-11-07-170344-1024x324.png\" class=\"attachment-large size-large wp-image-9665\" alt=\"\" srcset=\"https:\/\/atauni.edu.tr\/sanat-tarihi\/wp-content\/uploads\/sites\/151\/2025\/11\/Ekran-goruntusu-2025-11-07-170344-1024x324.png 1024w, https:\/\/atauni.edu.tr\/sanat-tarihi\/wp-content\/uploads\/sites\/151\/2025\/11\/Ekran-goruntusu-2025-11-07-170344-300x95.png 300w, https:\/\/atauni.edu.tr\/sanat-tarihi\/wp-content\/uploads\/sites\/151\/2025\/11\/Ekran-goruntusu-2025-11-07-170344-768x243.png 768w, https:\/\/atauni.edu.tr\/sanat-tarihi\/wp-content\/uploads\/sites\/151\/2025\/11\/Ekran-goruntusu-2025-11-07-170344-1536x486.png 1536w, https:\/\/atauni.edu.tr\/sanat-tarihi\/wp-content\/uploads\/sites\/151\/2025\/11\/Ekran-goruntusu-2025-11-07-170344-600x190.png 600w, https:\/\/atauni.edu.tr\/sanat-tarihi\/wp-content\/uploads\/sites\/151\/2025\/11\/Ekran-goruntusu-2025-11-07-170344-560x177.png 560w, https:\/\/atauni.edu.tr\/sanat-tarihi\/wp-content\/uploads\/sites\/151\/2025\/11\/Ekran-goruntusu-2025-11-07-170344.png 1680w\" sizes=\"(max-width: 1024px) 100vw, 1024px\" \/>\t\t\t\t\t\t\t\t\t\t\t\t\t\t\t<\/div>\n\t\t\t\t<\/div>\n\t\t\t\t<div class=\"elementor-element elementor-element-8f9cf76 elementor-widget elementor-widget-text-editor\" data-id=\"8f9cf76\" data-element_type=\"widget\" data-widget_type=\"text-editor.default\">\n\t\t\t\t<div class=\"elementor-widget-container\">\n\t\t\t\t\t\t\t\t\t<p>\u00dcniversitemizde aktif olarak Erasmus KA131, Erasmus KA171, Erasmus KA105-European Solidarity Corps (ESC) ve Orhun De\u011fi\u015fim Programlar\u0131 ile yurtd\u0131\u015f\u0131 hareketlilikleri ger\u00e7ekle\u015ftirilmektedir. Bu hareketlilikler hakk\u0131nda ayr\u0131nt\u0131l\u0131 bilgilere a\u015fa\u011f\u0131daki ba\u011flant\u0131lardan ula\u015fabilirsiniz.<\/p><p><blockquote class=\"wp-embedded-content\" data-secret=\"wkdXdE2f2G\"><a href=\"https:\/\/birimler.atauni.edu.tr\/dis-iliskiler-ofisi\/erasmus-bilgi\/\">Erasmus Bilgi<\/a><\/blockquote><iframe class=\"wp-embedded-content\" sandbox=\"allow-scripts\" security=\"restricted\" style=\"position: absolute; visibility: hidden;\" title=\"&#8220;Erasmus Bilgi&#8221; &#8212; D\u0131\u015f \u0130li\u015fkiler Ofisi\" src=\"https:\/\/birimler.atauni.edu.tr\/dis-iliskiler-ofisi\/erasmus-bilgi\/embed\/#?secret=PwyAwObYRR#?secret=wkdXdE2f2G\" data-secret=\"wkdXdE2f2G\" width=\"500\" height=\"282\" frameborder=\"0\" marginwidth=\"0\" marginheight=\"0\" scrolling=\"no\"><\/iframe><\/p><p><blockquote class=\"wp-embedded-content\" data-secret=\"DZCjSFI3n1\"><a href=\"https:\/\/birimler.atauni.edu.tr\/dis-iliskiler-ofisi\/orhun-bilgi\/\">Orhun Bilgi<\/a><\/blockquote><iframe class=\"wp-embedded-content\" sandbox=\"allow-scripts\" security=\"restricted\" style=\"position: absolute; visibility: hidden;\" title=\"&#8220;Orhun Bilgi&#8221; &#8212; D\u0131\u015f \u0130li\u015fkiler Ofisi\" src=\"https:\/\/birimler.atauni.edu.tr\/dis-iliskiler-ofisi\/orhun-bilgi\/embed\/#?secret=FbVYa751Mo#?secret=DZCjSFI3n1\" data-secret=\"DZCjSFI3n1\" width=\"500\" height=\"282\" frameborder=\"0\" marginwidth=\"0\" marginheight=\"0\" scrolling=\"no\"><\/iframe><\/p><p><blockquote class=\"wp-embedded-content\" data-secret=\"DyZNFGiG74\"><a href=\"https:\/\/birimler.atauni.edu.tr\/dis-iliskiler-ofisi\/esc-bilgi\/\">ESC Bilgi<\/a><\/blockquote><iframe class=\"wp-embedded-content\" sandbox=\"allow-scripts\" security=\"restricted\" style=\"position: absolute; visibility: hidden;\" title=\"&#8220;ESC Bilgi&#8221; &#8212; D\u0131\u015f \u0130li\u015fkiler Ofisi\" src=\"https:\/\/birimler.atauni.edu.tr\/dis-iliskiler-ofisi\/esc-bilgi\/embed\/#?secret=q7fbFYC9MH#?secret=DyZNFGiG74\" data-secret=\"DyZNFGiG74\" width=\"500\" height=\"282\" frameborder=\"0\" marginwidth=\"0\" marginheight=\"0\" scrolling=\"no\"><\/iframe><\/p><p>B\u00f6l\u00fcm\u00fcm\u00fcz\u00fcn Erasmus Anla\u015fmalar\u0131 hakk\u0131nda ayr\u0131nt\u0131l\u0131 bilgi almak i\u00e7in <a href=\"https:\/\/atauni.edu.tr\/sanat-tarihi\/erasmus-anlasmalari\/\">Erasmus Anla\u015fmalar\u0131<\/a> adresini ziyaret edebilirsiniz.<\/p><p>B\u00f6l\u00fcm\u00fcm\u00fczde daha \u00f6nce ger\u00e7ekle\u015ftirilen Erasmus Hareketlilikleri i\u00e7in <a href=\"https:\/\/atauni.edu.tr\/sanat-tarihi\/erasmus-hareketlilikleri\/\">Erasmus Hareketlilikleri<\/a> adresini ziyaret edebiliriniz.<\/p>\t\t\t\t\t\t\t\t<\/div>\n\t\t\t\t<\/div>\n\t\t\t\t\t<\/div>\n\t\t<\/div>\n\t\t\t\t\t<\/div>\n\t\t<\/section>\n\t\t\t\t<\/div>\n\t\t","protected":false},"excerpt":{"rendered":"<p>\u00dcniversitemizde aktif olarak Erasmus KA131, Erasmus KA171, Erasmus KA105-European Solidarity Corps (ESC) ve Orhun De\u011fi\u015fim Programlar\u0131 ile yurtd\u0131\u015f\u0131 hareketlilikleri ger\u00e7ekle\u015ftirilmektedir. Bu hareketlilikler hakk\u0131nda ayr\u0131nt\u0131l\u0131 bilgilere a\u015fa\u011f\u0131daki ba\u011flant\u0131lardan ula\u015fabilirsiniz. Erasmus Bilgi Orhun Bilgi ESC Bilgi B\u00f6l\u00fcm\u00fcm\u00fcz\u00fcn Erasmus Anla\u015fmalar\u0131 hakk\u0131nda ayr\u0131nt\u0131l\u0131 bilgi almak i\u00e7in Erasmus Anla\u015fmalar\u0131 adresini ziyaret edebilirsiniz. B\u00f6l\u00fcm\u00fcm\u00fczde daha \u00f6nce ger\u00e7ekle\u015ftirilen Erasmus Hareketlilikleri i\u00e7in Erasmus [&hellip;]<\/p>\n","protected":false},"author":136,"featured_media":0,"parent":0,"menu_order":0,"comment_status":"closed","ping_status":"closed","template":"","meta":{"footnotes":""},"class_list":["post-6553","page","type-page","status-publish","hentry"],"_links":{"self":[{"href":"https:\/\/atauni.edu.tr\/sanat-tarihi\/wp-json\/wp\/v2\/pages\/6553","targetHints":{"allow":["GET"]}}],"collection":[{"href":"https:\/\/atauni.edu.tr\/sanat-tarihi\/wp-json\/wp\/v2\/pages"}],"about":[{"href":"https:\/\/atauni.edu.tr\/sanat-tarihi\/wp-json\/wp\/v2\/types\/page"}],"author":[{"embeddable":true,"href":"https:\/\/atauni.edu.tr\/sanat-tarihi\/wp-json\/wp\/v2\/users\/136"}],"replies":[{"embeddable":true,"href":"https:\/\/atauni.edu.tr\/sanat-tarihi\/wp-json\/wp\/v2\/comments?post=6553"}],"version-history":[{"count":43,"href":"https:\/\/atauni.edu.tr\/sanat-tarihi\/wp-json\/wp\/v2\/pages\/6553\/revisions"}],"predecessor-version":[{"id":10471,"href":"https:\/\/atauni.edu.tr\/sanat-tarihi\/wp-json\/wp\/v2\/pages\/6553\/revisions\/10471"}],"wp:attachment":[{"href":"https:\/\/atauni.edu.tr\/sanat-tarihi\/wp-json\/wp\/v2\/media?parent=6553"}],"curies":[{"name":"wp","href":"https:\/\/api.w.org\/{rel}","templated":true}]}}