{"id":7650,"date":"2023-07-05T16:17:04","date_gmt":"2023-07-05T13:17:04","guid":{"rendered":"https:\/\/birimler.atauni.edu.tr\/sanat-tarihi\/?page_id=7650"},"modified":"2025-11-10T16:53:12","modified_gmt":"2025-11-10T13:53:12","slug":"kurullar","status":"publish","type":"page","link":"https:\/\/atauni.edu.tr\/sanat-tarihi\/kurullar\/","title":{"rendered":"Koordinat\u00f6rl\u00fckler ve Komisyonlar"},"content":{"rendered":"\n<div data-wp-interactive=\"core\/file\" class=\"wp-block-file\"><object data-wp-bind--hidden=\"!state.hasPdfPreview\" hidden class=\"wp-block-file__embed\" data=\"https:\/\/birimler.atauni.edu.tr\/sanat-tarihi\/wp-content\/uploads\/sites\/151\/2025\/11\/Bolum-Koordinator-ve-Komisyon-Listesi-Guncel.pdf\" type=\"application\/pdf\" style=\"width:100%;height:600px\" aria-label=\"B\u00f6l\u00fcm Koordinat\u00f6r ve Komisyon Listesi G\u00fcncel g\u00f6m\u00fcs\u00fc.\"><\/object><a id=\"wp-block-file--media-045d07ea-2f17-47c6-8dcf-d2130c240a26\" href=\"https:\/\/birimler.atauni.edu.tr\/sanat-tarihi\/wp-content\/uploads\/sites\/151\/2025\/11\/Bolum-Koordinator-ve-Komisyon-Listesi-Guncel.pdf\">B\u00f6l\u00fcm Koordinat\u00f6r ve Komisyon Listesi G\u00fcncel<\/a><a href=\"https:\/\/birimler.atauni.edu.tr\/sanat-tarihi\/wp-content\/uploads\/sites\/151\/2025\/11\/Bolum-Koordinator-ve-Komisyon-Listesi-Guncel.pdf\" class=\"wp-block-file__button wp-element-button\" download aria-describedby=\"wp-block-file--media-045d07ea-2f17-47c6-8dcf-d2130c240a26\">\u0130ndir<\/a><\/div>\n","protected":false},"excerpt":{"rendered":"","protected":false},"author":517,"featured_media":0,"parent":0,"menu_order":0,"comment_status":"closed","ping_status":"closed","template":"","meta":{"footnotes":""},"class_list":["post-7650","page","type-page","status-publish","hentry"],"_links":{"self":[{"href":"https:\/\/atauni.edu.tr\/sanat-tarihi\/wp-json\/wp\/v2\/pages\/7650","targetHints":{"allow":["GET"]}}],"collection":[{"href":"https:\/\/atauni.edu.tr\/sanat-tarihi\/wp-json\/wp\/v2\/pages"}],"about":[{"href":"https:\/\/atauni.edu.tr\/sanat-tarihi\/wp-json\/wp\/v2\/types\/page"}],"author":[{"embeddable":true,"href":"https:\/\/atauni.edu.tr\/sanat-tarihi\/wp-json\/wp\/v2\/users\/517"}],"replies":[{"embeddable":true,"href":"https:\/\/atauni.edu.tr\/sanat-tarihi\/wp-json\/wp\/v2\/comments?post=7650"}],"version-history":[{"count":3,"href":"https:\/\/atauni.edu.tr\/sanat-tarihi\/wp-json\/wp\/v2\/pages\/7650\/revisions"}],"predecessor-version":[{"id":9742,"href":"https:\/\/atauni.edu.tr\/sanat-tarihi\/wp-json\/wp\/v2\/pages\/7650\/revisions\/9742"}],"wp:attachment":[{"href":"https:\/\/atauni.edu.tr\/sanat-tarihi\/wp-json\/wp\/v2\/media?parent=7650"}],"curies":[{"name":"wp","href":"https:\/\/api.w.org\/{rel}","templated":true}]}}