{"id":9778,"date":"2025-11-10T18:03:42","date_gmt":"2025-11-10T15:03:42","guid":{"rendered":"https:\/\/birimler.atauni.edu.tr\/sanat-tarihi\/?page_id=9778"},"modified":"2025-11-10T18:03:59","modified_gmt":"2025-11-10T15:03:59","slug":"program-ogretim-amaclari-2","status":"publish","type":"page","link":"https:\/\/atauni.edu.tr\/sanat-tarihi\/program-ogretim-amaclari-2\/","title":{"rendered":"Program \u00d6\u011fretim Ama\u00e7lar\u0131 (P\u00d6A)"},"content":{"rendered":"\n<p><strong>P\u00d6A-1.<\/strong> Sanat Tarihiyle ilgili her alanda hizmet verebilecek bilgi, beceri ve tutumlara sahip,<\/p>\n\n\n\n<p><strong>P\u00d6A-2.<\/strong> Sanat Tarihi alan\u0131n\u0131n etik de\u011ferlerini \u00f6z\u00fcmseyerek yapaca\u011f\u0131 faaliyetlerde sosyal haklar\u0131n evrenselli\u011fine ve toplumsal sorumluluk bilincine sahip,<\/p>\n\n\n\n<p><strong>P\u00d6A-3.<\/strong> Ya\u015fam boyu \u00f6\u011frenmenin \u00f6nemini kavrayarak alan\u0131yla ilgili kar\u015f\u0131la\u015fabilece\u011fi sorunlara \u00e7\u00f6z\u00fcm \u00fcretebilen,<\/p>\n\n\n\n<p><strong>P\u00d6A-4.<\/strong> Sanat Tarihi alan\u0131 ile farkl\u0131 disiplinler aras\u0131nda ili\u015fki kurarak \u00e7al\u0131\u015fabilen,<\/p>\n\n\n\n<p><strong>P\u00d6A-5.<\/strong> Osmanl\u0131ca ve \u0130ngilizce dil becerilerini kullanarak alan\u0131ndaki bilgileri takip edebilen ve meslekta\u015flar\u0131yla ileti\u015fim kurabilen,<\/p>\n\n\n\n<p><strong>P\u00d6A-6.<\/strong>Sanat Tarihi alan\u0131na y\u00f6nelik bili\u015fim teknolojilerini kullanabilen,<\/p>\n\n\n\n<p><strong>P\u00d6A-7. <\/strong>Sanat Tarihi alan\u0131nda edindi\u011fi mesleki donan\u0131mla kamu ve \u00f6zel sekt\u00f6r taraf\u0131ndan tercih edilebilecek nitelikte bireyler yeti\u015ftirmektir.<\/p>\n","protected":false},"excerpt":{"rendered":"<p>P\u00d6A-1. Sanat Tarihiyle ilgili her alanda hizmet verebilecek bilgi, beceri ve tutumlara sahip, P\u00d6A-2. Sanat Tarihi alan\u0131n\u0131n etik de\u011ferlerini \u00f6z\u00fcmseyerek yapaca\u011f\u0131 faaliyetlerde sosyal haklar\u0131n evrenselli\u011fine ve toplumsal sorumluluk bilincine sahip, P\u00d6A-3. Ya\u015fam boyu \u00f6\u011frenmenin \u00f6nemini kavrayarak alan\u0131yla ilgili kar\u015f\u0131la\u015fabilece\u011fi sorunlara \u00e7\u00f6z\u00fcm \u00fcretebilen, P\u00d6A-4. Sanat Tarihi alan\u0131 ile farkl\u0131 disiplinler aras\u0131nda ili\u015fki kurarak \u00e7al\u0131\u015fabilen, P\u00d6A-5. Osmanl\u0131ca [&hellip;]<\/p>\n","protected":false},"author":617,"featured_media":0,"parent":0,"menu_order":0,"comment_status":"closed","ping_status":"closed","template":"","meta":{"footnotes":""},"class_list":["post-9778","page","type-page","status-publish","hentry"],"_links":{"self":[{"href":"https:\/\/atauni.edu.tr\/sanat-tarihi\/wp-json\/wp\/v2\/pages\/9778","targetHints":{"allow":["GET"]}}],"collection":[{"href":"https:\/\/atauni.edu.tr\/sanat-tarihi\/wp-json\/wp\/v2\/pages"}],"about":[{"href":"https:\/\/atauni.edu.tr\/sanat-tarihi\/wp-json\/wp\/v2\/types\/page"}],"author":[{"embeddable":true,"href":"https:\/\/atauni.edu.tr\/sanat-tarihi\/wp-json\/wp\/v2\/users\/617"}],"replies":[{"embeddable":true,"href":"https:\/\/atauni.edu.tr\/sanat-tarihi\/wp-json\/wp\/v2\/comments?post=9778"}],"version-history":[{"count":2,"href":"https:\/\/atauni.edu.tr\/sanat-tarihi\/wp-json\/wp\/v2\/pages\/9778\/revisions"}],"predecessor-version":[{"id":9780,"href":"https:\/\/atauni.edu.tr\/sanat-tarihi\/wp-json\/wp\/v2\/pages\/9778\/revisions\/9780"}],"wp:attachment":[{"href":"https:\/\/atauni.edu.tr\/sanat-tarihi\/wp-json\/wp\/v2\/media?parent=9778"}],"curies":[{"name":"wp","href":"https:\/\/api.w.org\/{rel}","templated":true}]}}