{"id":5682,"date":"2021-07-13T10:10:01","date_gmt":"2021-07-13T07:10:01","guid":{"rendered":"https:\/\/portaltest.atauni.edu.tr\/bilgisayar-muhendisligi\/?page_id=5682"},"modified":"2022-09-15T11:09:11","modified_gmt":"2022-09-15T08:09:11","slug":"misyon-vizyon-ve-temel-degerler","status":"publish","type":"page","link":"https:\/\/atauni.edu.tr\/sehir-ve-bolge-planlama-bolumu-4\/?page_id=5682","title":{"rendered":"Misyon, Vizyon ve Temel De\u011ferler"},"content":{"rendered":"\t\t<div data-elementor-type=\"wp-page\" data-elementor-id=\"5682\" class=\"elementor elementor-5682\" data-elementor-post-type=\"page\">\n\t\t\t\t\t\t<section class=\"elementor-section elementor-top-section elementor-element elementor-element-730d320 elementor-section-boxed elementor-section-height-default elementor-section-height-default\" data-id=\"730d320\" data-element_type=\"section\">\n\t\t\t\t\t\t<div class=\"elementor-container elementor-column-gap-default\">\n\t\t\t\t\t<div class=\"elementor-column elementor-col-100 elementor-top-column elementor-element elementor-element-753d0860\" data-id=\"753d0860\" data-element_type=\"column\">\n\t\t\t<div class=\"elementor-widget-wrap\">\n\t\t\t\t\t\t\t<\/div>\n\t\t<\/div>\n\t\t\t\t\t<\/div>\n\t\t<\/section>\n\t\t\t\t<section class=\"elementor-section elementor-top-section elementor-element elementor-element-9be811a elementor-section-boxed elementor-section-height-default elementor-section-height-default\" data-id=\"9be811a\" data-element_type=\"section\">\n\t\t\t\t\t\t<div class=\"elementor-container elementor-column-gap-default\">\n\t\t\t\t\t<div class=\"elementor-column elementor-col-100 elementor-top-column elementor-element elementor-element-1ed847b7\" data-id=\"1ed847b7\" data-element_type=\"column\">\n\t\t\t<div class=\"elementor-widget-wrap elementor-element-populated\">\n\t\t\t\t\t\t<div class=\"elementor-element elementor-element-4ce0d07f elementor-widget elementor-widget-heading\" data-id=\"4ce0d07f\" data-element_type=\"widget\" data-widget_type=\"heading.default\">\n\t\t\t\t<div class=\"elementor-widget-container\">\n\t\t\t\t\t<h2 class=\"elementor-heading-title elementor-size-default\">Misyon, Vizyon ve Temel De\u011ferler<\/h2>\t\t\t\t<\/div>\n\t\t\t\t<\/div>\n\t\t\t\t<div class=\"elementor-element elementor-element-63260862 elementor-widget-divider--view-line elementor-widget elementor-widget-divider\" data-id=\"63260862\" data-element_type=\"widget\" data-widget_type=\"divider.default\">\n\t\t\t\t<div class=\"elementor-widget-container\">\n\t\t\t\t\t\t\t<div class=\"elementor-divider\">\n\t\t\t<span class=\"elementor-divider-separator\">\n\t\t\t\t\t\t<\/span>\n\t\t<\/div>\n\t\t\t\t\t\t<\/div>\n\t\t\t\t<\/div>\n\t\t\t\t\t<\/div>\n\t\t<\/div>\n\t\t\t\t\t<\/div>\n\t\t<\/section>\n\t\t\t\t<section class=\"elementor-section elementor-top-section elementor-element elementor-element-681db8b elementor-section-boxed elementor-section-height-default elementor-section-height-default\" data-id=\"681db8b\" data-element_type=\"section\">\n\t\t\t\t\t\t<div class=\"elementor-container elementor-column-gap-default\">\n\t\t\t\t\t<div class=\"elementor-column elementor-col-100 elementor-top-column elementor-element elementor-element-ad4dac5\" data-id=\"ad4dac5\" data-element_type=\"column\">\n\t\t\t<div class=\"elementor-widget-wrap elementor-element-populated\">\n\t\t\t\t\t\t<div class=\"elementor-element elementor-element-2f96b3d elementor-widget elementor-widget-text-editor\" data-id=\"2f96b3d\" data-element_type=\"widget\" data-widget_type=\"text-editor.default\">\n\t\t\t\t<div class=\"elementor-widget-container\">\n\t\t\t\t\t\t\t\t\t<div>\n<h2>Vizyon<\/h2>\n<div><b>B\u00f6l\u00fcm\u00fcm\u00fcz\u00fcn vizyonu ilk olarak, \u00f6\u011frencilerin do\u011faya ve k\u00fclt\u00fcrel birikime duyarl\u0131, mevcut pratiklerin kavranarak gelecek \u00f6n g\u00f6r\u00fcs\u00fcn\u00fc kazand\u0131\u011f\u0131, ara\u015ft\u0131rma ve uygulama ekseninde bir e\u011fitimdir. Di\u011fer taraftan \u015eehir ve B\u00f6lge Planlama B\u00f6l\u00fcm\u00fc, b\u00f6lgenin kalk\u0131nmas\u0131n\u0131, kentin ekonomik, sosyal ve mek\u00e2nsal i\u015fleyi\u015fine katk\u0131 sunmay\u0131 ve b\u00f6lgesel akt\u00f6rler ile etkin ili\u015fkiler kurmay\u0131 hedeflemektedir. Ayr\u0131ca yenilik\u00e7i ve gen\u00e7 kadrosuyla toplumda ve bilim d\u00fcnyas\u0131nda aktif rol almak b\u00f6l\u00fcm\u00fcn vizyonlar\u0131 aras\u0131ndad\u0131r.<\/b><\/div>\n<\/div>\n<div>\n<h2>Misyon<\/h2>\n<div><b>B\u00f6l\u00fcm\u00fcm\u00fcz\u00fcn misyonu e\u011fitim s\u00fcrecinde \u00f6\u011frencileri yeterli kavramsal, teknik ve teknolojik bilgi birikimine ula\u015ft\u0131rmakt\u0131r. Ayr\u0131ca b\u00f6l\u00fcm\u00fcn temel misyonu, Do\u011fu Anadolu B\u00f6lgesi ba\u015fta olmak \u00fczere, b\u00f6lge \u00f6zelinde bilimsel \u00e7al\u0131\u015fmalar yapmak ve veri bankas\u0131 olu\u015fturarak toplum yarar\u0131na \u00e7al\u0131\u015fmalar \u00fcretmektir.<\/b><\/div>\n<\/div>\t\t\t\t\t\t\t\t<\/div>\n\t\t\t\t<\/div>\n\t\t\t\t\t<\/div>\n\t\t<\/div>\n\t\t\t\t\t<\/div>\n\t\t<\/section>\n\t\t\t\t<\/div>\n\t\t","protected":false},"excerpt":{"rendered":"<p>Misyon, Vizyon ve Temel De\u011ferler Vizyon B\u00f6l\u00fcm\u00fcm\u00fcz\u00fcn vizyonu ilk olarak, \u00f6\u011frencilerin do\u011faya ve k\u00fclt\u00fcrel birikime duyarl\u0131, mevcut pratiklerin kavranarak gelecek \u00f6n g\u00f6r\u00fcs\u00fcn\u00fc kazand\u0131\u011f\u0131, ara\u015ft\u0131rma ve uygulama ekseninde bir e\u011fitimdir. Di\u011fer taraftan \u015eehir ve B\u00f6lge Planlama B\u00f6l\u00fcm\u00fc, b\u00f6lgenin kalk\u0131nmas\u0131n\u0131, kentin ekonomik, sosyal ve mek\u00e2nsal i\u015fleyi\u015fine katk\u0131 sunmay\u0131 ve b\u00f6lgesel akt\u00f6rler ile etkin ili\u015fkiler kurmay\u0131 hedeflemektedir. Ayr\u0131ca [&hellip;]<\/p>\n","protected":false},"author":1,"featured_media":0,"parent":0,"menu_order":0,"comment_status":"closed","ping_status":"closed","template":"elementor_header_footer","meta":{"footnotes":""},"class_list":["post-5682","page","type-page","status-publish","hentry"],"_links":{"self":[{"href":"https:\/\/atauni.edu.tr\/sehir-ve-bolge-planlama-bolumu-4\/index.php?rest_route=\/wp\/v2\/pages\/5682","targetHints":{"allow":["GET"]}}],"collection":[{"href":"https:\/\/atauni.edu.tr\/sehir-ve-bolge-planlama-bolumu-4\/index.php?rest_route=\/wp\/v2\/pages"}],"about":[{"href":"https:\/\/atauni.edu.tr\/sehir-ve-bolge-planlama-bolumu-4\/index.php?rest_route=\/wp\/v2\/types\/page"}],"author":[{"embeddable":true,"href":"https:\/\/atauni.edu.tr\/sehir-ve-bolge-planlama-bolumu-4\/index.php?rest_route=\/wp\/v2\/users\/1"}],"replies":[{"embeddable":true,"href":"https:\/\/atauni.edu.tr\/sehir-ve-bolge-planlama-bolumu-4\/index.php?rest_route=%2Fwp%2Fv2%2Fcomments&post=5682"}],"version-history":[{"count":11,"href":"https:\/\/atauni.edu.tr\/sehir-ve-bolge-planlama-bolumu-4\/index.php?rest_route=\/wp\/v2\/pages\/5682\/revisions"}],"predecessor-version":[{"id":6291,"href":"https:\/\/atauni.edu.tr\/sehir-ve-bolge-planlama-bolumu-4\/index.php?rest_route=\/wp\/v2\/pages\/5682\/revisions\/6291"}],"wp:attachment":[{"href":"https:\/\/atauni.edu.tr\/sehir-ve-bolge-planlama-bolumu-4\/index.php?rest_route=%2Fwp%2Fv2%2Fmedia&parent=5682"}],"curies":[{"name":"wp","href":"https:\/\/api.w.org\/{rel}","templated":true}]}}