{"id":7025,"date":"2025-01-03T15:06:32","date_gmt":"2025-01-03T12:06:32","guid":{"rendered":"https:\/\/birimler.atauni.edu.tr\/sosyal-bilimler-enstitusu\/?page_id=7025"},"modified":"2025-03-19T22:03:46","modified_gmt":"2025-03-19T19:03:46","slug":"tezsiz-yuksek-lisans-programlari","status":"publish","type":"page","link":"https:\/\/atauni.edu.tr\/sosyal-bilimler-enstitusu\/tezsiz-yuksek-lisans-programlari\/","title":{"rendered":"Tezsiz Y\u00fcksek Lisans Programlar\u0131"},"content":{"rendered":"\t\t<div data-elementor-type=\"wp-page\" data-elementor-id=\"7025\" class=\"elementor elementor-7025\" data-elementor-post-type=\"page\">\n\t\t\t\t\t\t<section class=\"elementor-section elementor-top-section elementor-element elementor-element-051ed6a elementor-section-boxed elementor-section-height-default elementor-section-height-default\" data-id=\"051ed6a\" data-element_type=\"section\">\n\t\t\t\t\t\t<div class=\"elementor-container elementor-column-gap-default\">\n\t\t\t\t\t<div class=\"elementor-column elementor-col-100 elementor-top-column elementor-element elementor-element-a20b392\" data-id=\"a20b392\" data-element_type=\"column\">\n\t\t\t<div class=\"elementor-widget-wrap elementor-element-populated\">\n\t\t\t\t\t\t<div class=\"elementor-element elementor-element-91eb314 elementor-widget elementor-widget-accordion\" data-id=\"91eb314\" data-element_type=\"widget\" data-widget_type=\"accordion.default\">\n\t\t\t\t<div class=\"elementor-widget-container\">\n\t\t\t\t\t\t\t<div class=\"elementor-accordion\">\n\t\t\t\t\t\t\t<div class=\"elementor-accordion-item\">\n\t\t\t\t\t<div id=\"elementor-tab-title-1531\" class=\"elementor-tab-title\" data-tab=\"1\" role=\"button\" aria-controls=\"elementor-tab-content-1531\" aria-expanded=\"false\">\n\t\t\t\t\t\t\t\t\t\t\t\t\t<span class=\"elementor-accordion-icon elementor-accordion-icon-left\" aria-hidden=\"true\">\n\t\t\t\t\t\t\t\t\t\t\t\t\t\t\t<span class=\"elementor-accordion-icon-closed\"><i class=\"fas fa-plus\"><\/i><\/span>\n\t\t\t\t\t\t\t\t<span class=\"elementor-accordion-icon-opened\"><i class=\"fas fa-minus\"><\/i><\/span>\n\t\t\t\t\t\t\t\t\t\t\t\t\t\t<\/span>\n\t\t\t\t\t\t\t\t\t\t\t\t<a class=\"elementor-accordion-title\" tabindex=\"0\">Kamu Hukuku Anabilim Dal\u0131<\/a>\n\t\t\t\t\t<\/div>\n\t\t\t\t\t<div id=\"elementor-tab-content-1531\" class=\"elementor-tab-content elementor-clearfix\" data-tab=\"1\" role=\"region\" aria-labelledby=\"elementor-tab-title-1531\"><ul><li>G\u00fcvenlik ve Adli Bilimler Uzaktan E\u011fitim Tezsiz Y\u00fcksek Lisans Program\u0131<strong>\u00a0<\/strong><\/li><\/ul><\/div>\n\t\t\t\t<\/div>\n\t\t\t\t\t\t\t<div class=\"elementor-accordion-item\">\n\t\t\t\t\t<div id=\"elementor-tab-title-1532\" class=\"elementor-tab-title\" data-tab=\"2\" role=\"button\" aria-controls=\"elementor-tab-content-1532\" aria-expanded=\"false\">\n\t\t\t\t\t\t\t\t\t\t\t\t\t<span class=\"elementor-accordion-icon elementor-accordion-icon-left\" aria-hidden=\"true\">\n\t\t\t\t\t\t\t\t\t\t\t\t\t\t\t<span class=\"elementor-accordion-icon-closed\"><i class=\"fas fa-plus\"><\/i><\/span>\n\t\t\t\t\t\t\t\t<span class=\"elementor-accordion-icon-opened\"><i class=\"fas fa-minus\"><\/i><\/span>\n\t\t\t\t\t\t\t\t\t\t\t\t\t\t<\/span>\n\t\t\t\t\t\t\t\t\t\t\t\t<a class=\"elementor-accordion-title\" tabindex=\"0\">\u0130\u015fletme Anabilim Dal\u0131<\/a>\n\t\t\t\t\t<\/div>\n\t\t\t\t\t<div id=\"elementor-tab-content-1532\" class=\"elementor-tab-content elementor-clearfix\" data-tab=\"2\" role=\"region\" aria-labelledby=\"elementor-tab-title-1532\"><ul><li style=\"text-align: left\">\u0130\u015fletme (T\u00fcrk\u00e7e)\u00a0 Uzaktan E\u011fitim Tezsiz Y\u00fcksek Lisans Program\u0131<\/li><li style=\"text-align: left\">\u0130\u015fletme (\u0130ngilizce) Uzaktan E\u011fitim Tezsiz Y\u00fcksek Lisans Program\u0131<\/li><li style=\"text-align: left\">Pazarlama Uzaktan E\u011fitim Tezsiz Y\u00fcksek Lisans Program\u0131<\/li><li style=\"text-align: left\">Sa\u011fl\u0131k Y\u00f6netimi Uzaktan E\u011fitim Tezsiz Y\u00fcksek Lisans Program\u0131<\/li><li style=\"text-align: left\">Y\u00f6neticiler \u0130\u00e7in \u0130\u015fletme (T\u00fcrk\u00e7e) Uzaktan E\u011fitim Tezsiz Y\u00fcksek Lisans Program\u0131<\/li><\/ul><\/div>\n\t\t\t\t<\/div>\n\t\t\t\t\t\t\t\t<\/div>\n\t\t\t\t\t\t<\/div>\n\t\t\t\t<\/div>\n\t\t\t\t\t<\/div>\n\t\t<\/div>\n\t\t\t\t\t<\/div>\n\t\t<\/section>\n\t\t\t\t<\/div>\n\t\t","protected":false},"excerpt":{"rendered":"<p>Kamu Hukuku Anabilim Dal\u0131 G\u00fcvenlik ve Adli Bilimler Uzaktan E\u011fitim Tezsiz Y\u00fcksek Lisans Program\u0131\u00a0 \u0130\u015fletme Anabilim Dal\u0131 \u0130\u015fletme (T\u00fcrk\u00e7e)\u00a0 Uzaktan E\u011fitim Tezsiz Y\u00fcksek Lisans Program\u0131 \u0130\u015fletme (\u0130ngilizce) Uzaktan E\u011fitim Tezsiz Y\u00fcksek Lisans Program\u0131 Pazarlama Uzaktan E\u011fitim Tezsiz Y\u00fcksek Lisans Program\u0131 Sa\u011fl\u0131k Y\u00f6netimi Uzaktan E\u011fitim Tezsiz Y\u00fcksek Lisans Program\u0131 Y\u00f6neticiler \u0130\u00e7in \u0130\u015fletme (T\u00fcrk\u00e7e) Uzaktan E\u011fitim Tezsiz [&hellip;]<\/p>\n","protected":false},"author":632,"featured_media":0,"parent":0,"menu_order":0,"comment_status":"closed","ping_status":"closed","template":"","meta":{"footnotes":""},"class_list":["post-7025","page","type-page","status-publish","hentry"],"_links":{"self":[{"href":"https:\/\/atauni.edu.tr\/sosyal-bilimler-enstitusu\/wp-json\/wp\/v2\/pages\/7025","targetHints":{"allow":["GET"]}}],"collection":[{"href":"https:\/\/atauni.edu.tr\/sosyal-bilimler-enstitusu\/wp-json\/wp\/v2\/pages"}],"about":[{"href":"https:\/\/atauni.edu.tr\/sosyal-bilimler-enstitusu\/wp-json\/wp\/v2\/types\/page"}],"author":[{"embeddable":true,"href":"https:\/\/atauni.edu.tr\/sosyal-bilimler-enstitusu\/wp-json\/wp\/v2\/users\/632"}],"replies":[{"embeddable":true,"href":"https:\/\/atauni.edu.tr\/sosyal-bilimler-enstitusu\/wp-json\/wp\/v2\/comments?post=7025"}],"version-history":[{"count":16,"href":"https:\/\/atauni.edu.tr\/sosyal-bilimler-enstitusu\/wp-json\/wp\/v2\/pages\/7025\/revisions"}],"predecessor-version":[{"id":8775,"href":"https:\/\/atauni.edu.tr\/sosyal-bilimler-enstitusu\/wp-json\/wp\/v2\/pages\/7025\/revisions\/8775"}],"wp:attachment":[{"href":"https:\/\/atauni.edu.tr\/sosyal-bilimler-enstitusu\/wp-json\/wp\/v2\/media?parent=7025"}],"curies":[{"name":"wp","href":"https:\/\/api.w.org\/{rel}","templated":true}]}}