{"id":8894,"date":"2026-03-12T11:34:58","date_gmt":"2026-03-12T08:34:58","guid":{"rendered":"https:\/\/atauni.edu.tr\/sosyal-bilimler-meslek-yuksekokulu\/?page_id=8894"},"modified":"2026-03-12T11:53:17","modified_gmt":"2026-03-12T08:53:17","slug":"yonetim-kurulu","status":"publish","type":"page","link":"https:\/\/atauni.edu.tr\/sosyal-bilimler-meslek-yuksekokulu\/yonetim-kurulu\/","title":{"rendered":"Y\u00f6netim Kurulu"},"content":{"rendered":"\t\t<div data-elementor-type=\"wp-page\" data-elementor-id=\"8894\" class=\"elementor elementor-8894\" data-elementor-post-type=\"page\">\n\t\t\t\t\t\t<section class=\"elementor-section elementor-top-section elementor-element elementor-element-39aafb9 elementor-section-boxed elementor-section-height-default elementor-section-height-default\" data-id=\"39aafb9\" data-element_type=\"section\">\n\t\t\t\t\t\t<div class=\"elementor-container elementor-column-gap-default\">\n\t\t\t\t\t<div class=\"elementor-column elementor-col-100 elementor-top-column elementor-element elementor-element-a5e2b4b\" data-id=\"a5e2b4b\" data-element_type=\"column\">\n\t\t\t<div class=\"elementor-widget-wrap elementor-element-populated\">\n\t\t\t\t\t\t<div class=\"elementor-element elementor-element-476971a elementor-widget elementor-widget-text-editor\" data-id=\"476971a\" data-element_type=\"widget\" data-widget_type=\"text-editor.default\">\n\t\t\t\t<div class=\"elementor-widget-container\">\n\t\t\t\t\t\t\t\t\t<p>Prof. Dr. Mizrap POLAT<\/p><p>Do\u00e7 Dr. \u00d6zlem TOP\u00c7UO\u011eLU<\/p><p>Do\u00e7. Dr. Osman Cenk KANCA<\/p><p>Dr. \u00d6\u011fr. \u00dcyesi Bet\u00fcl B\u00fcladi \u00c7UBUK\u00c7U<\/p><p>Dr. \u00d6\u011fr. \u00dcyesi Fatmanur \u00c7\u0130MEN<\/p><p>\u00d6\u011fr. G\u00f6r. Ahmet L\u00fctfi BERKL\u0130<\/p><p>Y\u00fck. Sek. Nihat MAMU\u00c7<\/p>\t\t\t\t\t\t\t\t<\/div>\n\t\t\t\t<\/div>\n\t\t\t\t\t<\/div>\n\t\t<\/div>\n\t\t\t\t\t<\/div>\n\t\t<\/section>\n\t\t\t\t<\/div>\n\t\t","protected":false},"excerpt":{"rendered":"<p>Prof. Dr. Mizrap POLAT Do\u00e7 Dr. \u00d6zlem TOP\u00c7UO\u011eLU Do\u00e7. Dr. Osman Cenk KANCA Dr. \u00d6\u011fr. \u00dcyesi Bet\u00fcl B\u00fcladi \u00c7UBUK\u00c7U Dr. \u00d6\u011fr. \u00dcyesi Fatmanur \u00c7\u0130MEN \u00d6\u011fr. G\u00f6r. Ahmet L\u00fctfi BERKL\u0130 Y\u00fck. Sek. Nihat MAMU\u00c7<\/p>\n","protected":false},"author":639,"featured_media":0,"parent":0,"menu_order":0,"comment_status":"closed","ping_status":"closed","template":"","meta":{"footnotes":""},"class_list":["post-8894","page","type-page","status-publish","hentry"],"_links":{"self":[{"href":"https:\/\/atauni.edu.tr\/sosyal-bilimler-meslek-yuksekokulu\/wp-json\/wp\/v2\/pages\/8894","targetHints":{"allow":["GET"]}}],"collection":[{"href":"https:\/\/atauni.edu.tr\/sosyal-bilimler-meslek-yuksekokulu\/wp-json\/wp\/v2\/pages"}],"about":[{"href":"https:\/\/atauni.edu.tr\/sosyal-bilimler-meslek-yuksekokulu\/wp-json\/wp\/v2\/types\/page"}],"author":[{"embeddable":true,"href":"https:\/\/atauni.edu.tr\/sosyal-bilimler-meslek-yuksekokulu\/wp-json\/wp\/v2\/users\/639"}],"replies":[{"embeddable":true,"href":"https:\/\/atauni.edu.tr\/sosyal-bilimler-meslek-yuksekokulu\/wp-json\/wp\/v2\/comments?post=8894"}],"version-history":[{"count":4,"href":"https:\/\/atauni.edu.tr\/sosyal-bilimler-meslek-yuksekokulu\/wp-json\/wp\/v2\/pages\/8894\/revisions"}],"predecessor-version":[{"id":8904,"href":"https:\/\/atauni.edu.tr\/sosyal-bilimler-meslek-yuksekokulu\/wp-json\/wp\/v2\/pages\/8894\/revisions\/8904"}],"wp:attachment":[{"href":"https:\/\/atauni.edu.tr\/sosyal-bilimler-meslek-yuksekokulu\/wp-json\/wp\/v2\/media?parent=8894"}],"curies":[{"name":"wp","href":"https:\/\/api.w.org\/{rel}","templated":true}]}}