{"id":5791,"date":"2021-07-13T13:07:15","date_gmt":"2021-07-13T10:07:15","guid":{"rendered":"https:\/\/portaltest.atauni.edu.tr\/bilgisayar-muhendisligi\/?page_id=5791"},"modified":"2025-04-30T13:54:51","modified_gmt":"2025-04-30T10:54:51","slug":"staj","status":"publish","type":"page","link":"https:\/\/atauni.edu.tr\/sosyal-hizmet-bolumu-2\/staj\/","title":{"rendered":"Staj"},"content":{"rendered":"\t\t<div data-elementor-type=\"wp-page\" data-elementor-id=\"5791\" class=\"elementor elementor-5791\" data-elementor-post-type=\"page\">\n\t\t\t\t\t\t<section class=\"elementor-section elementor-top-section elementor-element elementor-element-730d320 elementor-section-boxed elementor-section-height-default elementor-section-height-default\" data-id=\"730d320\" data-element_type=\"section\">\n\t\t\t\t\t\t<div class=\"elementor-container elementor-column-gap-default\">\n\t\t\t\t\t<div class=\"elementor-column elementor-col-100 elementor-top-column elementor-element elementor-element-753d0860\" data-id=\"753d0860\" data-element_type=\"column\">\n\t\t\t<div class=\"elementor-widget-wrap\">\n\t\t\t\t\t\t\t<\/div>\n\t\t<\/div>\n\t\t\t\t\t<\/div>\n\t\t<\/section>\n\t\t\t\t<section class=\"elementor-section elementor-top-section elementor-element elementor-element-9be811a elementor-section-boxed elementor-section-height-default elementor-section-height-default\" data-id=\"9be811a\" data-element_type=\"section\">\n\t\t\t\t\t\t<div class=\"elementor-container elementor-column-gap-default\">\n\t\t\t\t\t<div class=\"elementor-column elementor-col-100 elementor-top-column elementor-element elementor-element-1ed847b7\" data-id=\"1ed847b7\" data-element_type=\"column\">\n\t\t\t<div class=\"elementor-widget-wrap elementor-element-populated\">\n\t\t\t\t\t\t<div class=\"elementor-element elementor-element-4ce0d07f elementor-widget elementor-widget-heading\" data-id=\"4ce0d07f\" data-element_type=\"widget\" data-widget_type=\"heading.default\">\n\t\t\t\t<div class=\"elementor-widget-container\">\n\t\t\t\t\t<h2 class=\"elementor-heading-title elementor-size-default\">Staj<\/h2>\t\t\t\t<\/div>\n\t\t\t\t<\/div>\n\t\t\t\t<div class=\"elementor-element elementor-element-63260862 elementor-widget-divider--view-line elementor-widget elementor-widget-divider\" data-id=\"63260862\" data-element_type=\"widget\" data-widget_type=\"divider.default\">\n\t\t\t\t<div class=\"elementor-widget-container\">\n\t\t\t\t\t\t\t<div class=\"elementor-divider\">\n\t\t\t<span class=\"elementor-divider-separator\">\n\t\t\t\t\t\t<\/span>\n\t\t<\/div>\n\t\t\t\t\t\t<\/div>\n\t\t\t\t<\/div>\n\t\t\t\t\t<\/div>\n\t\t<\/div>\n\t\t\t\t\t<\/div>\n\t\t<\/section>\n\t\t\t\t<section class=\"elementor-section elementor-top-section elementor-element elementor-element-4c5c6cc elementor-section-boxed elementor-section-height-default elementor-section-height-default\" data-id=\"4c5c6cc\" data-element_type=\"section\">\n\t\t\t\t\t\t<div class=\"elementor-container elementor-column-gap-default\">\n\t\t\t\t\t<div class=\"elementor-column elementor-col-100 elementor-top-column elementor-element elementor-element-23d9c60\" data-id=\"23d9c60\" data-element_type=\"column\">\n\t\t\t<div class=\"elementor-widget-wrap elementor-element-populated\">\n\t\t\t\t\t\t<div class=\"elementor-element elementor-element-cdebf79 elementor-widget elementor-widget-text-editor\" data-id=\"cdebf79\" data-element_type=\"widget\" data-widget_type=\"text-editor.default\">\n\t\t\t\t<div class=\"elementor-widget-container\">\n\t\t\t\t\t\t\t\t\t<h3 class=\"\" data-start=\"211\" data-end=\"247\"><strong data-start=\"218\" data-end=\"247\">1. Alan Uygulamas\u0131 (Staj)<\/strong><\/h3><ul data-start=\"248\" data-end=\"762\"><li class=\"\" data-start=\"248\" data-end=\"293\"><p class=\"\" data-start=\"250\" data-end=\"293\"><strong data-start=\"250\" data-end=\"293\">Y\u0131l boyunca s\u00fcrer (g\u00fcz + bahar d\u00f6nemi).<\/strong><\/p><\/li><li class=\"\" data-start=\"294\" data-end=\"492\"><p class=\"\" data-start=\"296\" data-end=\"492\">\u00d6\u011frenciler kamu kurumlar\u0131 (Sosyal Hizmet Merkezi, Aile ve Sosyal Hizmetler \u0130l M\u00fcd\u00fcrl\u00fc\u011f\u00fc, hastaneler, adliyeler, huzurevleri, \u00c7ocuk Esirgeme Kurumu vb.) veya sivil toplum kurulu\u015flar\u0131nda g\u00f6rev al\u0131r.<\/p><\/li><li class=\"\" data-start=\"493\" data-end=\"559\"><p class=\"\" data-start=\"495\" data-end=\"559\">Haftada 2\u20133 g\u00fcn kuruma giderler (\u00fcniversiteye g\u00f6re de\u011fi\u015febilir).<\/p><\/li><li class=\"\" data-start=\"560\" data-end=\"688\"><p class=\"\" data-start=\"562\" data-end=\"688\">\u00d6\u011frenci, bir s\u00fcperviz\u00f6r (rehber sosyal hizmet uzman\u0131) e\u015fli\u011finde vaka \u00e7al\u0131\u015fmalar\u0131, grup \u00e7al\u0131\u015fmalar\u0131, kurum i\u00e7i g\u00f6zlemler yapar.<\/p><\/li><li class=\"\" data-start=\"689\" data-end=\"762\"><p class=\"\" data-start=\"691\" data-end=\"762\">Uygulama sonunda <strong data-start=\"708\" data-end=\"724\">staj dosyas\u0131<\/strong> haz\u0131rlan\u0131r ve de\u011ferlendirmeye al\u0131n\u0131r.<\/p><\/li><\/ul><h3 class=\"\" data-start=\"764\" data-end=\"795\">\ud83d\udd39 <strong data-start=\"771\" data-end=\"795\">2. S\u00fcpervizyon Dersi<\/strong><\/h3><ul data-start=\"796\" data-end=\"989\"><li class=\"\" data-start=\"796\" data-end=\"910\"><p class=\"\" data-start=\"798\" data-end=\"910\">\u00d6\u011frenciler, uygulama s\u00fcrecinde ya\u015fad\u0131klar\u0131 deneyimleri bir \u00f6\u011fretim \u00fcyesi rehberli\u011finde s\u0131n\u0131f ortam\u0131nda tart\u0131\u015f\u0131r.<\/p><\/li><li class=\"\" data-start=\"911\" data-end=\"989\"><p class=\"\" data-start=\"913\" data-end=\"989\">Uygulamada kar\u015f\u0131la\u015f\u0131lan sorunlar, etik ikilemler ve y\u00f6ntemler analiz edilir.<\/p><\/li><\/ul><h3 class=\"\" data-start=\"991\" data-end=\"1058\">\ud83d\udd39 <strong data-start=\"998\" data-end=\"1058\">3. Bitirme Projesi \/ Tezi (Baz\u0131 \u00fcniversitelerde zorunlu)<\/strong><\/h3><ul data-start=\"1059\" data-end=\"1240\"><li class=\"\" data-start=\"1059\" data-end=\"1122\"><p class=\"\" data-start=\"1061\" data-end=\"1122\">Belirli bir sosyal hizmet konusuyla ilgili ara\u015ft\u0131rma yap\u0131l\u0131r.<\/p><\/li><li class=\"\" data-start=\"1123\" data-end=\"1178\"><p class=\"\" data-start=\"1125\" data-end=\"1178\">Uygulama temelli ya da kuramsal bir \u00e7al\u0131\u015fma olabilir.<\/p><\/li><li class=\"\" data-start=\"1179\" data-end=\"1240\"><p class=\"\" data-start=\"1181\" data-end=\"1240\">Dan\u0131\u015fman \u00f6\u011fretim \u00fcyesi e\u015fli\u011finde yaz\u0131l\u0131r ve sunumu yap\u0131l\u0131r.<\/p><\/li><\/ul><h3 class=\"\" data-start=\"1242\" data-end=\"1263\">\ud83d\udd39 <strong data-start=\"1249\" data-end=\"1263\">4. Dersler<\/strong><\/h3><ul data-start=\"1264\" data-end=\"1447\"><li class=\"\" data-start=\"1264\" data-end=\"1321\"><p class=\"\" data-start=\"1266\" data-end=\"1321\">Genelde say\u0131ca azd\u0131r, \u00e7\u00fcnk\u00fc uygulamaya a\u011f\u0131rl\u0131k verilir.<\/p><\/li><li class=\"\" data-start=\"1322\" data-end=\"1447\"><p class=\"\" data-start=\"1324\" data-end=\"1447\">Dersler daha \u00e7ok mesleki uzmanl\u0131k (\u00f6rne\u011fin aile dan\u0131\u015fmanl\u0131\u011f\u0131, \u00e7ocuklarla sosyal hizmet, ya\u015fl\u0131l\u0131k politikalar\u0131) i\u00e7eriklidir.<\/p><\/li><\/ul><hr class=\"\" data-start=\"1449\" data-end=\"1452\" \/><p class=\"\" data-start=\"1454\" data-end=\"1551\">Bu s\u00fcre\u00e7 mezuniyet i\u00e7in kritik olup, \u00f6\u011frencinin meslek hayat\u0131na haz\u0131rl\u0131\u011f\u0131n\u0131 tan\u0131mlad\u0131\u011f\u0131 d\u00f6nemdir.<\/p>\t\t\t\t\t\t\t\t<\/div>\n\t\t\t\t<\/div>\n\t\t\t\t\t<\/div>\n\t\t<\/div>\n\t\t\t\t\t<\/div>\n\t\t<\/section>\n\t\t\t\t<\/div>\n\t\t","protected":false},"excerpt":{"rendered":"<p>Staj 1. Alan Uygulamas\u0131 (Staj) Y\u0131l boyunca s\u00fcrer (g\u00fcz + bahar d\u00f6nemi). \u00d6\u011frenciler kamu kurumlar\u0131 (Sosyal Hizmet Merkezi, Aile ve Sosyal Hizmetler \u0130l M\u00fcd\u00fcrl\u00fc\u011f\u00fc, hastaneler, adliyeler, huzurevleri, \u00c7ocuk Esirgeme Kurumu vb.) veya sivil toplum kurulu\u015flar\u0131nda g\u00f6rev al\u0131r. Haftada 2\u20133 g\u00fcn kuruma giderler (\u00fcniversiteye g\u00f6re de\u011fi\u015febilir). \u00d6\u011frenci, bir s\u00fcperviz\u00f6r (rehber sosyal hizmet uzman\u0131) e\u015fli\u011finde vaka \u00e7al\u0131\u015fmalar\u0131, [&hellip;]<\/p>\n","protected":false},"author":1,"featured_media":0,"parent":0,"menu_order":0,"comment_status":"closed","ping_status":"closed","template":"elementor_header_footer","meta":{"footnotes":""},"class_list":["post-5791","page","type-page","status-publish","hentry"],"_links":{"self":[{"href":"https:\/\/atauni.edu.tr\/sosyal-hizmet-bolumu-2\/wp-json\/wp\/v2\/pages\/5791","targetHints":{"allow":["GET"]}}],"collection":[{"href":"https:\/\/atauni.edu.tr\/sosyal-hizmet-bolumu-2\/wp-json\/wp\/v2\/pages"}],"about":[{"href":"https:\/\/atauni.edu.tr\/sosyal-hizmet-bolumu-2\/wp-json\/wp\/v2\/types\/page"}],"author":[{"embeddable":true,"href":"https:\/\/atauni.edu.tr\/sosyal-hizmet-bolumu-2\/wp-json\/wp\/v2\/users\/1"}],"replies":[{"embeddable":true,"href":"https:\/\/atauni.edu.tr\/sosyal-hizmet-bolumu-2\/wp-json\/wp\/v2\/comments?post=5791"}],"version-history":[{"count":12,"href":"https:\/\/atauni.edu.tr\/sosyal-hizmet-bolumu-2\/wp-json\/wp\/v2\/pages\/5791\/revisions"}],"predecessor-version":[{"id":6460,"href":"https:\/\/atauni.edu.tr\/sosyal-hizmet-bolumu-2\/wp-json\/wp\/v2\/pages\/5791\/revisions\/6460"}],"wp:attachment":[{"href":"https:\/\/atauni.edu.tr\/sosyal-hizmet-bolumu-2\/wp-json\/wp\/v2\/media?parent=5791"}],"curies":[{"name":"wp","href":"https:\/\/api.w.org\/{rel}","templated":true}]}}