{"id":5765,"date":"2021-07-13T12:56:51","date_gmt":"2021-07-13T09:56:51","guid":{"rendered":"https:\/\/portaltest.atauni.edu.tr\/bilgisayar-muhendisligi\/?page_id=5765"},"modified":"2026-02-23T11:24:47","modified_gmt":"2026-02-23T08:24:47","slug":"anabilim-dallari","status":"publish","type":"page","link":"https:\/\/atauni.edu.tr\/sosyoloji\/anabilim-dallari\/","title":{"rendered":"Ana Bilim Dallar\u0131"},"content":{"rendered":"\t\t<div data-elementor-type=\"wp-page\" data-elementor-id=\"5765\" class=\"elementor elementor-5765\" data-elementor-post-type=\"page\">\n\t\t\t\t\t\t<section class=\"elementor-section elementor-top-section elementor-element elementor-element-730d320 elementor-section-boxed elementor-section-height-default elementor-section-height-default\" data-id=\"730d320\" data-element_type=\"section\">\n\t\t\t\t\t\t<div class=\"elementor-container elementor-column-gap-default\">\n\t\t\t\t\t<div class=\"elementor-column elementor-col-100 elementor-top-column elementor-element elementor-element-753d0860\" data-id=\"753d0860\" data-element_type=\"column\">\n\t\t\t<div class=\"elementor-widget-wrap\">\n\t\t\t\t\t\t\t<\/div>\n\t\t<\/div>\n\t\t\t\t\t<\/div>\n\t\t<\/section>\n\t\t\t\t<section class=\"elementor-section elementor-top-section elementor-element elementor-element-9be811a elementor-section-boxed elementor-section-height-default elementor-section-height-default\" data-id=\"9be811a\" data-element_type=\"section\">\n\t\t\t\t\t\t<div class=\"elementor-container elementor-column-gap-default\">\n\t\t\t\t\t<div class=\"elementor-column elementor-col-100 elementor-top-column elementor-element elementor-element-1ed847b7\" data-id=\"1ed847b7\" data-element_type=\"column\">\n\t\t\t<div class=\"elementor-widget-wrap elementor-element-populated\">\n\t\t\t\t\t\t<div class=\"elementor-element elementor-element-4ce0d07f elementor-widget elementor-widget-heading\" data-id=\"4ce0d07f\" data-element_type=\"widget\" data-widget_type=\"heading.default\">\n\t\t\t\t<div class=\"elementor-widget-container\">\n\t\t\t\t\t<h2 class=\"elementor-heading-title elementor-size-default\">Ana Bilim Dallar\u0131<\/h2>\t\t\t\t<\/div>\n\t\t\t\t<\/div>\n\t\t\t\t<div class=\"elementor-element elementor-element-63260862 elementor-widget-divider--view-line elementor-widget elementor-widget-divider\" data-id=\"63260862\" data-element_type=\"widget\" data-widget_type=\"divider.default\">\n\t\t\t\t<div class=\"elementor-widget-container\">\n\t\t\t\t\t\t\t<div class=\"elementor-divider\">\n\t\t\t<span class=\"elementor-divider-separator\">\n\t\t\t\t\t\t<\/span>\n\t\t<\/div>\n\t\t\t\t\t\t<\/div>\n\t\t\t\t<\/div>\n\t\t\t\t\t<\/div>\n\t\t<\/div>\n\t\t\t\t\t<\/div>\n\t\t<\/section>\n\t\t\t\t<section class=\"elementor-section elementor-top-section elementor-element elementor-element-681db8b elementor-section-boxed elementor-section-height-default elementor-section-height-default\" data-id=\"681db8b\" data-element_type=\"section\">\n\t\t\t\t\t\t<div class=\"elementor-container elementor-column-gap-default\">\n\t\t\t\t\t<div class=\"elementor-column elementor-col-100 elementor-top-column elementor-element elementor-element-ad4dac5\" data-id=\"ad4dac5\" data-element_type=\"column\">\n\t\t\t<div class=\"elementor-widget-wrap elementor-element-populated\">\n\t\t\t\t\t\t<div class=\"elementor-element elementor-element-2f96b3d elementor-widget elementor-widget-text-editor\" data-id=\"2f96b3d\" data-element_type=\"widget\" data-widget_type=\"text-editor.default\">\n\t\t\t\t<div class=\"elementor-widget-container\">\n\t\t\t\t\t\t\t\t\t<div><h2>Genel Sosyoloji ve Metodoloji Ana Bilim Dal\u0131<\/h2><p><b>Ana Bilim Dal\u0131 Ba\u015fkan\u0131: Prof. Dr. Mevl\u00fct \u00d6ZBEN<\/b><\/p><ul><li>Prof. Dr. Nuray KARACA<\/li><li>Prof. Dr. Mevl\u00fct \u00d6ZBEN<\/li><li>Prof. Dr. Mizrap POLAT<\/li><li>Do\u00e7. Dr. Erem SARIKOCA<\/li><li>Do\u00e7. Dr. \u0130brahim AKSAKAL<\/li><li>Dr. \u00d6\u011fr. \u00dcyesi \u0130smail \u00d6Z<\/li><li>Ar\u015f. G\u00f6r. Dr. P\u0131nar LALO\u011eLU<\/li><li>Ar\u015f. G\u00f6r. Dr. Emine \u00c7ET\u0130NER \u00d6ZYILMAZ<\/li><li>Ar\u015f. G\u00f6r. H\u00fclya DO\u011eAN<\/li><li>Ar\u015f. G\u00f6r. Abdurrahim \u015eAH\u0130N<\/li><\/ul><\/div><div><h2>Toplumsal Yap\u0131 ve De\u011fi\u015fme Ana Bilim Dal\u0131<\/h2><p><b>Ana Bilim Dal\u0131 Ba\u015fkan\u0131: Prof. Dr. Sel\u00e7uk AYDIN<\/b><\/p><ul><li>Prof. Dr. Sel\u00e7uk AYDIN<\/li><li>Do\u00e7. Dr. Erdi AKSAKAL<\/li><li>Do\u00e7. Dr. Sait G\u00dcLSOY<\/li><li>\u00d6\u011fr. G\u00f6r. Dr. Emin G\u00d6KALP<\/li><li>Ar\u015f. G\u00f6r. Halil DEM\u0130RTA\u015e<\/li><\/ul><h2>Kurumlar Sosyolojisi Ana Bilim Dal\u0131<\/h2><p><b>Ana Bilim Dal\u0131 Ba\u015fkan\u0131: Prof. Dr. Nuray KARACA<\/b><\/p><\/div>\t\t\t\t\t\t\t\t<\/div>\n\t\t\t\t<\/div>\n\t\t\t\t\t<\/div>\n\t\t<\/div>\n\t\t\t\t\t<\/div>\n\t\t<\/section>\n\t\t\t\t<\/div>\n\t\t","protected":false},"excerpt":{"rendered":"<p>Ana Bilim Dallar\u0131 Genel Sosyoloji ve Metodoloji Ana Bilim Dal\u0131 Ana Bilim Dal\u0131 Ba\u015fkan\u0131: Prof. Dr. Mevl\u00fct \u00d6ZBEN Prof. Dr. Nuray KARACA Prof. Dr. Mevl\u00fct \u00d6ZBEN Prof. Dr. Mizrap POLAT Do\u00e7. Dr. Erem SARIKOCA Do\u00e7. Dr. \u0130brahim AKSAKAL Dr. \u00d6\u011fr. \u00dcyesi \u0130smail \u00d6Z Ar\u015f. G\u00f6r. Dr. P\u0131nar LALO\u011eLU Ar\u015f. G\u00f6r. Dr. Emine \u00c7ET\u0130NER \u00d6ZYILMAZ Ar\u015f. [&hellip;]<\/p>\n","protected":false},"author":1,"featured_media":0,"parent":0,"menu_order":0,"comment_status":"closed","ping_status":"closed","template":"elementor_header_footer","meta":{"footnotes":""},"class_list":["post-5765","page","type-page","status-publish","hentry"],"_links":{"self":[{"href":"https:\/\/atauni.edu.tr\/sosyoloji\/wp-json\/wp\/v2\/pages\/5765","targetHints":{"allow":["GET"]}}],"collection":[{"href":"https:\/\/atauni.edu.tr\/sosyoloji\/wp-json\/wp\/v2\/pages"}],"about":[{"href":"https:\/\/atauni.edu.tr\/sosyoloji\/wp-json\/wp\/v2\/types\/page"}],"author":[{"embeddable":true,"href":"https:\/\/atauni.edu.tr\/sosyoloji\/wp-json\/wp\/v2\/users\/1"}],"replies":[{"embeddable":true,"href":"https:\/\/atauni.edu.tr\/sosyoloji\/wp-json\/wp\/v2\/comments?post=5765"}],"version-history":[{"count":58,"href":"https:\/\/atauni.edu.tr\/sosyoloji\/wp-json\/wp\/v2\/pages\/5765\/revisions"}],"predecessor-version":[{"id":8773,"href":"https:\/\/atauni.edu.tr\/sosyoloji\/wp-json\/wp\/v2\/pages\/5765\/revisions\/8773"}],"wp:attachment":[{"href":"https:\/\/atauni.edu.tr\/sosyoloji\/wp-json\/wp\/v2\/media?parent=5765"}],"curies":[{"name":"wp","href":"https:\/\/api.w.org\/{rel}","templated":true}]}}