{"id":6226,"date":"2021-12-15T16:54:57","date_gmt":"2021-12-15T13:54:57","guid":{"rendered":"https:\/\/birimler.atauni.edu.tr\/sosyoloji\/?page_id=6226"},"modified":"2021-12-20T12:30:06","modified_gmt":"2021-12-20T09:30:06","slug":"ogrenci-kulupleri","status":"publish","type":"page","link":"https:\/\/atauni.edu.tr\/sosyoloji\/ogrenci-kulupleri\/","title":{"rendered":"\u00d6\u011frenci Kul\u00fcpleri"},"content":{"rendered":"\t\t<div data-elementor-type=\"wp-page\" data-elementor-id=\"6226\" class=\"elementor elementor-6226\" data-elementor-post-type=\"page\">\n\t\t\t\t\t\t<section class=\"elementor-section elementor-top-section elementor-element elementor-element-cb3a4a4 elementor-section-boxed elementor-section-height-default elementor-section-height-default\" data-id=\"cb3a4a4\" data-element_type=\"section\">\n\t\t\t\t\t\t<div class=\"elementor-container elementor-column-gap-default\">\n\t\t\t\t\t<div class=\"elementor-column elementor-col-100 elementor-top-column elementor-element elementor-element-b72bdf5\" data-id=\"b72bdf5\" data-element_type=\"column\">\n\t\t\t<div class=\"elementor-widget-wrap elementor-element-populated\">\n\t\t\t\t\t\t<div class=\"elementor-element elementor-element-e5b6d33 elementor-widget elementor-widget-heading\" data-id=\"e5b6d33\" data-element_type=\"widget\" data-widget_type=\"heading.default\">\n\t\t\t\t<div class=\"elementor-widget-container\">\n\t\t\t\t\t<h2 class=\"elementor-heading-title elementor-size-default\">\u00d6\u011frenci Kul\u00fcpleri<\/h2>\t\t\t\t<\/div>\n\t\t\t\t<\/div>\n\t\t\t\t\t<\/div>\n\t\t<\/div>\n\t\t\t\t\t<\/div>\n\t\t<\/section>\n\t\t\t\t<section class=\"elementor-section elementor-top-section elementor-element elementor-element-3c6ff36 elementor-section-boxed elementor-section-height-default elementor-section-height-default\" data-id=\"3c6ff36\" data-element_type=\"section\">\n\t\t\t\t\t\t<div class=\"elementor-container elementor-column-gap-default\">\n\t\t\t\t\t<div class=\"elementor-column elementor-col-100 elementor-top-column elementor-element elementor-element-3a2b5c9\" data-id=\"3a2b5c9\" data-element_type=\"column\">\n\t\t\t<div class=\"elementor-widget-wrap elementor-element-populated\">\n\t\t\t\t\t\t<div class=\"elementor-element elementor-element-9925073 elementor-widget-divider--view-line elementor-widget elementor-widget-divider\" data-id=\"9925073\" data-element_type=\"widget\" data-widget_type=\"divider.default\">\n\t\t\t\t<div class=\"elementor-widget-container\">\n\t\t\t\t\t\t\t<div class=\"elementor-divider\">\n\t\t\t<span class=\"elementor-divider-separator\">\n\t\t\t\t\t\t<\/span>\n\t\t<\/div>\n\t\t\t\t\t\t<\/div>\n\t\t\t\t<\/div>\n\t\t\t\t\t<\/div>\n\t\t<\/div>\n\t\t\t\t\t<\/div>\n\t\t<\/section>\n\t\t\t\t<section class=\"elementor-section elementor-top-section elementor-element elementor-element-0e73c88 elementor-section-boxed elementor-section-height-default elementor-section-height-default\" data-id=\"0e73c88\" data-element_type=\"section\">\n\t\t\t\t\t\t<div class=\"elementor-container elementor-column-gap-default\">\n\t\t\t\t\t<div class=\"elementor-column elementor-col-100 elementor-top-column elementor-element elementor-element-641cc27\" data-id=\"641cc27\" data-element_type=\"column\">\n\t\t\t<div class=\"elementor-widget-wrap elementor-element-populated\">\n\t\t\t\t\t\t<div class=\"elementor-element elementor-element-dcf1d16 elementor-widget elementor-widget-text-editor\" data-id=\"dcf1d16\" data-element_type=\"widget\" data-widget_type=\"text-editor.default\">\n\t\t\t\t<div class=\"elementor-widget-container\">\n\t\t\t\t\t\t\t\t\t<p>B\u00f6l\u00fcm\u00fcm\u00fcz b\u00fcnyesinde kurulan bir \u00f6\u011frenci kul\u00fcb\u00fc olan Atat\u00fcrk \u00dcniversitesi Sosyoloji Kul\u00fcb\u00fc, aktif olarak faaliyetlerini s\u00fcrd\u00fcrmektedir.<\/p><p>Atat\u00fcrk \u00dcniversitesi Sosyoloji Kul\u00fcb\u00fc Instagram hesab\u0131na ula\u015fmak i\u00e7in <a href=\"https:\/\/www.instagram.com\/atauni.sosyoloji.kulubu\/\">t\u0131klay\u0131n\u0131z.<\/a><\/p><p>Atat\u00fcrk \u00dcniversitesi Sosyoloji Kul\u00fcb\u00fc Twitter hesab\u0131na ula\u015fmak i\u00e7in <a href=\"https:\/\/twitter.com\/atasosyoloji\">t\u0131klay\u0131n\u0131z.<\/a><\/p>\t\t\t\t\t\t\t\t<\/div>\n\t\t\t\t<\/div>\n\t\t\t\t\t<\/div>\n\t\t<\/div>\n\t\t\t\t\t<\/div>\n\t\t<\/section>\n\t\t\t\t<\/div>\n\t\t","protected":false},"excerpt":{"rendered":"<p>\u00d6\u011frenci Kul\u00fcpleri B\u00f6l\u00fcm\u00fcm\u00fcz b\u00fcnyesinde kurulan bir \u00f6\u011frenci kul\u00fcb\u00fc olan Atat\u00fcrk \u00dcniversitesi Sosyoloji Kul\u00fcb\u00fc, aktif olarak faaliyetlerini s\u00fcrd\u00fcrmektedir. Atat\u00fcrk \u00dcniversitesi Sosyoloji Kul\u00fcb\u00fc Instagram hesab\u0131na ula\u015fmak i\u00e7in t\u0131klay\u0131n\u0131z. Atat\u00fcrk \u00dcniversitesi Sosyoloji Kul\u00fcb\u00fc Twitter hesab\u0131na ula\u015fmak i\u00e7in t\u0131klay\u0131n\u0131z.<\/p>\n","protected":false},"author":332,"featured_media":0,"parent":0,"menu_order":0,"comment_status":"closed","ping_status":"closed","template":"","meta":{"footnotes":""},"class_list":["post-6226","page","type-page","status-publish","hentry"],"_links":{"self":[{"href":"https:\/\/atauni.edu.tr\/sosyoloji\/wp-json\/wp\/v2\/pages\/6226","targetHints":{"allow":["GET"]}}],"collection":[{"href":"https:\/\/atauni.edu.tr\/sosyoloji\/wp-json\/wp\/v2\/pages"}],"about":[{"href":"https:\/\/atauni.edu.tr\/sosyoloji\/wp-json\/wp\/v2\/types\/page"}],"author":[{"embeddable":true,"href":"https:\/\/atauni.edu.tr\/sosyoloji\/wp-json\/wp\/v2\/users\/332"}],"replies":[{"embeddable":true,"href":"https:\/\/atauni.edu.tr\/sosyoloji\/wp-json\/wp\/v2\/comments?post=6226"}],"version-history":[{"count":14,"href":"https:\/\/atauni.edu.tr\/sosyoloji\/wp-json\/wp\/v2\/pages\/6226\/revisions"}],"predecessor-version":[{"id":6549,"href":"https:\/\/atauni.edu.tr\/sosyoloji\/wp-json\/wp\/v2\/pages\/6226\/revisions\/6549"}],"wp:attachment":[{"href":"https:\/\/atauni.edu.tr\/sosyoloji\/wp-json\/wp\/v2\/media?parent=6226"}],"curies":[{"name":"wp","href":"https:\/\/api.w.org\/{rel}","templated":true}]}}