{"id":8424,"date":"2025-06-26T13:56:55","date_gmt":"2025-06-26T10:56:55","guid":{"rendered":"https:\/\/birimler.atauni.edu.tr\/sosyoloji\/?page_id=8424"},"modified":"2025-08-03T14:07:42","modified_gmt":"2025-08-03T11:07:42","slug":"etkinlikler","status":"publish","type":"page","link":"https:\/\/atauni.edu.tr\/sosyoloji\/etkinlikler\/","title":{"rendered":"Etkinlikler"},"content":{"rendered":"<form method=\"get\" class=\"row g-3\" style=\"margin-bottom: 20px;\"><div class=\"col-md-3\"><input type=\"text\" name=\"etkinlik_ara\" class=\"form-control\" placeholder=\"Etkinlik ara...\" value=\"\"><\/div><div class=\"col-md-3\"><input type=\"date\" name=\"baslangic_tarihi\" class=\"form-control\" value=\"\"><\/div><div class=\"col-md-3\"><input type=\"date\" name=\"bitis_tarihi\" class=\"form-control\" value=\"\"><\/div><div class=\"col-md-3\"><button type=\"submit\" class=\"btn btn-secondary w-50\">Filtrele<\/button><\/div><\/form><div class=\"etkinlikler-grid-container\" style=\"display: grid; grid-template-columns: repeat(3, 1fr); gap: 20px;\"><div class=\"etkinlik-grid-item\"><div class=\"etkinlik-thumbnail\"><img fetchpriority=\"high\" decoding=\"async\" width=\"300\" height=\"225\" src=\"https:\/\/atauni.edu.tr\/sosyoloji\/wp-content\/uploads\/sites\/156\/2020\/07\/dairesel-siyah-e1666796385410-1024x768-1-300x225.png\" class=\"img-fluid wp-post-image\" alt=\"\" srcset=\"https:\/\/atauni.edu.tr\/sosyoloji\/wp-content\/uploads\/sites\/156\/2020\/07\/dairesel-siyah-e1666796385410-1024x768-1-300x225.png 300w, https:\/\/atauni.edu.tr\/sosyoloji\/wp-content\/uploads\/sites\/156\/2020\/07\/dairesel-siyah-e1666796385410-1024x768-1-768x576.png 768w, https:\/\/atauni.edu.tr\/sosyoloji\/wp-content\/uploads\/sites\/156\/2020\/07\/dairesel-siyah-e1666796385410-1024x768-1-600x450.png 600w, https:\/\/atauni.edu.tr\/sosyoloji\/wp-content\/uploads\/sites\/156\/2020\/07\/dairesel-siyah-e1666796385410-1024x768-1-560x420.png 560w, https:\/\/atauni.edu.tr\/sosyoloji\/wp-content\/uploads\/sites\/156\/2020\/07\/dairesel-siyah-e1666796385410-1024x768-1.png 1024w\" sizes=\"(max-width: 300px) 100vw, 300px\" \/><\/div><div class=\"etkinlik-datee\"><span class=\"day\">26<\/span><span class=\"month\">\u015eubat<\/span><span class=\"year\">2025<\/span><\/div><a href=\"https:\/\/atauni.edu.tr\/sosyoloji\/2025\/02\/26\/populer-kultur-ve-medya-konferansi\/\" class=\"etkinlik-titlee\">Pop\u00fcler K\u00fclt\u00fcr ve Medya Konferans\u0131<\/a><\/div><div class=\"etkinlik-grid-item\"><div class=\"etkinlik-thumbnail\"><img fetchpriority=\"high\" decoding=\"async\" width=\"300\" height=\"225\" src=\"https:\/\/atauni.edu.tr\/sosyoloji\/wp-content\/uploads\/sites\/156\/2020\/07\/dairesel-siyah-e1666796385410-1024x768-1-300x225.png\" class=\"img-fluid wp-post-image\" alt=\"\" srcset=\"https:\/\/atauni.edu.tr\/sosyoloji\/wp-content\/uploads\/sites\/156\/2020\/07\/dairesel-siyah-e1666796385410-1024x768-1-300x225.png 300w, https:\/\/atauni.edu.tr\/sosyoloji\/wp-content\/uploads\/sites\/156\/2020\/07\/dairesel-siyah-e1666796385410-1024x768-1-768x576.png 768w, https:\/\/atauni.edu.tr\/sosyoloji\/wp-content\/uploads\/sites\/156\/2020\/07\/dairesel-siyah-e1666796385410-1024x768-1-600x450.png 600w, https:\/\/atauni.edu.tr\/sosyoloji\/wp-content\/uploads\/sites\/156\/2020\/07\/dairesel-siyah-e1666796385410-1024x768-1-560x420.png 560w, https:\/\/atauni.edu.tr\/sosyoloji\/wp-content\/uploads\/sites\/156\/2020\/07\/dairesel-siyah-e1666796385410-1024x768-1.png 1024w\" sizes=\"(max-width: 300px) 100vw, 300px\" \/><\/div><div class=\"etkinlik-datee\"><span class=\"day\">25<\/span><span class=\"month\">\u015eubat<\/span><span class=\"year\">2025<\/span><\/div><a href=\"https:\/\/atauni.edu.tr\/sosyoloji\/2025\/02\/25\/genclik-ve-dijital-kultur-konferansi\/\" class=\"etkinlik-titlee\">Gen\u00e7lik ve Dijital K\u00fclt\u00fcr Konferans\u0131<\/a><\/div><div class=\"etkinlik-grid-item\"><div class=\"etkinlik-thumbnail\"><img fetchpriority=\"high\" decoding=\"async\" width=\"300\" height=\"225\" src=\"https:\/\/atauni.edu.tr\/sosyoloji\/wp-content\/uploads\/sites\/156\/2020\/07\/dairesel-siyah-e1666796385410-1024x768-1-300x225.png\" class=\"img-fluid wp-post-image\" alt=\"\" srcset=\"https:\/\/atauni.edu.tr\/sosyoloji\/wp-content\/uploads\/sites\/156\/2020\/07\/dairesel-siyah-e1666796385410-1024x768-1-300x225.png 300w, https:\/\/atauni.edu.tr\/sosyoloji\/wp-content\/uploads\/sites\/156\/2020\/07\/dairesel-siyah-e1666796385410-1024x768-1-768x576.png 768w, https:\/\/atauni.edu.tr\/sosyoloji\/wp-content\/uploads\/sites\/156\/2020\/07\/dairesel-siyah-e1666796385410-1024x768-1-600x450.png 600w, https:\/\/atauni.edu.tr\/sosyoloji\/wp-content\/uploads\/sites\/156\/2020\/07\/dairesel-siyah-e1666796385410-1024x768-1-560x420.png 560w, https:\/\/atauni.edu.tr\/sosyoloji\/wp-content\/uploads\/sites\/156\/2020\/07\/dairesel-siyah-e1666796385410-1024x768-1.png 1024w\" sizes=\"(max-width: 300px) 100vw, 300px\" \/><\/div><div class=\"etkinlik-datee\"><span class=\"day\">06<\/span><span class=\"month\">Aral\u0131k<\/span><span class=\"year\">2023<\/span><\/div><a href=\"https:\/\/atauni.edu.tr\/sosyoloji\/2023\/12\/06\/serif-mardin-ve-toplumsal-yapi-konferansi\/\" class=\"etkinlik-titlee\">\u015eerif Mardin ve Toplumsal Yap\u0131 Konferans\u0131<\/a><\/div><div class=\"etkinlik-grid-item\"><div class=\"etkinlik-thumbnail\"><img fetchpriority=\"high\" decoding=\"async\" width=\"300\" height=\"225\" src=\"https:\/\/atauni.edu.tr\/sosyoloji\/wp-content\/uploads\/sites\/156\/2020\/07\/dairesel-siyah-e1666796385410-1024x768-1-300x225.png\" class=\"img-fluid wp-post-image\" alt=\"\" srcset=\"https:\/\/atauni.edu.tr\/sosyoloji\/wp-content\/uploads\/sites\/156\/2020\/07\/dairesel-siyah-e1666796385410-1024x768-1-300x225.png 300w, https:\/\/atauni.edu.tr\/sosyoloji\/wp-content\/uploads\/sites\/156\/2020\/07\/dairesel-siyah-e1666796385410-1024x768-1-768x576.png 768w, https:\/\/atauni.edu.tr\/sosyoloji\/wp-content\/uploads\/sites\/156\/2020\/07\/dairesel-siyah-e1666796385410-1024x768-1-600x450.png 600w, https:\/\/atauni.edu.tr\/sosyoloji\/wp-content\/uploads\/sites\/156\/2020\/07\/dairesel-siyah-e1666796385410-1024x768-1-560x420.png 560w, https:\/\/atauni.edu.tr\/sosyoloji\/wp-content\/uploads\/sites\/156\/2020\/07\/dairesel-siyah-e1666796385410-1024x768-1.png 1024w\" sizes=\"(max-width: 300px) 100vw, 300px\" \/><\/div><div class=\"etkinlik-datee\"><span class=\"day\">15<\/span><span class=\"month\">Aral\u0131k<\/span><span class=\"year\">2022<\/span><\/div><a href=\"https:\/\/atauni.edu.tr\/sosyoloji\/2022\/12\/15\/genclik-ve-bagimlilik-konferansi\/\" class=\"etkinlik-titlee\">Gen\u00e7lik ve Ba\u011f\u0131ml\u0131l\u0131k Konferans\u0131<\/a><\/div><div class=\"etkinlik-grid-item\"><div class=\"etkinlik-thumbnail\"><img fetchpriority=\"high\" decoding=\"async\" width=\"300\" height=\"225\" src=\"https:\/\/atauni.edu.tr\/sosyoloji\/wp-content\/uploads\/sites\/156\/2020\/07\/dairesel-siyah-e1666796385410-1024x768-1-300x225.png\" class=\"img-fluid wp-post-image\" alt=\"\" srcset=\"https:\/\/atauni.edu.tr\/sosyoloji\/wp-content\/uploads\/sites\/156\/2020\/07\/dairesel-siyah-e1666796385410-1024x768-1-300x225.png 300w, https:\/\/atauni.edu.tr\/sosyoloji\/wp-content\/uploads\/sites\/156\/2020\/07\/dairesel-siyah-e1666796385410-1024x768-1-768x576.png 768w, https:\/\/atauni.edu.tr\/sosyoloji\/wp-content\/uploads\/sites\/156\/2020\/07\/dairesel-siyah-e1666796385410-1024x768-1-600x450.png 600w, https:\/\/atauni.edu.tr\/sosyoloji\/wp-content\/uploads\/sites\/156\/2020\/07\/dairesel-siyah-e1666796385410-1024x768-1-560x420.png 560w, https:\/\/atauni.edu.tr\/sosyoloji\/wp-content\/uploads\/sites\/156\/2020\/07\/dairesel-siyah-e1666796385410-1024x768-1.png 1024w\" sizes=\"(max-width: 300px) 100vw, 300px\" \/><\/div><div class=\"etkinlik-datee\"><span class=\"day\">17<\/span><span class=\"month\">Ekim<\/span><span class=\"year\">2022<\/span><\/div><a href=\"https:\/\/atauni.edu.tr\/sosyoloji\/2022\/10\/17\/ataturk-universitesinde-egitim-ve-kariyer-olanaklari-paneli\/\" class=\"etkinlik-titlee\">Atat\u00fcrk \u00dcniversitesi\u2019nde E\u011fitim ve Kariyer Olanaklar\u0131 Paneli<\/a><\/div><div class=\"etkinlik-grid-item\"><div class=\"etkinlik-thumbnail\"><img fetchpriority=\"high\" decoding=\"async\" width=\"300\" height=\"225\" src=\"https:\/\/atauni.edu.tr\/sosyoloji\/wp-content\/uploads\/sites\/156\/2020\/07\/dairesel-siyah-e1666796385410-1024x768-1-300x225.png\" class=\"img-fluid wp-post-image\" alt=\"\" srcset=\"https:\/\/atauni.edu.tr\/sosyoloji\/wp-content\/uploads\/sites\/156\/2020\/07\/dairesel-siyah-e1666796385410-1024x768-1-300x225.png 300w, https:\/\/atauni.edu.tr\/sosyoloji\/wp-content\/uploads\/sites\/156\/2020\/07\/dairesel-siyah-e1666796385410-1024x768-1-768x576.png 768w, https:\/\/atauni.edu.tr\/sosyoloji\/wp-content\/uploads\/sites\/156\/2020\/07\/dairesel-siyah-e1666796385410-1024x768-1-600x450.png 600w, https:\/\/atauni.edu.tr\/sosyoloji\/wp-content\/uploads\/sites\/156\/2020\/07\/dairesel-siyah-e1666796385410-1024x768-1-560x420.png 560w, https:\/\/atauni.edu.tr\/sosyoloji\/wp-content\/uploads\/sites\/156\/2020\/07\/dairesel-siyah-e1666796385410-1024x768-1.png 1024w\" sizes=\"(max-width: 300px) 100vw, 300px\" \/><\/div><div class=\"etkinlik-datee\"><span class=\"day\">09<\/span><span class=\"month\">Aral\u0131k<\/span><span class=\"year\">2021<\/span><\/div><a href=\"https:\/\/atauni.edu.tr\/sosyoloji\/2021\/12\/09\/kamuda-sosyolog-istihdami-konferansi\/\" class=\"etkinlik-titlee\">Kamuda Sosyolog \u0130stihdam\u0131 Konferans\u0131<\/a><\/div><div class=\"etkinlik-grid-item\"><div class=\"etkinlik-thumbnail\"><img fetchpriority=\"high\" decoding=\"async\" width=\"300\" height=\"225\" src=\"https:\/\/atauni.edu.tr\/sosyoloji\/wp-content\/uploads\/sites\/156\/2020\/07\/dairesel-siyah-e1666796385410-1024x768-1-300x225.png\" class=\"img-fluid wp-post-image\" alt=\"\" srcset=\"https:\/\/atauni.edu.tr\/sosyoloji\/wp-content\/uploads\/sites\/156\/2020\/07\/dairesel-siyah-e1666796385410-1024x768-1-300x225.png 300w, https:\/\/atauni.edu.tr\/sosyoloji\/wp-content\/uploads\/sites\/156\/2020\/07\/dairesel-siyah-e1666796385410-1024x768-1-768x576.png 768w, https:\/\/atauni.edu.tr\/sosyoloji\/wp-content\/uploads\/sites\/156\/2020\/07\/dairesel-siyah-e1666796385410-1024x768-1-600x450.png 600w, https:\/\/atauni.edu.tr\/sosyoloji\/wp-content\/uploads\/sites\/156\/2020\/07\/dairesel-siyah-e1666796385410-1024x768-1-560x420.png 560w, https:\/\/atauni.edu.tr\/sosyoloji\/wp-content\/uploads\/sites\/156\/2020\/07\/dairesel-siyah-e1666796385410-1024x768-1.png 1024w\" sizes=\"(max-width: 300px) 100vw, 300px\" \/><\/div><div class=\"etkinlik-datee\"><span class=\"day\">02<\/span><span class=\"month\">Haziran<\/span><span class=\"year\">2021<\/span><\/div><a href=\"https:\/\/atauni.edu.tr\/sosyoloji\/2021\/06\/02\/ulusal-toplum-ve-degisme-kongresi\/\" class=\"etkinlik-titlee\">Ulusal Toplum ve De\u011fi\u015fme Kongresi<\/a><\/div><\/div><div class=\"pagination\" style=\"margin-top: 20px;\"><\/div>\n\n\n\n<p><\/p>\n","protected":false},"excerpt":{"rendered":"","protected":false},"author":8,"featured_media":0,"parent":0,"menu_order":0,"comment_status":"closed","ping_status":"closed","template":"","meta":{"footnotes":""},"class_list":["post-8424","page","type-page","status-publish","hentry"],"_links":{"self":[{"href":"https:\/\/atauni.edu.tr\/sosyoloji\/wp-json\/wp\/v2\/pages\/8424","targetHints":{"allow":["GET"]}}],"collection":[{"href":"https:\/\/atauni.edu.tr\/sosyoloji\/wp-json\/wp\/v2\/pages"}],"about":[{"href":"https:\/\/atauni.edu.tr\/sosyoloji\/wp-json\/wp\/v2\/types\/page"}],"author":[{"embeddable":true,"href":"https:\/\/atauni.edu.tr\/sosyoloji\/wp-json\/wp\/v2\/users\/8"}],"replies":[{"embeddable":true,"href":"https:\/\/atauni.edu.tr\/sosyoloji\/wp-json\/wp\/v2\/comments?post=8424"}],"version-history":[{"count":2,"href":"https:\/\/atauni.edu.tr\/sosyoloji\/wp-json\/wp\/v2\/pages\/8424\/revisions"}],"predecessor-version":[{"id":8505,"href":"https:\/\/atauni.edu.tr\/sosyoloji\/wp-json\/wp\/v2\/pages\/8424\/revisions\/8505"}],"wp:attachment":[{"href":"https:\/\/atauni.edu.tr\/sosyoloji\/wp-json\/wp\/v2\/media?parent=8424"}],"curies":[{"name":"wp","href":"https:\/\/api.w.org\/{rel}","templated":true}]}}