{"id":5847,"date":"2021-07-13T14:56:17","date_gmt":"2021-07-13T11:56:17","guid":{"rendered":"https:\/\/portaltest.atauni.edu.tr\/muhendislik-fakultesi\/?page_id=5847"},"modified":"2025-05-05T15:29:46","modified_gmt":"2025-05-05T12:29:46","slug":"formlar","status":"publish","type":"page","link":"https:\/\/atauni.edu.tr\/spor-bilimleri-fakultesi\/formlar\/","title":{"rendered":"Etik Kurul"},"content":{"rendered":"\t\t<div data-elementor-type=\"wp-page\" data-elementor-id=\"5847\" class=\"elementor elementor-5847\" data-elementor-post-type=\"page\">\n\t\t\t\t\t\t<section class=\"elementor-section elementor-top-section elementor-element elementor-element-46c2cb5d elementor-section-boxed elementor-section-height-default elementor-section-height-default\" data-id=\"46c2cb5d\" data-element_type=\"section\">\n\t\t\t\t\t\t<div class=\"elementor-container elementor-column-gap-default\">\n\t\t\t\t\t<div class=\"elementor-column elementor-col-100 elementor-top-column elementor-element elementor-element-299813e7\" data-id=\"299813e7\" data-element_type=\"column\">\n\t\t\t<div class=\"elementor-widget-wrap elementor-element-populated\">\n\t\t\t\t\t\t<div class=\"elementor-element elementor-element-3ec495a9 elementor-widget elementor-widget-heading\" data-id=\"3ec495a9\" data-element_type=\"widget\" data-widget_type=\"heading.default\">\n\t\t\t\t<div class=\"elementor-widget-container\">\n\t\t\t\t\t<h2 class=\"elementor-heading-title elementor-size-default\">Etik Kurul<\/h2>\t\t\t\t<\/div>\n\t\t\t\t<\/div>\n\t\t\t\t<div class=\"elementor-element elementor-element-2092e3b3 elementor-widget-divider--view-line elementor-widget elementor-widget-divider\" data-id=\"2092e3b3\" data-element_type=\"widget\" data-widget_type=\"divider.default\">\n\t\t\t\t<div class=\"elementor-widget-container\">\n\t\t\t\t\t\t\t<div class=\"elementor-divider\">\n\t\t\t<span class=\"elementor-divider-separator\">\n\t\t\t\t\t\t<\/span>\n\t\t<\/div>\n\t\t\t\t\t\t<\/div>\n\t\t\t\t<\/div>\n\t\t\t\t\t<\/div>\n\t\t<\/div>\n\t\t\t\t\t<\/div>\n\t\t<\/section>\n\t\t\t\t<section class=\"elementor-section elementor-top-section elementor-element elementor-element-6694ca5 elementor-section-boxed elementor-section-height-default elementor-section-height-default\" data-id=\"6694ca5\" data-element_type=\"section\">\n\t\t\t\t\t\t<div class=\"elementor-container elementor-column-gap-default\">\n\t\t\t\t\t<div class=\"elementor-column elementor-col-100 elementor-top-column elementor-element elementor-element-bf899e4\" data-id=\"bf899e4\" data-element_type=\"column\">\n\t\t\t<div class=\"elementor-widget-wrap elementor-element-populated\">\n\t\t\t\t\t\t<div class=\"elementor-element elementor-element-4bc0e24 elementor-widget elementor-widget-toggle\" data-id=\"4bc0e24\" data-element_type=\"widget\" data-widget_type=\"toggle.default\">\n\t\t\t\t<div class=\"elementor-widget-container\">\n\t\t\t\t\t\t\t<div class=\"elementor-toggle\">\n\t\t\t\t\t\t\t<div class=\"elementor-toggle-item\">\n\t\t\t\t\t<div id=\"elementor-tab-title-7941\" class=\"elementor-tab-title\" data-tab=\"1\" role=\"button\" aria-controls=\"elementor-tab-content-7941\" aria-expanded=\"false\">\n\t\t\t\t\t\t\t\t\t\t\t\t<span class=\"elementor-toggle-icon elementor-toggle-icon-left\" aria-hidden=\"true\">\n\t\t\t\t\t\t\t\t\t\t\t\t\t\t\t<span class=\"elementor-toggle-icon-closed\"><i class=\"fas fa-caret-right\"><\/i><\/span>\n\t\t\t\t\t\t\t\t<span class=\"elementor-toggle-icon-opened\"><i class=\"elementor-toggle-icon-opened fas fa-caret-up\"><\/i><\/span>\n\t\t\t\t\t\t\t\t\t\t\t\t\t<\/span>\n\t\t\t\t\t\t\t\t\t\t\t\t<a class=\"elementor-toggle-title\" tabindex=\"0\">Etik Kurul<\/a>\n\t\t\t\t\t<\/div>\n\n\t\t\t\t\t<div id=\"elementor-tab-content-7941\" class=\"elementor-tab-content elementor-clearfix\" data-tab=\"1\" role=\"region\" aria-labelledby=\"elementor-tab-title-7941\"><p><strong>Etik Kurul Bilgilendirme<\/strong><\/p><ul><li>Etik Kurul m\u00fcracaat\u0131 i\u00e7in sayfam\u0131zda yay\u0131mlanan\u00a0<strong>form belgelerini<\/strong>\u00a0eksiksiz ve \u00f6zenli bir \u015fekilde doldurunuz. Eksik formu olan ve d\u00fczensiz ba\u015fvurular de\u011ferlendirmeye al\u0131nmayacakt\u0131r.<\/li><li>Etik Kurul m\u00fcracaatlar\u0131\u00a0<strong>her ay\u0131n 15\u2019i mesai bitimine<\/strong>\u00a0kadar kabul edilecektir. S\u00f6z konusu tarih ve saatten sonra yap\u0131lan m\u00fcracaatlar sonraki ay i\u00e7erisinde de\u011ferlendirmeye al\u0131nacakt\u0131r.<\/li><li>Etik Kurul de\u011ferlendirme sonu\u00e7lar\u0131\u00a0<strong>her ay\u0131n 16-25 aras\u0131\u00a0 <\/strong>sonu\u00e7land\u0131r\u0131lacakt\u0131r. S\u00f6z konusu tarih resmi tatil g\u00fcnlerine denk gelirse\u00a0<strong>takip eden ilk mesai g\u00fcn\u00fc \/ haftas\u0131 i\u00e7erisinde<\/strong>\u00a0sonu\u00e7land\u0131r\u0131lacakt\u0131r.<\/li><li>Etik Kurul m\u00fcracaatlar\u0131 <strong><span style=\"text-decoration: underline\">SADECE\u00a0<\/span><span style=\"text-decoration: underline\">\u00dcniversite Belge Y\u00f6netim Sistemi (\u00dcBYS)<\/span> \u00fczerinden kabul edilecektir. <\/strong><\/li><li><strong>\u00dcniversitemiz d\u0131\u015f\u0131ndan ba\u015fvurularda \u00e7al\u0131\u015fma ekibinde Atat\u00fcrk \u00dcniversitesinden en az bir \u00f6\u011fretim eleman\u0131 bulunma \u015fart\u0131 aranacakt\u0131r. Bunun d\u0131\u015f\u0131ndakilerin ba\u015fvurular\u0131 kabul edilmeyecektir.<\/strong><\/li><\/ul><\/div>\n\t\t\t\t<\/div>\n\t\t\t\t\t\t\t<div class=\"elementor-toggle-item\">\n\t\t\t\t\t<div id=\"elementor-tab-title-7942\" class=\"elementor-tab-title\" data-tab=\"2\" role=\"button\" aria-controls=\"elementor-tab-content-7942\" aria-expanded=\"false\">\n\t\t\t\t\t\t\t\t\t\t\t\t<span class=\"elementor-toggle-icon elementor-toggle-icon-left\" aria-hidden=\"true\">\n\t\t\t\t\t\t\t\t\t\t\t\t\t\t\t<span class=\"elementor-toggle-icon-closed\"><i class=\"fas fa-caret-right\"><\/i><\/span>\n\t\t\t\t\t\t\t\t<span class=\"elementor-toggle-icon-opened\"><i class=\"elementor-toggle-icon-opened fas fa-caret-up\"><\/i><\/span>\n\t\t\t\t\t\t\t\t\t\t\t\t\t<\/span>\n\t\t\t\t\t\t\t\t\t\t\t\t<a class=\"elementor-toggle-title\" tabindex=\"0\">Etik Kurul Formlar\u0131<\/a>\n\t\t\t\t\t<\/div>\n\n\t\t\t\t\t<div id=\"elementor-tab-content-7942\" class=\"elementor-tab-content elementor-clearfix\" data-tab=\"2\" role=\"region\" aria-labelledby=\"elementor-tab-title-7942\"><p><a href=\"https:\/\/birimler.atauni.edu.tr\/spor-bilimleri-fakultesi\/wp-content\/uploads\/sites\/71\/2020\/07\/5c0772fb8d2f8403a80982f5df9ae4e1.doc\" target=\"_blank\" rel=\"noopener\">Ba\u015fvuru Dilek\u00e7esi<\/a><\/p><p><a href=\"https:\/\/birimler.atauni.edu.tr\/spor-bilimleri-fakultesi\/wp-content\/uploads\/sites\/71\/2020\/07\/form.docx\">Etik Kurul Ba\u015fvuru Formu<\/a><\/p><p><a href=\"https:\/\/birimler.atauni.edu.tr\/spor-bilimleri-fakultesi\/wp-content\/uploads\/sites\/71\/2020\/07\/Taahhutname.doc\">\u00c7\u0131kar \u0130li\u015fkisi Olmad\u0131\u011f\u0131na Dair Taahh\u00fctname<\/a><\/p><p><a href=\"https:\/\/birimler.atauni.edu.tr\/spor-bilimleri-fakultesi\/wp-content\/uploads\/sites\/71\/2020\/07\/189cab3eb1befd5edff42b3564b73506-1.doc\">Bilgilendirilmi\u015f Onam Formu<\/a><\/p><p><a href=\"https:\/\/birimler.atauni.edu.tr\/spor-bilimleri-fakultesi\/wp-content\/uploads\/sites\/71\/2020\/07\/69eff72a02bbd167d45b97831b06eda6.docx\">Helsinki Deklarasyonu<\/a><\/p><p><a href=\"https:\/\/birimler.atauni.edu.tr\/spor-bilimleri-fakultesi\/wp-content\/uploads\/sites\/71\/2020\/07\/ec0894495251ecf2b16e5628211aa001.docx\">Etik Kurul Ba\u015fvuru De\u011ferlendirme Formu<\/a><\/p><p><a href=\"https:\/\/birimler.atauni.edu.tr\/spor-bilimleri-fakultesi\/wp-content\/uploads\/sites\/71\/2020\/07\/zzz.pdf\">Ata\u00dcni-Etik Kurul Y\u00f6nergesi<\/a><\/p><p><a href=\"https:\/\/birimler.atauni.edu.tr\/spor-bilimleri-fakultesi\/wp-content\/uploads\/sites\/71\/2020\/07\/yok.pdf\">Y\u00d6K Etik Kurul Y\u00f6nergesi<\/a><\/p><\/div>\n\t\t\t\t<\/div>\n\t\t\t\t\t\t\t\t<\/div>\n\t\t\t\t\t\t<\/div>\n\t\t\t\t<\/div>\n\t\t\t\t\t<\/div>\n\t\t<\/div>\n\t\t\t\t\t<\/div>\n\t\t<\/section>\n\t\t\t\t<\/div>\n\t\t","protected":false},"excerpt":{"rendered":"<p>Etik Kurul Etik Kurul Etik Kurul Bilgilendirme Etik Kurul m\u00fcracaat\u0131 i\u00e7in sayfam\u0131zda yay\u0131mlanan\u00a0form belgelerini\u00a0eksiksiz ve \u00f6zenli bir \u015fekilde doldurunuz. Eksik formu olan ve d\u00fczensiz ba\u015fvurular de\u011ferlendirmeye al\u0131nmayacakt\u0131r. Etik Kurul m\u00fcracaatlar\u0131\u00a0her ay\u0131n 15\u2019i mesai bitimine\u00a0kadar kabul edilecektir. S\u00f6z konusu tarih ve saatten sonra yap\u0131lan m\u00fcracaatlar sonraki ay i\u00e7erisinde de\u011ferlendirmeye al\u0131nacakt\u0131r. Etik Kurul de\u011ferlendirme sonu\u00e7lar\u0131\u00a0her ay\u0131n 16-25 [&hellip;]<\/p>\n","protected":false},"author":1,"featured_media":0,"parent":0,"menu_order":0,"comment_status":"closed","ping_status":"closed","template":"elementor_header_footer","meta":{"footnotes":""},"class_list":["post-5847","page","type-page","status-publish","hentry"],"_links":{"self":[{"href":"https:\/\/atauni.edu.tr\/spor-bilimleri-fakultesi\/wp-json\/wp\/v2\/pages\/5847","targetHints":{"allow":["GET"]}}],"collection":[{"href":"https:\/\/atauni.edu.tr\/spor-bilimleri-fakultesi\/wp-json\/wp\/v2\/pages"}],"about":[{"href":"https:\/\/atauni.edu.tr\/spor-bilimleri-fakultesi\/wp-json\/wp\/v2\/types\/page"}],"author":[{"embeddable":true,"href":"https:\/\/atauni.edu.tr\/spor-bilimleri-fakultesi\/wp-json\/wp\/v2\/users\/1"}],"replies":[{"embeddable":true,"href":"https:\/\/atauni.edu.tr\/spor-bilimleri-fakultesi\/wp-json\/wp\/v2\/comments?post=5847"}],"version-history":[{"count":210,"href":"https:\/\/atauni.edu.tr\/spor-bilimleri-fakultesi\/wp-json\/wp\/v2\/pages\/5847\/revisions"}],"predecessor-version":[{"id":13462,"href":"https:\/\/atauni.edu.tr\/spor-bilimleri-fakultesi\/wp-json\/wp\/v2\/pages\/5847\/revisions\/13462"}],"wp:attachment":[{"href":"https:\/\/atauni.edu.tr\/spor-bilimleri-fakultesi\/wp-json\/wp\/v2\/media?parent=5847"}],"curies":[{"name":"wp","href":"https:\/\/api.w.org\/{rel}","templated":true}]}}