{"id":68,"date":"2020-07-10T03:09:24","date_gmt":"2020-07-10T00:09:24","guid":{"rendered":"http:\/\/demo.ovathemes.com\/egovt\/?page_id=68"},"modified":"2025-07-24T15:10:55","modified_gmt":"2025-07-24T12:10:55","slug":"anasayfa","status":"publish","type":"page","link":"https:\/\/atauni.edu.tr\/spor-bilimleri-uygulama-ve-arastirma-merkezi\/","title":{"rendered":"Anasayfa"},"content":{"rendered":"\t\t<div data-elementor-type=\"wp-page\" data-elementor-id=\"68\" class=\"elementor elementor-68\" data-elementor-post-type=\"page\">\n\t\t\t\t\t\t<section class=\"elementor-section elementor-top-section elementor-element elementor-element-8302c0a elementor-section-boxed elementor-section-height-default elementor-section-height-default\" data-id=\"8302c0a\" data-element_type=\"section\">\n\t\t\t\t\t\t<div class=\"elementor-container elementor-column-gap-default\">\n\t\t\t\t\t<div class=\"elementor-column elementor-col-100 elementor-top-column elementor-element elementor-element-4459a6e\" data-id=\"4459a6e\" data-element_type=\"column\">\n\t\t\t<div class=\"elementor-widget-wrap elementor-element-populated\">\n\t\t\t\t\t\t<div class=\"elementor-element elementor-element-02661ff elementor--h-position-center elementor--v-position-middle elementor-arrows-position-inside elementor-pagination-position-inside elementor-widget elementor-widget-slides\" data-id=\"02661ff\" data-element_type=\"widget\" data-settings=\"{&quot;navigation&quot;:&quot;both&quot;,&quot;autoplay&quot;:&quot;yes&quot;,&quot;pause_on_hover&quot;:&quot;yes&quot;,&quot;pause_on_interaction&quot;:&quot;yes&quot;,&quot;autoplay_speed&quot;:5000,&quot;infinite&quot;:&quot;yes&quot;,&quot;transition&quot;:&quot;slide&quot;,&quot;transition_speed&quot;:500}\" data-widget_type=\"slides.default\">\n\t\t\t\t<div class=\"elementor-widget-container\">\n\t\t\t\t\t\t\t\t\t<div class=\"elementor-swiper\">\n\t\t\t\t\t<div class=\"elementor-slides-wrapper elementor-main-swiper swiper\" role=\"region\" aria-roledescription=\"carousel\" aria-label=\"Slides\" dir=\"ltr\" data-animation=\"fadeInUp\">\n\t\t\t\t<div class=\"swiper-wrapper elementor-slides\">\n\t\t\t\t\t\t\t\t\t\t<div class=\"elementor-repeater-item-4cf386d swiper-slide\" role=\"group\" aria-roledescription=\"slide\"><div class=\"swiper-slide-bg elementor-ken-burns elementor-ken-burns--in\" role=\"img\" aria-label=\"Screenshot 2024-05-24 at 19.08.49\"><\/div><div class=\"elementor-background-overlay\"><\/div><div class=\"swiper-slide-inner\" ><div class=\"swiper-slide-contents\"><div class=\"elementor-slide-heading\">K\u0130NES\u0130YOLOJ\u0130 LAB<\/div><\/div><\/div><\/div><div class=\"elementor-repeater-item-34c9337 swiper-slide\" role=\"group\" aria-roledescription=\"slide\"><div class=\"swiper-slide-bg elementor-ken-burns elementor-ken-burns--in\" role=\"img\" aria-label=\"Screenshot 2024-05-24 at 19.09.03\"><\/div><div class=\"elementor-background-overlay\"><\/div><div class=\"swiper-slide-inner\" ><div class=\"swiper-slide-contents\"><div class=\"elementor-slide-heading\">Hareket Analizi<\/div><\/div><\/div><\/div><div class=\"elementor-repeater-item-55b79d8 swiper-slide\" role=\"group\" aria-roledescription=\"slide\"><div class=\"swiper-slide-bg elementor-ken-burns elementor-ken-burns--in\" role=\"img\" aria-label=\"Screenshot 2024-05-24 at 19.09.13\"><\/div><div class=\"elementor-background-overlay\"><\/div><div class=\"swiper-slide-inner\" ><div class=\"swiper-slide-contents\"><div class=\"elementor-slide-heading\">\u0130zokinetik Kuvvet - \u00d6l\u00e7\u00fcm, Rehabilitasyon ve Antrenman\u0131<\/div><\/div><\/div><\/div><div class=\"elementor-repeater-item-0d857d8 swiper-slide\" role=\"group\" aria-roledescription=\"slide\"><div class=\"swiper-slide-bg elementor-ken-burns elementor-ken-burns--in\" role=\"img\" aria-label=\"Screenshot 2024-05-24 at 19.09.22\"><\/div><div class=\"elementor-background-overlay\"><\/div><div class=\"swiper-slide-inner\" ><div class=\"swiper-slide-contents\"><div class=\"elementor-slide-heading\">Post\u00fcr Analizi<\/div><\/div><\/div><\/div><div class=\"elementor-repeater-item-dc8d3ca swiper-slide\" role=\"group\" aria-roledescription=\"slide\"><div class=\"swiper-slide-bg elementor-ken-burns elementor-ken-burns--in\" role=\"img\" aria-label=\"Screenshot 2024-05-24 at 19.09.30\"><\/div><div class=\"elementor-background-overlay\"><\/div><div class=\"swiper-slide-inner\" ><div class=\"swiper-slide-contents\"><div class=\"elementor-slide-heading\">Kuvvet Platformu ve Ayak Taban\u0131 Bas\u0131n\u00e7 \u00d6l\u00e7\u00fcmleri<\/div><\/div><\/div><\/div><div class=\"elementor-repeater-item-6da1353 swiper-slide\" role=\"group\" aria-roledescription=\"slide\"><div class=\"swiper-slide-bg elementor-ken-burns elementor-ken-burns--in\" role=\"img\" aria-label=\"Screenshot 2024-05-24 at 19.09.40\"><\/div><div class=\"elementor-background-overlay\"><\/div><div class=\"swiper-slide-inner\" ><div class=\"swiper-slide-contents\"><div class=\"elementor-slide-heading\">Kassal Elektromiyografi (EMG) \u00d6l\u00e7\u00fcm\u00fc<\/div><\/div><\/div><\/div><div class=\"elementor-repeater-item-bd11439 swiper-slide\" role=\"group\" aria-roledescription=\"slide\"><div class=\"swiper-slide-bg elementor-ken-burns elementor-ken-burns--in\" role=\"img\" aria-label=\"Screenshot 2024-05-24 at 19.09.57\"><\/div><div class=\"elementor-background-overlay\"><\/div><div class=\"swiper-slide-inner\" ><div class=\"swiper-slide-contents\"><div class=\"elementor-slide-heading\">Ko\u015fu Analizi<\/div><\/div><\/div><\/div><div class=\"elementor-repeater-item-ebd58a0 swiper-slide\" role=\"group\" aria-roledescription=\"slide\"><div class=\"swiper-slide-bg elementor-ken-burns elementor-ken-burns--in\" role=\"img\" aria-label=\"Screenshot 2024-05-24 at 19.10.06\"><\/div><div class=\"elementor-background-overlay\"><\/div><div class=\"swiper-slide-inner\" ><div class=\"swiper-slide-contents\"><div class=\"elementor-slide-heading\">Eklem Hareketlili\u011fi ve Antropometrik \u00d6l\u00e7\u00fcmler<\/div><\/div><\/div><\/div><div class=\"elementor-repeater-item-3b05bdd swiper-slide\" role=\"group\" aria-roledescription=\"slide\"><div class=\"swiper-slide-bg elementor-ken-burns elementor-ken-burns--in\" role=\"img\" aria-label=\"Screenshot 2024-05-24 at 19.10.14\"><\/div><div class=\"elementor-background-overlay\"><\/div><div class=\"swiper-slide-inner\" ><div class=\"swiper-slide-contents\"><div class=\"elementor-slide-heading\">Atletik Performans ve D\u00fczeltici Antrenman Program\u0131<\/div><\/div><\/div><\/div><div class=\"elementor-repeater-item-79923d7 swiper-slide\" role=\"group\" aria-roledescription=\"slide\"><div class=\"swiper-slide-bg elementor-ken-burns elementor-ken-burns--in\" role=\"img\" aria-label=\"Screenshot 2024-05-25 at 10.17.34\"><\/div><div class=\"elementor-background-overlay\"><\/div><div class=\"swiper-slide-inner\" ><div class=\"swiper-slide-contents\"><div class=\"elementor-slide-heading\">EGZERS\u0130Z F\u0130ZYOLOJ\u0130S\u0130 LAB<\/div><\/div><\/div><\/div><div class=\"elementor-repeater-item-a8b6c0e swiper-slide\" role=\"group\" aria-roledescription=\"slide\"><div class=\"swiper-slide-bg elementor-ken-burns elementor-ken-burns--in\" role=\"img\" aria-label=\"Screenshot 2024-05-25 at 10.21.33\"><\/div><div class=\"elementor-background-overlay\"><\/div><div class=\"swiper-slide-inner\" ><div class=\"swiper-slide-contents\"><div class=\"elementor-slide-heading\">Maksimal - Submaksimal Oksijen T\u00fcketim ve Gaz Analizleri - Metabolik H\u0131z<\/div><\/div><\/div><\/div><div class=\"elementor-repeater-item-38dc5ae swiper-slide\" role=\"group\" aria-roledescription=\"slide\"><div class=\"swiper-slide-bg elementor-ken-burns elementor-ken-burns--in\" role=\"img\" aria-label=\"Screenshot 2024-05-25 at 10.22.49\"><\/div><div class=\"elementor-background-overlay\"><\/div><div class=\"swiper-slide-inner\" ><div class=\"swiper-slide-contents\"><div class=\"elementor-slide-heading\">V\u00fccut Kompozisyon Testleri<\/div><\/div><\/div><\/div><div class=\"elementor-repeater-item-216699a swiper-slide\" role=\"group\" aria-roledescription=\"slide\"><div class=\"swiper-slide-bg elementor-ken-burns elementor-ken-burns--in\" role=\"img\" aria-label=\"Screenshot 2024-05-25 at 10.24.13\"><\/div><div class=\"elementor-background-overlay\"><\/div><div class=\"swiper-slide-inner\" ><div class=\"swiper-slide-contents\"><div class=\"elementor-slide-heading\">Akci\u011fer Kapasitesi \u00d6l\u00e7\u00fcmleri<\/div><\/div><\/div><\/div><div class=\"elementor-repeater-item-b88e067 swiper-slide\" role=\"group\" aria-roledescription=\"slide\"><div class=\"swiper-slide-bg elementor-ken-burns elementor-ken-burns--in\" role=\"img\" aria-label=\"Screenshot 2024-05-25 at 10.25.51\"><\/div><div class=\"elementor-background-overlay\"><\/div><div class=\"swiper-slide-inner\" ><div class=\"swiper-slide-contents\"><div class=\"elementor-slide-heading\">Bran\u015fa \u00d6zg\u00fc Laktat Testleri<\/div><\/div><\/div><\/div><div class=\"elementor-repeater-item-360852e swiper-slide\" role=\"group\" aria-roledescription=\"slide\"><div class=\"swiper-slide-bg elementor-ken-burns elementor-ken-burns--in\" role=\"img\" aria-label=\"Screenshot 2024-05-25 at 10.27.14\"><\/div><div class=\"elementor-background-overlay\"><\/div><div class=\"swiper-slide-inner\" ><div class=\"swiper-slide-contents\"><div class=\"elementor-slide-heading\">Anaerobik Kapasite Testleri<\/div><\/div><\/div><\/div><div class=\"elementor-repeater-item-fe31a41 swiper-slide\" role=\"group\" aria-roledescription=\"slide\"><div class=\"swiper-slide-bg elementor-ken-burns elementor-ken-burns--in\" role=\"img\" aria-label=\"Screenshot 2024-05-25 at 10.28.41\"><\/div><div class=\"elementor-background-overlay\"><\/div><div class=\"swiper-slide-inner\" ><div class=\"swiper-slide-contents\"><div class=\"elementor-slide-heading\">ATLET\u0130K PERFORMANS LAB<\/div><\/div><\/div><\/div><div class=\"elementor-repeater-item-da6d3ab swiper-slide\" role=\"group\" aria-roledescription=\"slide\"><div class=\"swiper-slide-bg elementor-ken-burns elementor-ken-burns--in\" role=\"img\" aria-label=\"Screenshot 2024-05-25 at 10.30.00\"><\/div><div class=\"elementor-background-overlay\"><\/div><div class=\"swiper-slide-inner\" ><div class=\"swiper-slide-contents\"><div class=\"elementor-slide-heading\">Bran\u015fa \u00d6zg\u00fc Sprint - \u00c7eviklik - Reaksiyon Testleri Oksijen T\u00fcketim ve Gaz Analizleri - Metabolik H\u0131z<\/div><\/div><\/div><\/div><div class=\"elementor-repeater-item-7fd369c swiper-slide\" role=\"group\" aria-roledescription=\"slide\"><div class=\"swiper-slide-bg elementor-ken-burns elementor-ken-burns--in\" role=\"img\" aria-label=\"Screenshot 2024-05-25 at 10.31.51\"><\/div><div class=\"elementor-background-overlay\"><\/div><div class=\"swiper-slide-inner\" ><div class=\"swiper-slide-contents\"><div class=\"elementor-slide-heading\">G\u00fc\u00e7 \u00d6l\u00e7\u00fcmleri <\/div><\/div><\/div><\/div><div class=\"elementor-repeater-item-639333b swiper-slide\" role=\"group\" aria-roledescription=\"slide\"><div class=\"swiper-slide-bg elementor-ken-burns elementor-ken-burns--in\" role=\"img\" aria-label=\"Screenshot 2024-05-25 at 10.33.09\"><\/div><div class=\"elementor-background-overlay\"><\/div><div class=\"swiper-slide-inner\" ><div class=\"swiper-slide-contents\"><div class=\"elementor-slide-heading\">Kassal Kuvvet ve Dayan\u0131kl\u0131l\u0131k \u00d6l\u00e7\u00fcmleri<\/div><\/div><\/div><\/div><div class=\"elementor-repeater-item-a9598ed swiper-slide\" role=\"group\" aria-roledescription=\"slide\"><div class=\"swiper-slide-bg elementor-ken-burns elementor-ken-burns--in\" role=\"img\" aria-label=\"Screenshot 2024-05-25 at 10.34.21\"><\/div><div class=\"elementor-background-overlay\"><\/div><div class=\"swiper-slide-inner\" ><div class=\"swiper-slide-contents\"><div class=\"elementor-slide-heading\">Denge ve Koordinasyon \u00d6l\u00e7\u00fcmleri<\/div><\/div><\/div><\/div><div class=\"elementor-repeater-item-60a34f1 swiper-slide\" role=\"group\" aria-roledescription=\"slide\"><div class=\"swiper-slide-bg elementor-ken-burns elementor-ken-burns--in\" role=\"img\" aria-label=\"Screenshot 2024-05-25 at 10.36.56\"><\/div><div class=\"elementor-background-overlay\"><\/div><div class=\"swiper-slide-inner\" ><div class=\"swiper-slide-contents\"><div class=\"elementor-slide-heading\">N\u00d6RO-PS\u0130KOLOJ\u0130 LAB<\/div><\/div><\/div><\/div><div class=\"elementor-repeater-item-a6b8c06 swiper-slide\" role=\"group\" aria-roledescription=\"slide\"><div class=\"swiper-slide-bg elementor-ken-burns elementor-ken-burns--in\" role=\"img\" aria-label=\"Screenshot 2024-05-25 at 10.38.04\"><\/div><div class=\"elementor-background-overlay\"><\/div><div class=\"swiper-slide-inner\" ><div class=\"swiper-slide-contents\"><div class=\"elementor-slide-heading\">EEG - ERP<\/div><\/div><\/div><\/div><div class=\"elementor-repeater-item-bda072f swiper-slide\" role=\"group\" aria-roledescription=\"slide\"><div class=\"swiper-slide-bg elementor-ken-burns elementor-ken-burns--in\" role=\"img\" aria-label=\"Screenshot 2024-05-25 at 10.39.14\"><\/div><div class=\"elementor-background-overlay\"><\/div><div class=\"swiper-slide-inner\" ><div class=\"swiper-slide-contents\"><div class=\"elementor-slide-heading\">fNIRS<\/div><\/div><\/div><\/div><div class=\"elementor-repeater-item-a6b46da swiper-slide\" role=\"group\" aria-roledescription=\"slide\"><div class=\"swiper-slide-bg elementor-ken-burns elementor-ken-burns--in\" role=\"img\" aria-label=\"Screenshot 2024-05-25 at 10.40.36\"><\/div><div class=\"elementor-background-overlay\"><\/div><div class=\"swiper-slide-inner\" ><div class=\"swiper-slide-contents\"><div class=\"elementor-slide-heading\">N\u00f6rofeedback &amp; Biyofeedback Egzersizleri<\/div><\/div><\/div><\/div><div class=\"elementor-repeater-item-c2caf36 swiper-slide\" role=\"group\" aria-roledescription=\"slide\"><div class=\"swiper-slide-bg elementor-ken-burns elementor-ken-burns--in\" role=\"img\" aria-label=\"Screenshot 2024-05-25 at 10.41.53\"><\/div><div class=\"elementor-background-overlay\"><\/div><div class=\"swiper-slide-inner\" ><div class=\"swiper-slide-contents\"><div class=\"elementor-slide-heading\">Sanal Ger\u00e7eklik Destekli Zihinsel Antrenman<\/div><\/div><\/div><\/div><div class=\"elementor-repeater-item-d537bc6 swiper-slide\" role=\"group\" aria-roledescription=\"slide\"><div class=\"swiper-slide-bg elementor-ken-burns elementor-ken-burns--in\" role=\"img\" aria-label=\"Screenshot 2024-05-25 at 10.50.35\"><\/div><div class=\"elementor-background-overlay\"><\/div><div class=\"swiper-slide-inner\" ><div class=\"swiper-slide-contents\"><div class=\"elementor-slide-heading\">Beyin Bilgisayar Aray\u00fcz\u00fc<\/div><\/div><\/div><\/div>\t\t\t\t<\/div>\n\t\t\t\t\t\t\t\t\t\t\t\t\t\t\t<div class=\"elementor-swiper-button elementor-swiper-button-prev\" role=\"button\" tabindex=\"0\" aria-label=\"Previous slide\">\n\t\t\t\t\t\t\t<i aria-hidden=\"true\" class=\"eicon-chevron-left\"><\/i>\t\t\t\t\t\t<\/div>\n\t\t\t\t\t\t<div class=\"elementor-swiper-button elementor-swiper-button-next\" role=\"button\" tabindex=\"0\" aria-label=\"Next slide\">\n\t\t\t\t\t\t\t<i aria-hidden=\"true\" class=\"eicon-chevron-right\"><\/i>\t\t\t\t\t\t<\/div>\n\t\t\t\t\t\t\t\t\t\t\t\t\t\t\t\t<div class=\"swiper-pagination\"><\/div>\n\t\t\t\t\t\t\t\t\t\t\t\t<\/div>\n\t\t\t\t<\/div>\n\t\t\t\t\t\t\t\t<\/div>\n\t\t\t\t<\/div>\n\t\t\t\t\t<\/div>\n\t\t<\/div>\n\t\t\t\t\t<\/div>\n\t\t<\/section>\n\t\t\t\t<section class=\"elementor-section elementor-top-section elementor-element elementor-element-77f616a elementor-section-boxed elementor-section-height-default elementor-section-height-default\" data-id=\"77f616a\" data-element_type=\"section\">\n\t\t\t\t\t\t<div class=\"elementor-container elementor-column-gap-default\">\n\t\t\t\t\t<div class=\"elementor-column elementor-col-100 elementor-top-column elementor-element elementor-element-7b3c1d1\" data-id=\"7b3c1d1\" data-element_type=\"column\">\n\t\t\t<div class=\"elementor-widget-wrap\">\n\t\t\t\t\t\t\t<\/div>\n\t\t<\/div>\n\t\t\t\t\t<\/div>\n\t\t<\/section>\n\t\t\t\t<section class=\"elementor-section elementor-top-section elementor-element elementor-element-a1fafe4 elementor-section-boxed elementor-section-height-default elementor-section-height-default\" data-id=\"a1fafe4\" data-element_type=\"section\">\n\t\t\t\t\t\t<div class=\"elementor-container elementor-column-gap-default\">\n\t\t\t\t\t<div class=\"elementor-column elementor-col-100 elementor-top-column elementor-element elementor-element-52c08a7\" data-id=\"52c08a7\" data-element_type=\"column\">\n\t\t\t<div class=\"elementor-widget-wrap elementor-element-populated\">\n\t\t\t\t\t\t<div class=\"elementor-element elementor-element-fa0ea4e elementor-widget elementor-widget-pdfjs_viewer\" data-id=\"fa0ea4e\" data-element_type=\"widget\" data-widget_type=\"pdfjs_viewer.default\">\n\t\t\t\t<div class=\"elementor-widget-container\">\n\t\t\t\t\t<iframe src=\"https:\/\/atauni.edu.tr\/spor-bilimleri-uygulama-ve-arastirma-merkezi\/wp-content\/plugins\/pdf-viewer-for-elementor\/assets\/pdfjs\/web\/viewer.html?file=https:\/\/birimler.atauni.edu.tr\/spor-bilimleri-uygulama-ve-arastirma-merkezi\/wp-content\/uploads\/sites\/721\/2025\/07\/Spor-Bilimleri-Kitapc\u0327ik-Son.pdf&amp;embedded=true\" style=\"display: block; margin-left: auto; margin-right: auto; width: 740px; height: 1020px;\" frameborder=\"1\" marginheight=\"0px\" marginwidth=\"0px\" allowfullscreen><\/iframe>\t\t\t\t<\/div>\n\t\t\t\t<\/div>\n\t\t\t\t\t<\/div>\n\t\t<\/div>\n\t\t\t\t\t<\/div>\n\t\t<\/section>\n\t\t\t\t<\/div>\n\t\t","protected":false},"excerpt":{"rendered":"<p>K\u0130NES\u0130YOLOJ\u0130 LABHareket Analizi\u0130zokinetik Kuvvet &#8211; \u00d6l\u00e7\u00fcm, Rehabilitasyon ve Antrenman\u0131Post\u00fcr AnaliziKuvvet Platformu ve Ayak Taban\u0131 Bas\u0131n\u00e7 \u00d6l\u00e7\u00fcmleriKassal Elektromiyografi (EMG) \u00d6l\u00e7\u00fcm\u00fcKo\u015fu AnaliziEklem Hareketlili\u011fi ve Antropometrik \u00d6l\u00e7\u00fcmlerAtletik Performans ve D\u00fczeltici Antrenman Program\u0131EGZERS\u0130Z F\u0130ZYOLOJ\u0130S\u0130 LABMaksimal &#8211; Submaksimal Oksijen T\u00fcketim ve Gaz Analizleri &#8211; Metabolik H\u0131zV\u00fccut Kompozisyon TestleriAkci\u011fer Kapasitesi \u00d6l\u00e7\u00fcmleriBran\u015fa \u00d6zg\u00fc Laktat TestleriAnaerobik Kapasite TestleriATLET\u0130K PERFORMANS LABBran\u015fa \u00d6zg\u00fc Sprint &#8211; [&hellip;]<\/p>\n","protected":false},"author":1,"featured_media":0,"parent":0,"menu_order":0,"comment_status":"closed","ping_status":"closed","template":"elementor_header_footer","meta":{"footnotes":""},"class_list":["post-68","page","type-page","status-publish","hentry"],"_links":{"self":[{"href":"https:\/\/atauni.edu.tr\/spor-bilimleri-uygulama-ve-arastirma-merkezi\/wp-json\/wp\/v2\/pages\/68","targetHints":{"allow":["GET"]}}],"collection":[{"href":"https:\/\/atauni.edu.tr\/spor-bilimleri-uygulama-ve-arastirma-merkezi\/wp-json\/wp\/v2\/pages"}],"about":[{"href":"https:\/\/atauni.edu.tr\/spor-bilimleri-uygulama-ve-arastirma-merkezi\/wp-json\/wp\/v2\/types\/page"}],"author":[{"embeddable":true,"href":"https:\/\/atauni.edu.tr\/spor-bilimleri-uygulama-ve-arastirma-merkezi\/wp-json\/wp\/v2\/users\/1"}],"replies":[{"embeddable":true,"href":"https:\/\/atauni.edu.tr\/spor-bilimleri-uygulama-ve-arastirma-merkezi\/wp-json\/wp\/v2\/comments?post=68"}],"version-history":[{"count":127,"href":"https:\/\/atauni.edu.tr\/spor-bilimleri-uygulama-ve-arastirma-merkezi\/wp-json\/wp\/v2\/pages\/68\/revisions"}],"predecessor-version":[{"id":6330,"href":"https:\/\/atauni.edu.tr\/spor-bilimleri-uygulama-ve-arastirma-merkezi\/wp-json\/wp\/v2\/pages\/68\/revisions\/6330"}],"wp:attachment":[{"href":"https:\/\/atauni.edu.tr\/spor-bilimleri-uygulama-ve-arastirma-merkezi\/wp-json\/wp\/v2\/media?parent=68"}],"curies":[{"name":"wp","href":"https:\/\/api.w.org\/{rel}","templated":true}]}}