{"id":5804,"date":"2021-07-13T14:23:19","date_gmt":"2021-07-13T11:23:19","guid":{"rendered":"https:\/\/portaltest.atauni.edu.tr\/muhendislik-fakultesi\/?page_id=5804"},"modified":"2024-01-16T18:27:46","modified_gmt":"2024-01-16T15:27:46","slug":"yandal-programlar","status":"publish","type":"page","link":"https:\/\/atauni.edu.tr\/su-urunleri-fakultesi\/yandal-programlar\/","title":{"rendered":"Yandal Programlar"},"content":{"rendered":"\n<p><\/p>\n\n\n\n<div data-wp-interactive=\"core\/file\" class=\"wp-block-file\"><object data-wp-bind--hidden=\"!state.hasPdfPreview\" hidden class=\"wp-block-file__embed\" data=\"https:\/\/birimler.atauni.edu.tr\/su-urunleri-fakultesi\/wp-content\/uploads\/sites\/72\/2024\/01\/cift-anadal-yandal.pdf\" type=\"application\/pdf\" style=\"width:100%;height:600px\" aria-label=\"cift-anadal-yandal g\u00f6m\u00fcs\u00fc.\"><\/object><a id=\"wp-block-file--media-eb90c82c-8247-4177-b6a4-694752ddab0c\" href=\"https:\/\/birimler.atauni.edu.tr\/su-urunleri-fakultesi\/wp-content\/uploads\/sites\/72\/2024\/01\/cift-anadal-yandal.pdf\">cift-anadal-yandal<\/a><a href=\"https:\/\/birimler.atauni.edu.tr\/su-urunleri-fakultesi\/wp-content\/uploads\/sites\/72\/2024\/01\/cift-anadal-yandal.pdf\" class=\"wp-block-file__button wp-element-button\" download aria-describedby=\"wp-block-file--media-eb90c82c-8247-4177-b6a4-694752ddab0c\">\u0130ndir<br><\/a><\/div>\n\n\n\n<p><\/p>\n\n\n<h2>Yandal Programlar<\/h2>","protected":false},"excerpt":{"rendered":"<p>Yandal Programlar<\/p>\n","protected":false},"author":1,"featured_media":0,"parent":0,"menu_order":0,"comment_status":"closed","ping_status":"closed","template":"","meta":{"footnotes":""},"class_list":["post-5804","page","type-page","status-publish","hentry"],"_links":{"self":[{"href":"https:\/\/atauni.edu.tr\/su-urunleri-fakultesi\/wp-json\/wp\/v2\/pages\/5804","targetHints":{"allow":["GET"]}}],"collection":[{"href":"https:\/\/atauni.edu.tr\/su-urunleri-fakultesi\/wp-json\/wp\/v2\/pages"}],"about":[{"href":"https:\/\/atauni.edu.tr\/su-urunleri-fakultesi\/wp-json\/wp\/v2\/types\/page"}],"author":[{"embeddable":true,"href":"https:\/\/atauni.edu.tr\/su-urunleri-fakultesi\/wp-json\/wp\/v2\/users\/1"}],"replies":[{"embeddable":true,"href":"https:\/\/atauni.edu.tr\/su-urunleri-fakultesi\/wp-json\/wp\/v2\/comments?post=5804"}],"version-history":[{"count":16,"href":"https:\/\/atauni.edu.tr\/su-urunleri-fakultesi\/wp-json\/wp\/v2\/pages\/5804\/revisions"}],"predecessor-version":[{"id":11338,"href":"https:\/\/atauni.edu.tr\/su-urunleri-fakultesi\/wp-json\/wp\/v2\/pages\/5804\/revisions\/11338"}],"wp:attachment":[{"href":"https:\/\/atauni.edu.tr\/su-urunleri-fakultesi\/wp-json\/wp\/v2\/media?parent=5804"}],"curies":[{"name":"wp","href":"https:\/\/api.w.org\/{rel}","templated":true}]}}