{"id":5638,"date":"2021-07-13T09:49:25","date_gmt":"2021-07-13T06:49:25","guid":{"rendered":"https:\/\/portaltest.atauni.edu.tr\/bilgisayar-muhendisligi\/?page_id=5638"},"modified":"2025-11-04T17:56:55","modified_gmt":"2025-11-04T14:56:55","slug":"tarihce","status":"publish","type":"page","link":"https:\/\/atauni.edu.tr\/tarih\/tarihce\/","title":{"rendered":"Tarih\u00e7e"},"content":{"rendered":"\t\t<div data-elementor-type=\"wp-page\" data-elementor-id=\"5638\" class=\"elementor elementor-5638\" data-elementor-post-type=\"page\">\n\t\t\t\t\t\t<section class=\"elementor-section elementor-top-section elementor-element elementor-element-730d320 elementor-section-boxed elementor-section-height-default elementor-section-height-default\" data-id=\"730d320\" data-element_type=\"section\">\n\t\t\t\t\t\t<div class=\"elementor-container elementor-column-gap-default\">\n\t\t\t\t\t<div class=\"elementor-column elementor-col-100 elementor-top-column elementor-element elementor-element-753d0860\" data-id=\"753d0860\" data-element_type=\"column\">\n\t\t\t<div class=\"elementor-widget-wrap\">\n\t\t\t\t\t\t\t<\/div>\n\t\t<\/div>\n\t\t\t\t\t<\/div>\n\t\t<\/section>\n\t\t\t\t<section class=\"elementor-section elementor-top-section elementor-element elementor-element-9be811a elementor-section-boxed elementor-section-height-default elementor-section-height-default\" data-id=\"9be811a\" data-element_type=\"section\">\n\t\t\t\t\t\t<div class=\"elementor-container elementor-column-gap-default\">\n\t\t\t\t\t<div class=\"elementor-column elementor-col-100 elementor-top-column elementor-element elementor-element-1ed847b7\" data-id=\"1ed847b7\" data-element_type=\"column\">\n\t\t\t<div class=\"elementor-widget-wrap elementor-element-populated\">\n\t\t\t\t\t\t<div class=\"elementor-element elementor-element-4ce0d07f elementor-widget elementor-widget-heading\" data-id=\"4ce0d07f\" data-element_type=\"widget\" data-widget_type=\"heading.default\">\n\t\t\t\t<div class=\"elementor-widget-container\">\n\t\t\t\t\t<h2 class=\"elementor-heading-title elementor-size-default\">Tarih\u00e7e<\/h2>\t\t\t\t<\/div>\n\t\t\t\t<\/div>\n\t\t\t\t<div class=\"elementor-element elementor-element-63260862 elementor-widget-divider--view-line elementor-widget elementor-widget-divider\" data-id=\"63260862\" data-element_type=\"widget\" data-widget_type=\"divider.default\">\n\t\t\t\t<div class=\"elementor-widget-container\">\n\t\t\t\t\t\t\t<div class=\"elementor-divider\">\n\t\t\t<span class=\"elementor-divider-separator\">\n\t\t\t\t\t\t<\/span>\n\t\t<\/div>\n\t\t\t\t\t\t<\/div>\n\t\t\t\t<\/div>\n\t\t\t\t\t<\/div>\n\t\t<\/div>\n\t\t\t\t\t<\/div>\n\t\t<\/section>\n\t\t\t\t<section class=\"elementor-section elementor-top-section elementor-element elementor-element-681db8b elementor-section-boxed elementor-section-height-default elementor-section-height-default\" data-id=\"681db8b\" data-element_type=\"section\">\n\t\t\t\t\t\t<div class=\"elementor-container elementor-column-gap-default\">\n\t\t\t\t\t<div class=\"elementor-column elementor-col-100 elementor-top-column elementor-element elementor-element-ad4dac5\" data-id=\"ad4dac5\" data-element_type=\"column\">\n\t\t\t<div class=\"elementor-widget-wrap elementor-element-populated\">\n\t\t\t\t\t\t<div class=\"elementor-element elementor-element-2f96b3d elementor-widget__width-initial elementor-widget elementor-widget-text-editor\" data-id=\"2f96b3d\" data-element_type=\"widget\" data-widget_type=\"text-editor.default\">\n\t\t\t\t<div class=\"elementor-widget-container\">\n\t\t\t\t\t\t\t\t\t<h2 data-start=\"414\" data-end=\"483\">Atat\u00fcrk \u00dcniversitesi Edebiyat Fak\u00fcltesi Tarih B\u00f6l\u00fcm\u00fc Tarih\u00e7esi<\/h2><p data-start=\"485\" data-end=\"1018\">1958 y\u0131l\u0131nda Fen-Edebiyat Fak\u00fcltesi b\u00fcnyesinde kurulan Tarih B\u00f6l\u00fcm\u00fc, 1968 y\u0131l\u0131nda Sosyal ve Be\u015fer\u00ee Bilimler B\u00f6l\u00fcm\u00fc i\u00e7erisinde bir dal olarak yer alm\u0131\u015ft\u0131r. Bu ara d\u00f6nemde akademik kadrosunu g\u00fc\u00e7lendiren Tarih Dal\u0131, 1972 y\u0131l\u0131nda yeniden ba\u011f\u0131ms\u0131z bir b\u00f6l\u00fcm h\u00e2line getirilmi\u015ftir. 1972-1973 \u00f6\u011fretim y\u0131l\u0131nda 27 \u00f6\u011frenci ile lisans e\u011fitimine; 1985-1986 \u00f6\u011fretim y\u0131l\u0131nda ise lisans\u00fcst\u00fc e\u011fitime ba\u015flayan b\u00f6l\u00fcm\u00fcm\u00fcz, 2008 y\u0131l\u0131nda Fen-Edebiyat Fak\u00fcltesi\u2019nin Fen ve Edebiyat olarak ikiye ayr\u0131lmas\u0131yla Edebiyat Fak\u00fcltesi b\u00fcnyesine d\u00e2hil edilmi\u015ftir.<\/p><p data-start=\"1020\" data-end=\"1446\">Tarih B\u00f6l\u00fcm\u00fc, bug\u00fcn 27 \u00f6\u011fretim \u00fcyesi, 2 ara\u015ft\u0131rma g\u00f6revlisi doktor ve 2 ara\u015ft\u0131rma g\u00f6revlisi ile \u00f6rg\u00fcn, ikinci \u00f6\u011fretim ve lisans\u00fcst\u00fc d\u00fczeylerde e\u011fitim-\u00f6\u011fretim faaliyetlerini s\u00fcrd\u00fcrmektedir. B\u00f6l\u00fcm\u00fcm\u00fcz, ad\u0131n\u0131 ta\u015f\u0131d\u0131\u011f\u0131 Ulu \u00d6nder Gazi Mustafa Kemal Atat\u00fcrk\u2019\u00fcn toplumu \u00e7a\u011fda\u015f medeniyetler seviyesine ula\u015ft\u0131rma vizyonu do\u011frultusunda; bilimsel, \u00f6zg\u00fcr ve \u00e7a\u011fda\u015f bir e\u011fitim anlay\u0131\u015f\u0131yla y\u00fcksek\u00f6\u011fretim ilkelerine uygun bi\u00e7imde \u00f6rg\u00fctlenmi\u015ftir.<\/p><p data-start=\"1448\" data-end=\"1695\">B\u00f6l\u00fcm\u00fcm\u00fczde <strong data-start=\"1460\" data-end=\"1479\">Eski \u00c7a\u011f Tarihi<\/strong>, <strong data-start=\"1481\" data-end=\"1500\">Orta \u00c7a\u011f Tarihi<\/strong>, <strong data-start=\"1502\" data-end=\"1521\">Yeni \u00c7a\u011f Tarihi<\/strong>, <strong data-start=\"1523\" data-end=\"1543\">Yak\u0131n \u00c7a\u011f Tarihi<\/strong>, <strong data-start=\"1545\" data-end=\"1575\">T\u00fcrkiye Cumhuriyeti Tarihi<\/strong>, <strong data-start=\"1577\" data-end=\"1598\">Genel T\u00fcrk Tarihi<\/strong> ve <strong data-start=\"1602\" data-end=\"1647\">Osmanl\u0131 M\u00fcesseseleri ve Medeniyeti Tarihi<\/strong> olmak \u00fczere yedi Anabilim Dal\u0131 bulunmaktad\u0131r.<\/p><p data-start=\"1697\" data-end=\"2153\">B\u00f6l\u00fcm\u00fcm\u00fcz b\u00fcnyesinde, \u00f6\u011frencilerimizin akademik ve sosyal geli\u015fimlerini desteklemek amac\u0131yla <strong data-start=\"1790\" data-end=\"1806\">Tarih Kul\u00fcb\u00fc<\/strong>, <strong data-start=\"1808\" data-end=\"1843\">ATA K\u00fclt\u00fcr-Sanat Kul\u00fcb\u00fc<\/strong> ve <strong data-start=\"1847\" data-end=\"1866\">M\u00fcnazara Kul\u00fcb\u00fc<\/strong> aktif olarak faaliyet g\u00f6stermektedir. Bu kul\u00fcpler, \u00f6\u011fretim \u00fcyelerimizin rehberli\u011finde \u00e7e\u015fitli k\u00fclt\u00fcrel, sanatsal ve d\u00fc\u015f\u00fcnsel etkinlikler d\u00fczenlemekte; b\u00f6l\u00fcm\u00fcm\u00fcz ayr\u0131ca belirli aral\u0131klarla sempozyum, konferans ve panel gibi bilimsel etkinliklerle akademik etkile\u015fimi g\u00fc\u00e7lendirmektedir.<\/p><p data-start=\"2155\" data-end=\"2648\">Tarih B\u00f6l\u00fcm\u00fc \u00f6\u011fretim \u00fcyeleri; <strong data-start=\"2185\" data-end=\"2206\">T\u00fcrk Tarih Kurumu<\/strong>, <strong data-start=\"2208\" data-end=\"2247\">Geleneksel Spor Dallar\u0131 Federasyonu<\/strong>, <strong data-start=\"2249\" data-end=\"2297\">Atat\u00fcrk \u0130lkeleri ve \u0130nk\u0131l\u00e2p Tarihi Enstit\u00fcs\u00fc<\/strong>, <strong data-start=\"2299\" data-end=\"2335\">T\u00fcrkiyat Ara\u015ft\u0131rmalar\u0131 Enstit\u00fcs\u00fc<\/strong>, <strong data-start=\"2337\" data-end=\"2366\">Sosyal Bilimler Enstit\u00fcs\u00fc<\/strong>, <strong data-start=\"2368\" data-end=\"2396\">G\u00fczel Sanatlar Enstit\u00fcs\u00fc<\/strong>, <strong data-start=\"2398\" data-end=\"2444\">T\u00fcrk-Ermeni \u0130li\u015fkilerini Ara\u015ft\u0131rma Merkezi<\/strong>, <strong data-start=\"2446\" data-end=\"2480\">Stratejik Ara\u015ft\u0131rmalar Merkezi<\/strong>, <strong data-start=\"2482\" data-end=\"2535\">Ortado\u011fu-Orta Asya ve Kafkaslar Ara\u015ft\u0131rma Merkezi<\/strong> ve <strong data-start=\"2539\" data-end=\"2570\">Kud\u00fcs Ara\u015ft\u0131rmalar\u0131 Merkezi<\/strong> ba\u015fta olmak \u00fczere \u00fcniversitemizin \u00e7e\u015fitli birimlerinde g\u00f6rev almaktad\u0131rlar.<\/p><p data-start=\"2650\" data-end=\"2927\">B\u00f6l\u00fcm\u00fcm\u00fcz; insan haklar\u0131na sayg\u0131l\u0131, demokratik bir \u00fcniversitenin ama\u00e7lar\u0131 do\u011frultusunda yeni de\u011ferler \u00fcretmeyi; tarih bilgisi ve donan\u0131m\u0131na sahip, objektif de\u011ferlendirmeler yapabilen, geli\u015fime a\u00e7\u0131k, yenilik\u00e7i ve etik de\u011ferlere sayg\u0131l\u0131 bireyler yeti\u015ftirmeyi misyon edinmi\u015ftir.<\/p><p data-start=\"2929\" data-end=\"3429\">E\u011fitim-\u00f6\u011fretim faaliyetlerinde <strong data-start=\"2960\" data-end=\"2980\">kalite g\u00fcvencesi<\/strong>ni temel ilke olarak benimseyen b\u00f6l\u00fcm\u00fcm\u00fcz, s\u00fcrekli iyile\u015ftirme anlay\u0131\u015f\u0131yla \u00e7al\u0131\u015fmalar\u0131n\u0131 s\u00fcrd\u00fcrmektedir. Bu kapsamda, \u00f6rg\u00fcn \u00f6\u011fretim program\u0131m\u0131z 2022 y\u0131l\u0131nda 2 y\u0131ll\u0131\u011f\u0131na; ikinci \u00f6\u011fretim program\u0131m\u0131z ise 2024 y\u0131l\u0131nda 5 y\u0131ll\u0131\u011f\u0131na <strong data-start=\"3206\" data-end=\"3215\">FEDEK<\/strong> taraf\u0131ndan akredite edilmi\u015ftir. B\u00f6ylece b\u00f6l\u00fcm\u00fcm\u00fcz, e\u011fitim kalitesini ulusal d\u00fczeyde tescilleyerek \u00f6\u011frencilerine ve mezunlar\u0131na <strong data-start=\"3343\" data-end=\"3394\">uluslararas\u0131 standartlarda bir \u00f6\u011frenim deneyimi<\/strong> sunma vizyonunu g\u00fc\u00e7lendirmi\u015ftir.<\/p><p data-start=\"3431\" data-end=\"3866\">B\u00f6l\u00fcm\u00fcm\u00fczde y\u00fcr\u00fct\u00fclen e\u011fitim, \u00f6\u011fretim ve bilimsel ara\u015ft\u0131rma s\u00fcre\u00e7leri; <strong data-start=\"3502\" data-end=\"3575\">Atat\u00fcrk \u00dcniversitesi Yeni Nesil \u00dcniversite Tasar\u0131m ve D\u00f6n\u00fc\u015f\u00fcm Projesi<\/strong> hedefleri ile <strong data-start=\"3590\" data-end=\"3622\">FEDEK akreditasyon \u00e7\u0131kt\u0131lar\u0131<\/strong> do\u011frultusunda planl\u0131, sistematik ve titiz bir bi\u00e7imde s\u00fcrd\u00fcr\u00fclmektedir. Bu do\u011frultuda b\u00f6l\u00fcm\u00fcm\u00fcz, kalite g\u00fcvencesi k\u00fclt\u00fcr\u00fcn\u00fc her d\u00fczeyde benimsemekte ve s\u00fcrekli iyile\u015ftirme yakla\u015f\u0131m\u0131n\u0131 e\u011fitim-\u00f6\u011fretim faaliyetlerinin merkezine yerle\u015ftirmektedir.<\/p>\t\t\t\t\t\t\t\t<\/div>\n\t\t\t\t<\/div>\n\t\t\t\t\t<\/div>\n\t\t<\/div>\n\t\t\t\t\t<\/div>\n\t\t<\/section>\n\t\t\t\t<\/div>\n\t\t","protected":false},"excerpt":{"rendered":"<p>Tarih\u00e7e Atat\u00fcrk \u00dcniversitesi Edebiyat Fak\u00fcltesi Tarih B\u00f6l\u00fcm\u00fc Tarih\u00e7esi 1958 y\u0131l\u0131nda Fen-Edebiyat Fak\u00fcltesi b\u00fcnyesinde kurulan Tarih B\u00f6l\u00fcm\u00fc, 1968 y\u0131l\u0131nda Sosyal ve Be\u015fer\u00ee Bilimler B\u00f6l\u00fcm\u00fc i\u00e7erisinde bir dal olarak yer alm\u0131\u015ft\u0131r. Bu ara d\u00f6nemde akademik kadrosunu g\u00fc\u00e7lendiren Tarih Dal\u0131, 1972 y\u0131l\u0131nda yeniden ba\u011f\u0131ms\u0131z bir b\u00f6l\u00fcm h\u00e2line getirilmi\u015ftir. 1972-1973 \u00f6\u011fretim y\u0131l\u0131nda 27 \u00f6\u011frenci ile lisans e\u011fitimine; 1985-1986 \u00f6\u011fretim [&hellip;]<\/p>\n","protected":false},"author":1,"featured_media":0,"parent":0,"menu_order":0,"comment_status":"closed","ping_status":"closed","template":"","meta":{"footnotes":""},"class_list":["post-5638","page","type-page","status-publish","hentry"],"_links":{"self":[{"href":"https:\/\/atauni.edu.tr\/tarih\/wp-json\/wp\/v2\/pages\/5638","targetHints":{"allow":["GET"]}}],"collection":[{"href":"https:\/\/atauni.edu.tr\/tarih\/wp-json\/wp\/v2\/pages"}],"about":[{"href":"https:\/\/atauni.edu.tr\/tarih\/wp-json\/wp\/v2\/types\/page"}],"author":[{"embeddable":true,"href":"https:\/\/atauni.edu.tr\/tarih\/wp-json\/wp\/v2\/users\/1"}],"replies":[{"embeddable":true,"href":"https:\/\/atauni.edu.tr\/tarih\/wp-json\/wp\/v2\/comments?post=5638"}],"version-history":[{"count":40,"href":"https:\/\/atauni.edu.tr\/tarih\/wp-json\/wp\/v2\/pages\/5638\/revisions"}],"predecessor-version":[{"id":8076,"href":"https:\/\/atauni.edu.tr\/tarih\/wp-json\/wp\/v2\/pages\/5638\/revisions\/8076"}],"wp:attachment":[{"href":"https:\/\/atauni.edu.tr\/tarih\/wp-json\/wp\/v2\/media?parent=5638"}],"curies":[{"name":"wp","href":"https:\/\/api.w.org\/{rel}","templated":true}]}}