{"id":7224,"date":"2022-10-21T23:26:20","date_gmt":"2022-10-21T20:26:20","guid":{"rendered":"https:\/\/birimler.atauni.edu.tr\/tarim-makinalari-ve-teknolojileri-muhendisligi-bolumu\/?page_id=7224"},"modified":"2022-10-22T00:11:43","modified_gmt":"2022-10-21T21:11:43","slug":"paydaslarimiz","status":"publish","type":"page","link":"https:\/\/atauni.edu.tr\/tarim-makinalari-muhendisligi\/paydaslarimiz\/","title":{"rendered":"Payda\u015flar\u0131m\u0131z"},"content":{"rendered":"\t\t<div data-elementor-type=\"wp-page\" data-elementor-id=\"7224\" class=\"elementor elementor-7224\" data-elementor-post-type=\"page\">\n\t\t\t\t\t\t<section class=\"elementor-section elementor-top-section elementor-element elementor-element-fd37539 elementor-section-boxed elementor-section-height-default elementor-section-height-default\" data-id=\"fd37539\" data-element_type=\"section\">\n\t\t\t\t\t\t<div class=\"elementor-container elementor-column-gap-default\">\n\t\t\t\t\t<div class=\"elementor-column elementor-col-100 elementor-top-column elementor-element elementor-element-b773e3a\" data-id=\"b773e3a\" data-element_type=\"column\">\n\t\t\t<div class=\"elementor-widget-wrap elementor-element-populated\">\n\t\t\t\t\t\t<div class=\"elementor-element elementor-element-f637ccc elementor-widget elementor-widget-text-editor\" data-id=\"f637ccc\" data-element_type=\"widget\" data-widget_type=\"text-editor.default\">\n\t\t\t\t<div class=\"elementor-widget-container\">\n\t\t\t\t\t\t\t\t\t<table width=\"479\"><tbody><tr><td width=\"158\">\u0130*** A*** D***<\/td><td width=\"321\">Elaz\u0131\u011f Keban Tar\u0131m Kredi Kooperatifi<\/td><\/tr><tr><td>Y*** E*** U***<\/td><td>Freshbak<\/td><\/tr><tr><td>M*** A***<\/td><td>Yaylada\u011f\u0131 \u0130l\u00e7e Tar\u0131m ve Orman M\u00fcd\u00fcrl\u00fc\u011f\u00fc<\/td><\/tr><tr><td>N*** D*** T***<\/td><td>\u00c7aykur Hayrat \u00c7ay Fabrikas\u0131<\/td><\/tr><tr><td>H*** T***<\/td><td>\u00c7at \u0130l\u00e7e Tar\u0131m ve Orman M\u00fcd\u00fcrl\u00fc\u011f\u00fc, \u00c7at \/ Erzurum<\/td><\/tr><tr><td>H*** S***<\/td><td>Do\u011fu\u015f \u00c7ay<\/td><\/tr><tr><td>M*** D***<\/td><td>Tar\u0131m Kredi Yem Sanayi Tic. A\u015e.<\/td><\/tr><tr><td>A*** K***<\/td><td>Tar\u0131msan M\u00fchendislik Ltd. \u015eti.<\/td><\/tr><tr><td>H*** T***<\/td><td>Tar\u0131m Kredi Kooperatifleri Erzurum B\u00f6lge Birli\u011fi<\/td><\/tr><tr><td>S*** O*** P***<\/td><td>Sukkar \u015eeker \u00dcretim A\u015e<\/td><\/tr><tr><td>\u00c7*** S***<\/td><td>DAP B\u00f6lge Kalk\u0131nma \u0130daresi Ba\u015fkanl\u0131\u011f\u0131<\/td><\/tr><tr><td>E*** U***<\/td><td>Pasinler \u0130l\u00e7e Tar\u0131m ve Orman M\u00fcd\u00fcrl\u00fc\u011f\u00fc<\/td><\/tr><tr><td>B*** H***<\/td><td>Erzurum B\u00fcy\u00fck\u015fehir Belediyesi<\/td><\/tr><tr><td>M*** D***<\/td><td>Mezun<\/td><\/tr><tr><td>B*** B*** \u00c7***<\/td><td>Lisans\u00fcst\u00fc E\u011fitim<\/td><\/tr><tr><td>A*** M*** O***<\/td><td>IS COME SERVICE Oval Afrika Group<\/td><\/tr><tr><td>C*** G***<\/td><td>Lisans\u00fcst\u00fc E\u011fitim<\/td><\/tr><tr><td>M*** Y***<\/td><td>Mezun<\/td><\/tr><tr><td>M*** A***<\/td><td>Lisans\u00fcst\u00fc E\u011fitim<\/td><\/tr><tr><td>B*** G***<\/td><td>Lisans\u00fcst\u00fc E\u011fitim<\/td><\/tr><tr><td>E*** T***<\/td><td>Mezun<\/td><\/tr><tr><td>E*** S*** D***<\/td><td>Lisans\u00fcst\u00fc E\u011fitim<\/td><\/tr><tr><td>A*** S***<\/td><td>Mezun<\/td><\/tr><tr><td>B*** P***<\/td><td>Mezun<\/td><\/tr><tr><td>H*** \u015e***<\/td><td>Mezun<\/td><\/tr><tr><td>K*** Y***<\/td><td>\u00dcnl\u00fc Ziraat Aletleri A.\u015e<\/td><\/tr><tr><td>H*** \u015e***<\/td><td>Mezun<\/td><\/tr><tr><td>H*** A***<\/td><td>Mezun<\/td><\/tr><tr><td>S*** \u015e***<\/td><td>Mezun<\/td><\/tr><\/tbody><\/table>\t\t\t\t\t\t\t\t<\/div>\n\t\t\t\t<\/div>\n\t\t\t\t\t<\/div>\n\t\t<\/div>\n\t\t\t\t\t<\/div>\n\t\t<\/section>\n\t\t\t\t<section class=\"elementor-section elementor-top-section elementor-element elementor-element-8874033 elementor-section-boxed elementor-section-height-default elementor-section-height-default\" data-id=\"8874033\" data-element_type=\"section\">\n\t\t\t\t\t\t<div class=\"elementor-container elementor-column-gap-default\">\n\t\t\t\t\t<div class=\"elementor-column elementor-col-100 elementor-top-column elementor-element elementor-element-a448b8c\" data-id=\"a448b8c\" data-element_type=\"column\">\n\t\t\t<div class=\"elementor-widget-wrap elementor-element-populated\">\n\t\t\t\t\t\t<div class=\"elementor-element elementor-element-eca32ce elementor-position-top elementor-widget elementor-widget-image-box\" data-id=\"eca32ce\" data-element_type=\"widget\" data-widget_type=\"image-box.default\">\n\t\t\t\t<div class=\"elementor-widget-container\">\n\t\t\t\t\t<div class=\"elementor-image-box-wrapper\"><figure class=\"elementor-image-box-img\"><img fetchpriority=\"high\" decoding=\"async\" width=\"1917\" height=\"1047\" src=\"https:\/\/atauni.edu.tr\/tarim-makinalari-muhendisligi\/wp-content\/uploads\/sites\/160\/2022\/10\/DIS-PAYDAS-TOPLANTISI.jpg\" class=\"attachment-full size-full wp-image-7242\" alt=\"\" srcset=\"https:\/\/atauni.edu.tr\/tarim-makinalari-muhendisligi\/wp-content\/uploads\/sites\/160\/2022\/10\/DIS-PAYDAS-TOPLANTISI.jpg 1917w, https:\/\/atauni.edu.tr\/tarim-makinalari-muhendisligi\/wp-content\/uploads\/sites\/160\/2022\/10\/DIS-PAYDAS-TOPLANTISI-300x164.jpg 300w, https:\/\/atauni.edu.tr\/tarim-makinalari-muhendisligi\/wp-content\/uploads\/sites\/160\/2022\/10\/DIS-PAYDAS-TOPLANTISI-1024x559.jpg 1024w, https:\/\/atauni.edu.tr\/tarim-makinalari-muhendisligi\/wp-content\/uploads\/sites\/160\/2022\/10\/DIS-PAYDAS-TOPLANTISI-768x419.jpg 768w, https:\/\/atauni.edu.tr\/tarim-makinalari-muhendisligi\/wp-content\/uploads\/sites\/160\/2022\/10\/DIS-PAYDAS-TOPLANTISI-1536x839.jpg 1536w, https:\/\/atauni.edu.tr\/tarim-makinalari-muhendisligi\/wp-content\/uploads\/sites\/160\/2022\/10\/DIS-PAYDAS-TOPLANTISI-600x328.jpg 600w, https:\/\/atauni.edu.tr\/tarim-makinalari-muhendisligi\/wp-content\/uploads\/sites\/160\/2022\/10\/DIS-PAYDAS-TOPLANTISI-560x306.jpg 560w\" sizes=\"(max-width: 1917px) 100vw, 1917px\" \/><\/figure><div class=\"elementor-image-box-content\"><h3 class=\"elementor-image-box-title\">Payda\u015f Toplant\u0131s\u0131<\/h3><p class=\"elementor-image-box-description\">Program E\u011fitim Ama\u00e7lar\u0131 ve \u00c7\u0131kt\u0131lar\u0131n\u0131n g\u00fcncellenmesi i\u00e7in payda\u015f toplant\u0131s\u0131 ger\u00e7ekle\u015ftirilmi\u015ftir.<\/p><\/div><\/div>\t\t\t\t<\/div>\n\t\t\t\t<\/div>\n\t\t\t\t\t<\/div>\n\t\t<\/div>\n\t\t\t\t\t<\/div>\n\t\t<\/section>\n\t\t\t\t<\/div>\n\t\t","protected":false},"excerpt":{"rendered":"<p>\u0130*** A*** D*** Elaz\u0131\u011f Keban Tar\u0131m Kredi Kooperatifi Y*** E*** U*** Freshbak M*** A*** Yaylada\u011f\u0131 \u0130l\u00e7e Tar\u0131m ve Orman M\u00fcd\u00fcrl\u00fc\u011f\u00fc N*** D*** T*** \u00c7aykur Hayrat \u00c7ay Fabrikas\u0131 H*** T*** \u00c7at \u0130l\u00e7e Tar\u0131m ve Orman M\u00fcd\u00fcrl\u00fc\u011f\u00fc, \u00c7at \/ Erzurum H*** S*** Do\u011fu\u015f \u00c7ay M*** D*** Tar\u0131m Kredi Yem Sanayi Tic. A\u015e. A*** K*** Tar\u0131msan M\u00fchendislik Ltd. [&hellip;]<\/p>\n","protected":false},"author":143,"featured_media":0,"parent":0,"menu_order":0,"comment_status":"closed","ping_status":"closed","template":"","meta":{"footnotes":""},"class_list":["post-7224","page","type-page","status-publish","hentry"],"_links":{"self":[{"href":"https:\/\/atauni.edu.tr\/tarim-makinalari-muhendisligi\/wp-json\/wp\/v2\/pages\/7224","targetHints":{"allow":["GET"]}}],"collection":[{"href":"https:\/\/atauni.edu.tr\/tarim-makinalari-muhendisligi\/wp-json\/wp\/v2\/pages"}],"about":[{"href":"https:\/\/atauni.edu.tr\/tarim-makinalari-muhendisligi\/wp-json\/wp\/v2\/types\/page"}],"author":[{"embeddable":true,"href":"https:\/\/atauni.edu.tr\/tarim-makinalari-muhendisligi\/wp-json\/wp\/v2\/users\/143"}],"replies":[{"embeddable":true,"href":"https:\/\/atauni.edu.tr\/tarim-makinalari-muhendisligi\/wp-json\/wp\/v2\/comments?post=7224"}],"version-history":[{"count":10,"href":"https:\/\/atauni.edu.tr\/tarim-makinalari-muhendisligi\/wp-json\/wp\/v2\/pages\/7224\/revisions"}],"predecessor-version":[{"id":7257,"href":"https:\/\/atauni.edu.tr\/tarim-makinalari-muhendisligi\/wp-json\/wp\/v2\/pages\/7224\/revisions\/7257"}],"wp:attachment":[{"href":"https:\/\/atauni.edu.tr\/tarim-makinalari-muhendisligi\/wp-json\/wp\/v2\/media?parent=7224"}],"curies":[{"name":"wp","href":"https:\/\/api.w.org\/{rel}","templated":true}]}}