{"id":5682,"date":"2021-07-13T10:10:01","date_gmt":"2021-07-13T07:10:01","guid":{"rendered":"https:\/\/portaltest.atauni.edu.tr\/bilgisayar-muhendisligi\/?page_id=5682"},"modified":"2021-12-22T14:17:33","modified_gmt":"2021-12-22T11:17:33","slug":"misyon-vizyon-ve-temel-degerler","status":"publish","type":"page","link":"https:\/\/atauni.edu.tr\/tarimsal-biyoteknoloji-bolumu\/misyon-vizyon-ve-temel-degerler\/","title":{"rendered":"Misyon ve Vizyon"},"content":{"rendered":"\t\t<div data-elementor-type=\"wp-page\" data-elementor-id=\"5682\" class=\"elementor elementor-5682\" data-elementor-post-type=\"page\">\n\t\t\t\t\t\t<section class=\"elementor-section elementor-top-section elementor-element elementor-element-730d320 elementor-section-boxed elementor-section-height-default elementor-section-height-default\" data-id=\"730d320\" data-element_type=\"section\">\n\t\t\t\t\t\t<div class=\"elementor-container elementor-column-gap-default\">\n\t\t\t\t\t<div class=\"elementor-column elementor-col-100 elementor-top-column elementor-element elementor-element-753d0860\" data-id=\"753d0860\" data-element_type=\"column\">\n\t\t\t<div class=\"elementor-widget-wrap\">\n\t\t\t\t\t\t\t<\/div>\n\t\t<\/div>\n\t\t\t\t\t<\/div>\n\t\t<\/section>\n\t\t\t\t<section class=\"elementor-section elementor-top-section elementor-element elementor-element-9be811a elementor-section-boxed elementor-section-height-default elementor-section-height-default\" data-id=\"9be811a\" data-element_type=\"section\">\n\t\t\t\t\t\t<div class=\"elementor-container elementor-column-gap-default\">\n\t\t\t\t\t<div class=\"elementor-column elementor-col-100 elementor-top-column elementor-element elementor-element-1ed847b7\" data-id=\"1ed847b7\" data-element_type=\"column\">\n\t\t\t<div class=\"elementor-widget-wrap elementor-element-populated\">\n\t\t\t\t\t\t<div class=\"elementor-element elementor-element-4ce0d07f elementor-widget elementor-widget-heading\" data-id=\"4ce0d07f\" data-element_type=\"widget\" data-widget_type=\"heading.default\">\n\t\t\t\t<div class=\"elementor-widget-container\">\n\t\t\t\t\t<h2 class=\"elementor-heading-title elementor-size-default\">Misyon ve Vizyon<\/h2>\t\t\t\t<\/div>\n\t\t\t\t<\/div>\n\t\t\t\t<div class=\"elementor-element elementor-element-63260862 elementor-widget-divider--view-line elementor-widget elementor-widget-divider\" data-id=\"63260862\" data-element_type=\"widget\" data-widget_type=\"divider.default\">\n\t\t\t\t<div class=\"elementor-widget-container\">\n\t\t\t\t\t\t\t<div class=\"elementor-divider\">\n\t\t\t<span class=\"elementor-divider-separator\">\n\t\t\t\t\t\t<\/span>\n\t\t<\/div>\n\t\t\t\t\t\t<\/div>\n\t\t\t\t<\/div>\n\t\t\t\t\t<\/div>\n\t\t<\/div>\n\t\t\t\t\t<\/div>\n\t\t<\/section>\n\t\t\t\t<section class=\"elementor-section elementor-top-section elementor-element elementor-element-681db8b elementor-section-boxed elementor-section-height-default elementor-section-height-default\" data-id=\"681db8b\" data-element_type=\"section\">\n\t\t\t\t\t\t<div class=\"elementor-container elementor-column-gap-default\">\n\t\t\t\t\t<div class=\"elementor-column elementor-col-100 elementor-top-column elementor-element elementor-element-ad4dac5\" data-id=\"ad4dac5\" data-element_type=\"column\">\n\t\t\t<div class=\"elementor-widget-wrap elementor-element-populated\">\n\t\t\t\t\t\t<div class=\"elementor-element elementor-element-2f96b3d elementor-widget elementor-widget-text-editor\" data-id=\"2f96b3d\" data-element_type=\"widget\" data-widget_type=\"text-editor.default\">\n\t\t\t\t<div class=\"elementor-widget-container\">\n\t\t\t\t\t\t\t\t\t<div><h2>V\u0130ZYON<\/h2><p>\u201cHep \u0130leriye\u201d,<\/p><p>Atat\u00fcrk \u00dcniversitesinin kendisine vizyon alan\u0131 olarak belirledi\u011fi \u201cHep \u0130leriye\u201d slogan\u0131 do\u011frultusunda \u00f6\u011frencilerine hem teorik hem de pratik y\u00fcksek kaliteli e\u011fitim vermek suretiyle mezun olan \u00f6\u011frencilerin hem bilgi birikimi y\u00f6n\u00fcnden hem de biyoteknolojik laboratuar \u00e7al\u0131\u015fmalar\u0131na hakimiyet y\u00f6n\u00fcnden yeterli donan\u0131ma sahip olmalar\u0131n\u0131 sa\u011flamak, yapt\u0131\u011f\u0131 ara\u015ft\u0131rma ve projeleri ile uluslararas\u0131 d\u00fczeyde bir b\u00f6l\u00fcm olmak Tar\u0131msal Biyoteknoloji B\u00f6l\u00fcm\u00fc\u2019n\u00fcn vizyonu olarak belirlenmi\u015ftir.<\/p><\/div><div><h2>M\u0130SYON<\/h2><p>\u201cHayat\u0131n Hizmetinde\u201d<\/p><p>\u00dcniversitemizin temel de\u011ferlerine ba\u011fl\u0131 kalarak, tar\u0131msal biyoteknoloji konusunda, mesleki bilgi ve beceriyle donat\u0131lm\u0131\u015f, \u00e7a\u011fda\u015f, payla\u015f\u0131mc\u0131, i\u015fbirli\u011fine a\u00e7\u0131k, kat\u0131l\u0131mc\u0131, g\u00fcvenilir ve sorumluluk bilinci y\u00fcksek tar\u0131msal geli\u015fmeye h\u0131z verebilecek nitelikte eleman yeti\u015ftirmek; \u00fclkenin ihtiya\u00e7 duydu\u011fu konulara y\u00f6nelik tar\u0131msal biyoteknoloji alan\u0131nda ara\u015ft\u0131rmalar yapmak suretiyle Tar\u0131msal Biyoteknoloji B\u00f6l\u00fcm\u00fc \u201cHayat\u0131n Hizmetinde\u201d olarak misyonunu belirlemi\u015f bir b\u00f6l\u00fcmd\u00fcr.<\/p><\/div>\t\t\t\t\t\t\t\t<\/div>\n\t\t\t\t<\/div>\n\t\t\t\t\t<\/div>\n\t\t<\/div>\n\t\t\t\t\t<\/div>\n\t\t<\/section>\n\t\t\t\t<\/div>\n\t\t","protected":false},"excerpt":{"rendered":"<p>Misyon ve Vizyon V\u0130ZYON \u201cHep \u0130leriye\u201d, Atat\u00fcrk \u00dcniversitesinin kendisine vizyon alan\u0131 olarak belirledi\u011fi \u201cHep \u0130leriye\u201d slogan\u0131 do\u011frultusunda \u00f6\u011frencilerine hem teorik hem de pratik y\u00fcksek kaliteli e\u011fitim vermek suretiyle mezun olan \u00f6\u011frencilerin hem bilgi birikimi y\u00f6n\u00fcnden hem de biyoteknolojik laboratuar \u00e7al\u0131\u015fmalar\u0131na hakimiyet y\u00f6n\u00fcnden yeterli donan\u0131ma sahip olmalar\u0131n\u0131 sa\u011flamak, yapt\u0131\u011f\u0131 ara\u015ft\u0131rma ve projeleri ile uluslararas\u0131 d\u00fczeyde bir [&hellip;]<\/p>\n","protected":false},"author":1,"featured_media":0,"parent":0,"menu_order":0,"comment_status":"closed","ping_status":"closed","template":"elementor_header_footer","meta":{"footnotes":""},"class_list":["post-5682","page","type-page","status-publish","hentry"],"_links":{"self":[{"href":"https:\/\/atauni.edu.tr\/tarimsal-biyoteknoloji-bolumu\/wp-json\/wp\/v2\/pages\/5682","targetHints":{"allow":["GET"]}}],"collection":[{"href":"https:\/\/atauni.edu.tr\/tarimsal-biyoteknoloji-bolumu\/wp-json\/wp\/v2\/pages"}],"about":[{"href":"https:\/\/atauni.edu.tr\/tarimsal-biyoteknoloji-bolumu\/wp-json\/wp\/v2\/types\/page"}],"author":[{"embeddable":true,"href":"https:\/\/atauni.edu.tr\/tarimsal-biyoteknoloji-bolumu\/wp-json\/wp\/v2\/users\/1"}],"replies":[{"embeddable":true,"href":"https:\/\/atauni.edu.tr\/tarimsal-biyoteknoloji-bolumu\/wp-json\/wp\/v2\/comments?post=5682"}],"version-history":[{"count":15,"href":"https:\/\/atauni.edu.tr\/tarimsal-biyoteknoloji-bolumu\/wp-json\/wp\/v2\/pages\/5682\/revisions"}],"predecessor-version":[{"id":6188,"href":"https:\/\/atauni.edu.tr\/tarimsal-biyoteknoloji-bolumu\/wp-json\/wp\/v2\/pages\/5682\/revisions\/6188"}],"wp:attachment":[{"href":"https:\/\/atauni.edu.tr\/tarimsal-biyoteknoloji-bolumu\/wp-json\/wp\/v2\/media?parent=5682"}],"curies":[{"name":"wp","href":"https:\/\/api.w.org\/{rel}","templated":true}]}}