{"id":5638,"date":"2021-07-13T09:49:25","date_gmt":"2021-07-13T06:49:25","guid":{"rendered":"https:\/\/portaltest.atauni.edu.tr\/bilgisayar-muhendisligi\/?page_id=5638"},"modified":"2021-08-27T15:48:04","modified_gmt":"2021-08-27T12:48:04","slug":"tarihce","status":"publish","type":"page","link":"https:\/\/atauni.edu.tr\/tasarim\/tarihce\/","title":{"rendered":"Tarih\u00e7e"},"content":{"rendered":"\t\t<div data-elementor-type=\"wp-page\" data-elementor-id=\"5638\" class=\"elementor elementor-5638\" data-elementor-post-type=\"page\">\n\t\t\t\t\t\t<section class=\"elementor-section elementor-top-section elementor-element elementor-element-730d320 elementor-section-boxed elementor-section-height-default elementor-section-height-default\" data-id=\"730d320\" data-element_type=\"section\">\n\t\t\t\t\t\t<div class=\"elementor-container elementor-column-gap-default\">\n\t\t\t\t\t<div class=\"elementor-column elementor-col-100 elementor-top-column elementor-element elementor-element-753d0860\" data-id=\"753d0860\" data-element_type=\"column\">\n\t\t\t<div class=\"elementor-widget-wrap\">\n\t\t\t\t\t\t\t<\/div>\n\t\t<\/div>\n\t\t\t\t\t<\/div>\n\t\t<\/section>\n\t\t\t\t<section class=\"elementor-section elementor-top-section elementor-element elementor-element-9be811a elementor-section-boxed elementor-section-height-default elementor-section-height-default\" data-id=\"9be811a\" data-element_type=\"section\">\n\t\t\t\t\t\t<div class=\"elementor-container elementor-column-gap-default\">\n\t\t\t\t\t<div class=\"elementor-column elementor-col-100 elementor-top-column elementor-element elementor-element-1ed847b7\" data-id=\"1ed847b7\" data-element_type=\"column\">\n\t\t\t<div class=\"elementor-widget-wrap elementor-element-populated\">\n\t\t\t\t\t\t<div class=\"elementor-element elementor-element-4ce0d07f elementor-widget elementor-widget-heading\" data-id=\"4ce0d07f\" data-element_type=\"widget\" data-widget_type=\"heading.default\">\n\t\t\t\t<div class=\"elementor-widget-container\">\n\t\t\t\t\t<h2 class=\"elementor-heading-title elementor-size-default\">Genel Bilgi<\/h2>\t\t\t\t<\/div>\n\t\t\t\t<\/div>\n\t\t\t\t<div class=\"elementor-element elementor-element-63260862 elementor-widget-divider--view-line elementor-widget elementor-widget-divider\" data-id=\"63260862\" data-element_type=\"widget\" data-widget_type=\"divider.default\">\n\t\t\t\t<div class=\"elementor-widget-container\">\n\t\t\t\t\t\t\t<div class=\"elementor-divider\">\n\t\t\t<span class=\"elementor-divider-separator\">\n\t\t\t\t\t\t<\/span>\n\t\t<\/div>\n\t\t\t\t\t\t<\/div>\n\t\t\t\t<\/div>\n\t\t\t\t\t<\/div>\n\t\t<\/div>\n\t\t\t\t\t<\/div>\n\t\t<\/section>\n\t\t\t\t<section class=\"elementor-section elementor-top-section elementor-element elementor-element-681db8b elementor-section-boxed elementor-section-height-default elementor-section-height-default\" data-id=\"681db8b\" data-element_type=\"section\">\n\t\t\t\t\t\t<div class=\"elementor-container elementor-column-gap-default\">\n\t\t\t\t\t<div class=\"elementor-column elementor-col-100 elementor-top-column elementor-element elementor-element-ad4dac5\" data-id=\"ad4dac5\" data-element_type=\"column\">\n\t\t\t<div class=\"elementor-widget-wrap elementor-element-populated\">\n\t\t\t\t\t\t<div class=\"elementor-element elementor-element-2f96b3d elementor-widget elementor-widget-text-editor\" data-id=\"2f96b3d\" data-element_type=\"widget\" data-widget_type=\"text-editor.default\">\n\t\t\t\t<div class=\"elementor-widget-container\">\n\t\t\t\t\t\t\t\t\t<p>Atat\u00fcrk \u00dcniversitesi, \u00fclkenin v\u00fdchodn\u00edho b\u00f6lgesinde e\u011fitim-\u00f6\u011fretim hayat\u0131na ba\u015flayan \u00f6nemli bir y\u00fcksek\u00f6\u011fretim kurumudur. Kuruldu\u011fu g\u00fcnden bu yana \u00e7e\u015fitli alanlarda \u00f6nemli ad\u0131mlar atan \u00fcniversite, \u00f6\u011frencilere kaliteli bir e\u011fitim sunmay\u0131 ama\u00e7lam\u0131\u015ft\u0131r.<\/p>\n<p>\u00dcniversitenin tarih\u00e7esi, e\u011fitim-\u00f6\u011fretime verdi\u011fi \u00f6nem ve akademik ba\u015far\u0131lar\u0131yla doludur. Farkl\u0131 b\u00f6l\u00fcmler ve fak\u00fcltelerle e\u011fitim hayat\u0131na devam eden Atat\u00fcrk \u00dcniversitesi, toplumun ihtiya\u00e7lar\u0131na kar\u015f\u0131l\u0131k vermeyi hedeflemi\u015ftir.<\/p>\n<p>E\u011fitim-\u00f6\u011fretim faaliyetlerinin yan\u0131 s\u0131ra, \u00fcniversite ayr\u0131ca ara\u015ft\u0131rma-geli\u015ftirme \u00e7al\u0131\u015fmalar\u0131 ile de \u00f6n plana \u00e7\u0131km\u0131\u015ft\u0131r. Bilimsel \u00e7al\u0131\u015fmalar\u0131n te\u015fvik edildi\u011fi bir ortam sunan Atat\u00fcrk \u00dcniversitesi, bilim insan\u0131 yeti\u015ftirmeyi ve topluma katk\u0131 sa\u011flamay\u0131 ama\u00e7 edinmi\u015ftir.<\/p>\n<p>Atat\u00fcrk \u00dcniversitesi&#8217;nin tarih\u00e7esi, y\u00fcksek\u00f6\u011fretimdeki geli\u015fimine tan\u0131kl\u0131k etmektedir. \u00d6\u011frencilerin bilgi ve becerilerini art\u0131rmaya y\u00f6nelik \u00e7al\u0131\u015fmalar yapan \u00fcniversite, e\u011fitim-\u00f6\u011fretimin yan\u0131 s\u0131ra k\u00fclt\u00fcrel ve sosyal faaliyetlere de \u00f6nem vermektedir.<\/p>\n<p>Toplumun ihtiya\u00e7lar\u0131n\u0131 g\u00f6z \u00f6n\u00fcnde bulunduran Atat\u00fcrk \u00dcniversitesi, akademik ba\u015far\u0131ya verdi\u011fi \u00f6nemle birlikte, \u00f6\u011frencilerin ki\u015fisel geli\u015fimlerine de katk\u0131 sa\u011flamay\u0131 hedeflemektedir. E\u011fitim-\u00f6\u011fretim faaliyetleri ile ara\u015ft\u0131rma-geli\u015ftirme \u00e7al\u0131\u015fmalar\u0131 aras\u0131nda bir denge kurmaya \u00e7al\u0131\u015fan \u00fcniversite, gelecek nesilleri yeti\u015ftirme misyonunu yerine getirmeyi ama\u00e7lamaktad\u0131r.<\/p>\t\t\t\t\t\t\t\t<\/div>\n\t\t\t\t<\/div>\n\t\t\t\t\t<\/div>\n\t\t<\/div>\n\t\t\t\t\t<\/div>\n\t\t<\/section>\n\t\t\t\t<\/div>\n\t\t","protected":false},"excerpt":{"rendered":"<p>Genel Bilgi Lorem Ipsum Nedir? Lorem Ipsum, dizgi ve bask\u0131 end\u00fcstrisinde kullan\u0131lan m\u0131g\u0131r metinlerdir. Lorem Ipsum, ad\u0131 bilinmeyen bir matbaac\u0131n\u0131n bir hurufat numune kitab\u0131 olu\u015fturmak \u00fczere bir yaz\u0131 galerisini alarak kar\u0131\u015ft\u0131rd\u0131\u011f\u0131 1500&#8217;lerden beri end\u00fcstri standard\u0131 sahte metinler olarak kullan\u0131lm\u0131\u015ft\u0131r. Be\u015fy\u00fcz y\u0131l boyunca varl\u0131\u011f\u0131n\u0131 s\u00fcrd\u00fcrmekle kalmam\u0131\u015f, ayn\u0131 zamanda pek de\u011fi\u015fmeden elektronik dizgiye de s\u0131\u00e7ram\u0131\u015ft\u0131r. 1960&#8217;larda Lorem [&hellip;]<\/p>\n","protected":false},"author":1,"featured_media":0,"parent":0,"menu_order":0,"comment_status":"closed","ping_status":"closed","template":"","meta":{"footnotes":""},"class_list":["post-5638","page","type-page","status-publish","hentry"],"_links":{"self":[{"href":"https:\/\/atauni.edu.tr\/tasarim\/wp-json\/wp\/v2\/pages\/5638","targetHints":{"allow":["GET"]}}],"collection":[{"href":"https:\/\/atauni.edu.tr\/tasarim\/wp-json\/wp\/v2\/pages"}],"about":[{"href":"https:\/\/atauni.edu.tr\/tasarim\/wp-json\/wp\/v2\/types\/page"}],"author":[{"embeddable":true,"href":"https:\/\/atauni.edu.tr\/tasarim\/wp-json\/wp\/v2\/users\/1"}],"replies":[{"embeddable":true,"href":"https:\/\/atauni.edu.tr\/tasarim\/wp-json\/wp\/v2\/comments?post=5638"}],"version-history":[{"count":20,"href":"https:\/\/atauni.edu.tr\/tasarim\/wp-json\/wp\/v2\/pages\/5638\/revisions"}],"predecessor-version":[{"id":6214,"href":"https:\/\/atauni.edu.tr\/tasarim\/wp-json\/wp\/v2\/pages\/5638\/revisions\/6214"}],"wp:attachment":[{"href":"https:\/\/atauni.edu.tr\/tasarim\/wp-json\/wp\/v2\/media?parent=5638"}],"curies":[{"name":"wp","href":"https:\/\/api.w.org\/{rel}","templated":true}]}}