{"id":5682,"date":"2021-07-13T10:10:01","date_gmt":"2021-07-13T07:10:01","guid":{"rendered":"https:\/\/portaltest.atauni.edu.tr\/bilgisayar-muhendisligi\/?page_id=5682"},"modified":"2022-02-19T14:17:57","modified_gmt":"2022-02-19T11:17:57","slug":"misyon-vizyon-ve-temel-degerler","status":"publish","type":"page","link":"https:\/\/atauni.edu.tr\/tasarim\/misyon-vizyon-ve-temel-degerler\/","title":{"rendered":"Misyon, Vizyon ve Temel De\u011ferler"},"content":{"rendered":"\t\t<div data-elementor-type=\"wp-page\" data-elementor-id=\"5682\" class=\"elementor elementor-5682\" data-elementor-post-type=\"page\">\n\t\t\t\t\t\t<section class=\"elementor-section elementor-top-section elementor-element elementor-element-730d320 elementor-section-boxed elementor-section-height-default elementor-section-height-default\" data-id=\"730d320\" data-element_type=\"section\">\n\t\t\t\t\t\t<div class=\"elementor-container elementor-column-gap-default\">\n\t\t\t\t\t<div class=\"elementor-column elementor-col-100 elementor-top-column elementor-element elementor-element-753d0860\" data-id=\"753d0860\" data-element_type=\"column\">\n\t\t\t<div class=\"elementor-widget-wrap\">\n\t\t\t\t\t\t\t<\/div>\n\t\t<\/div>\n\t\t\t\t\t<\/div>\n\t\t<\/section>\n\t\t\t\t<section class=\"elementor-section elementor-top-section elementor-element elementor-element-9be811a elementor-section-boxed elementor-section-height-default elementor-section-height-default\" data-id=\"9be811a\" data-element_type=\"section\">\n\t\t\t\t\t\t<div class=\"elementor-container elementor-column-gap-default\">\n\t\t\t\t\t<div class=\"elementor-column elementor-col-100 elementor-top-column elementor-element elementor-element-1ed847b7\" data-id=\"1ed847b7\" data-element_type=\"column\">\n\t\t\t<div class=\"elementor-widget-wrap elementor-element-populated\">\n\t\t\t\t\t\t<div class=\"elementor-element elementor-element-4ce0d07f elementor-widget elementor-widget-heading\" data-id=\"4ce0d07f\" data-element_type=\"widget\" data-widget_type=\"heading.default\">\n\t\t\t\t<div class=\"elementor-widget-container\">\n\t\t\t\t\t<h2 class=\"elementor-heading-title elementor-size-default\">Misyon, Vizyon ve Temel De\u011ferler<\/h2>\t\t\t\t<\/div>\n\t\t\t\t<\/div>\n\t\t\t\t<div class=\"elementor-element elementor-element-63260862 elementor-widget-divider--view-line elementor-widget elementor-widget-divider\" data-id=\"63260862\" data-element_type=\"widget\" data-widget_type=\"divider.default\">\n\t\t\t\t<div class=\"elementor-widget-container\">\n\t\t\t\t\t\t\t<div class=\"elementor-divider\">\n\t\t\t<span class=\"elementor-divider-separator\">\n\t\t\t\t\t\t<\/span>\n\t\t<\/div>\n\t\t\t\t\t\t<\/div>\n\t\t\t\t<\/div>\n\t\t\t\t\t<\/div>\n\t\t<\/div>\n\t\t\t\t\t<\/div>\n\t\t<\/section>\n\t\t\t\t<section class=\"elementor-section elementor-top-section elementor-element elementor-element-681db8b elementor-section-boxed elementor-section-height-default elementor-section-height-default\" data-id=\"681db8b\" data-element_type=\"section\">\n\t\t\t\t\t\t<div class=\"elementor-container elementor-column-gap-default\">\n\t\t\t\t\t<div class=\"elementor-column elementor-col-100 elementor-top-column elementor-element elementor-element-ad4dac5\" data-id=\"ad4dac5\" data-element_type=\"column\">\n\t\t\t<div class=\"elementor-widget-wrap elementor-element-populated\">\n\t\t\t\t\t\t<div class=\"elementor-element elementor-element-2f96b3d elementor-widget elementor-widget-text-editor\" data-id=\"2f96b3d\" data-element_type=\"widget\" data-widget_type=\"text-editor.default\">\n\t\t\t\t<div class=\"elementor-widget-container\">\n\t\t\t\t\t\t\t\t\t<div>\n<h2>M\u0130SYONUMUZ<\/h2>\n<div style=\"line-height: 150%;margin-top: 0pt;margin-bottom: 0pt;margin-left: 0.38in;text-indent: -0.38in;direction: ltr\"><span style=\"font-size: 20pt;font-family: Roboto;color: black\">&nbsp; &nbsp;Grafik Tasar\u0131m B\u00f6l\u00fcm\u00fc\u2019n\u00fcn misyonu, grafik tasar\u0131m konusunda bilgi ve beceri ile&nbsp;<\/span><\/div><div style=\"line-height: 150%;margin-top: 0pt;margin-bottom: 0pt;margin-left: 0.38in;text-indent: -0.38in;direction: ltr\"><span style=\"font-size: 20pt;font-family: Roboto;color: black\">donanm\u0131\u015f, d\u00fcnyan\u0131n g\u00fcncel yap\u0131s\u0131yla ileti\u015fim kurabilecek nitelikte grafik tasar\u0131mc\u0131 adaylar\u0131 yeti\u015ftirmektir. Ayr\u0131ca Grafik Tasar\u0131m B\u00f6l\u00fcm\u00fc \u00f6\u011frencinin ba\u011f\u0131ms\u0131z, kendi yetene\u011fini \u00f6ne \u00e7\u0131karan, becerikli, kat\u0131l\u0131mc\u0131 ve at\u0131l\u0131m hamlesi yapabilen iyi bir sanat\u00e7\u0131, tasar\u0131mc\u0131, grafiker olarak yeti\u015fmesini sa\u011flamaktad\u0131r.<\/span><\/div>\n<\/div>\n<div>\n<h2>V\u0130ZYONUMUZ<\/h2>\n<div style=\"line-height: 150%;margin-top: 0pt;margin-bottom: 0pt;margin-left: 0.38in;text-indent: -0.38in;direction: ltr\"><span style=\"font-size: 20pt\"><span style=\"color: #a53010;font-family: Wingdings 3\">&nbsp; <\/span><\/span><span style=\"font-size: 20pt;font-family: Roboto;color: black\">Grafik Tasar\u0131m B\u00f6l\u00fcm\u00fc\u2019n\u00fcn <\/span><span style=\"font-size: 20.0pt;font-family: Roboto;color: black\">viz<\/span><span style=\"font-size: 20pt;font-family: Roboto;color: black\">yonu <\/span><span style=\"font-size: 20.0pt;font-family: Roboto;color: black\">u<\/span><span style=\"font-size: 20pt;font-family: Roboto;color: black\">luslararas\u0131 standartlara sahip, tercih edilen,&nbsp;<\/span><\/div><div style=\"line-height: 150%;margin-top: 0pt;margin-bottom: 0pt;margin-left: 0.38in;text-indent: -0.38in;direction: ltr\"><span style=\"font-size: 20pt;font-family: Roboto;color: black\">grafik tasar\u0131m olgusunun toplumda anlam\u0131n\u0131 bulmas\u0131na \u00f6nc\u00fcl\u00fck eden \u00f6rnek bir b\u00f6l\u00fcm olmakt\u0131r. Bu do\u011frultuda sorunlar kar\u015f\u0131s\u0131nda y\u0131lmayan bireyler yeti\u015ftirmek \u00fczere hayal g\u00fcc\u00fcne sahip, yetenekli ve ba\u015farma kararl\u0131l\u0131\u011f\u0131 olan \u00f6\u011frencilere, Grafik Tasar\u0131m\u0131 B\u00f6l\u00fcm\u00fc b\u00fcnyesinde kendini geli\u015ftirme imkan\u0131 sunulmaktad\u0131r. Ayr\u0131ca \u00f6\u011frencinin hem se\u00e7mi\u015f oldu\u011fu uzmanl\u0131k alan\u0131na hem de k\u00fclt\u00fcrel ve e\u011fitsel hayata \u00f6zg\u00fcn katk\u0131larda bulunmas\u0131 hedeflenmektedir<\/span><span style=\"font-size: 20pt;font-family: Roboto;color: #868681\">.&nbsp;<\/span><\/div>\n<\/div>\t\t\t\t\t\t\t\t<\/div>\n\t\t\t\t<\/div>\n\t\t\t\t\t<\/div>\n\t\t<\/div>\n\t\t\t\t\t<\/div>\n\t\t<\/section>\n\t\t\t\t<\/div>\n\t\t","protected":false},"excerpt":{"rendered":"<p>Misyon, Vizyon ve Temel De\u011ferler M\u0130SYONUMUZ &nbsp; &nbsp;Grafik Tasar\u0131m B\u00f6l\u00fcm\u00fc\u2019n\u00fcn misyonu, grafik tasar\u0131m konusunda bilgi ve beceri ile&nbsp;donanm\u0131\u015f, d\u00fcnyan\u0131n g\u00fcncel yap\u0131s\u0131yla ileti\u015fim kurabilecek nitelikte grafik tasar\u0131mc\u0131 adaylar\u0131 yeti\u015ftirmektir. Ayr\u0131ca Grafik Tasar\u0131m B\u00f6l\u00fcm\u00fc \u00f6\u011frencinin ba\u011f\u0131ms\u0131z, kendi yetene\u011fini \u00f6ne \u00e7\u0131karan, becerikli, kat\u0131l\u0131mc\u0131 ve at\u0131l\u0131m hamlesi yapabilen iyi bir sanat\u00e7\u0131, tasar\u0131mc\u0131, grafiker olarak yeti\u015fmesini sa\u011flamaktad\u0131r. V\u0130ZYONUMUZ &nbsp; Grafik [&hellip;]<\/p>\n","protected":false},"author":1,"featured_media":0,"parent":0,"menu_order":0,"comment_status":"closed","ping_status":"closed","template":"elementor_header_footer","meta":{"footnotes":""},"class_list":["post-5682","page","type-page","status-publish","hentry"],"_links":{"self":[{"href":"https:\/\/atauni.edu.tr\/tasarim\/wp-json\/wp\/v2\/pages\/5682","targetHints":{"allow":["GET"]}}],"collection":[{"href":"https:\/\/atauni.edu.tr\/tasarim\/wp-json\/wp\/v2\/pages"}],"about":[{"href":"https:\/\/atauni.edu.tr\/tasarim\/wp-json\/wp\/v2\/types\/page"}],"author":[{"embeddable":true,"href":"https:\/\/atauni.edu.tr\/tasarim\/wp-json\/wp\/v2\/users\/1"}],"replies":[{"embeddable":true,"href":"https:\/\/atauni.edu.tr\/tasarim\/wp-json\/wp\/v2\/comments?post=5682"}],"version-history":[{"count":14,"href":"https:\/\/atauni.edu.tr\/tasarim\/wp-json\/wp\/v2\/pages\/5682\/revisions"}],"predecessor-version":[{"id":6217,"href":"https:\/\/atauni.edu.tr\/tasarim\/wp-json\/wp\/v2\/pages\/5682\/revisions\/6217"}],"wp:attachment":[{"href":"https:\/\/atauni.edu.tr\/tasarim\/wp-json\/wp\/v2\/media?parent=5682"}],"curies":[{"name":"wp","href":"https:\/\/api.w.org\/{rel}","templated":true}]}}