{"id":5728,"date":"2021-07-13T11:33:38","date_gmt":"2021-07-13T08:33:38","guid":{"rendered":"https:\/\/portaltest.atauni.edu.tr\/bilgisayar-muhendisligi\/?page_id=5728"},"modified":"2022-02-19T13:52:52","modified_gmt":"2022-02-19T10:52:52","slug":"bolum-tanitimi","status":"publish","type":"page","link":"https:\/\/atauni.edu.tr\/tasarim\/bolum-tanitimi\/","title":{"rendered":"B\u00f6l\u00fcm Tan\u0131t\u0131m\u0131"},"content":{"rendered":"\t\t<div data-elementor-type=\"wp-page\" data-elementor-id=\"5728\" class=\"elementor elementor-5728\" data-elementor-post-type=\"page\">\n\t\t\t\t\t\t<section class=\"elementor-section elementor-top-section elementor-element elementor-element-730d320 elementor-section-boxed elementor-section-height-default elementor-section-height-default\" data-id=\"730d320\" data-element_type=\"section\">\n\t\t\t\t\t\t<div class=\"elementor-container elementor-column-gap-default\">\n\t\t\t\t\t<div class=\"elementor-column elementor-col-100 elementor-top-column elementor-element elementor-element-753d0860\" data-id=\"753d0860\" data-element_type=\"column\">\n\t\t\t<div class=\"elementor-widget-wrap\">\n\t\t\t\t\t\t\t<\/div>\n\t\t<\/div>\n\t\t\t\t\t<\/div>\n\t\t<\/section>\n\t\t\t\t<section class=\"elementor-section elementor-top-section elementor-element elementor-element-9be811a elementor-section-boxed elementor-section-height-default elementor-section-height-default\" data-id=\"9be811a\" data-element_type=\"section\">\n\t\t\t\t\t\t<div class=\"elementor-container elementor-column-gap-default\">\n\t\t\t\t\t<div class=\"elementor-column elementor-col-100 elementor-top-column elementor-element elementor-element-1ed847b7\" data-id=\"1ed847b7\" data-element_type=\"column\">\n\t\t\t<div class=\"elementor-widget-wrap elementor-element-populated\">\n\t\t\t\t\t\t<div class=\"elementor-element elementor-element-4ce0d07f elementor-widget elementor-widget-heading\" data-id=\"4ce0d07f\" data-element_type=\"widget\" data-widget_type=\"heading.default\">\n\t\t\t\t<div class=\"elementor-widget-container\">\n\t\t\t\t\t<h2 class=\"elementor-heading-title elementor-size-default\">B\u00f6l\u00fcm Tan\u0131t\u0131m\u0131<\/h2>\t\t\t\t<\/div>\n\t\t\t\t<\/div>\n\t\t\t\t<div class=\"elementor-element elementor-element-63260862 elementor-widget-divider--view-line elementor-widget elementor-widget-divider\" data-id=\"63260862\" data-element_type=\"widget\" data-widget_type=\"divider.default\">\n\t\t\t\t<div class=\"elementor-widget-container\">\n\t\t\t\t\t\t\t<div class=\"elementor-divider\">\n\t\t\t<span class=\"elementor-divider-separator\">\n\t\t\t\t\t\t<\/span>\n\t\t<\/div>\n\t\t\t\t\t\t<\/div>\n\t\t\t\t<\/div>\n\t\t\t\t\t<\/div>\n\t\t<\/div>\n\t\t\t\t\t<\/div>\n\t\t<\/section>\n\t\t\t\t<section class=\"elementor-section elementor-top-section elementor-element elementor-element-681db8b elementor-section-boxed elementor-section-height-default elementor-section-height-default\" data-id=\"681db8b\" data-element_type=\"section\">\n\t\t\t\t\t\t<div class=\"elementor-container elementor-column-gap-default\">\n\t\t\t\t\t<div class=\"elementor-column elementor-col-100 elementor-top-column elementor-element elementor-element-ad4dac5\" data-id=\"ad4dac5\" data-element_type=\"column\">\n\t\t\t<div class=\"elementor-widget-wrap elementor-element-populated\">\n\t\t\t\t\t\t<div class=\"elementor-element elementor-element-2f96b3d elementor-widget elementor-widget-text-editor\" data-id=\"2f96b3d\" data-element_type=\"widget\" data-widget_type=\"text-editor.default\">\n\t\t\t\t<div class=\"elementor-widget-container\">\n\t\t\t\t\t\t\t\t\t<div>\n<h2>&nbsp; &nbsp;PROGRAM \u0130\u00c7ER\u0130\u011e\u0130<\/h2>\n<p style=\"margin-left: 14.15pt\"><span style=\"background-image: initial;background-position: initial;background-size: initial;background-attachment: initial;letter-spacing: 0px;font-size: 12pt;line-height: 150%\">Grafik Tasar\u0131m\nB\u00f6l\u00fcm\u00fcnde logo, amblem, afi\u015f, billboard, bas\u0131n reklam\u0131, kitap ve dergi\ntasar\u0131m\u0131, tipografi, bilgisayar, foto\u011fraf, ill\u00fcstrasyon, WEB ve aray\u00fcz\ntasar\u0131m\u0131, geleneksel&nbsp;<\/span><span style=\"letter-spacing: 0px;font-size: 12pt\">bask\u0131\ntekniklerin \u00e7al\u0131\u015f\u0131ld\u0131\u011f\u0131 derslerin yan\u0131 s\u0131ra sanat ve tasar\u0131m\u0131 farkl\u0131\ndisiplinlerde ele al\u0131p inceleyen teorik dersler de verilmektedir.&nbsp;<\/span><span style=\"letter-spacing: 0px;font-size: 12pt\">B\u00f6l\u00fcm, sanat ve\ntasar\u0131m alanlar\u0131nda t\u00fcm geli\u015fmeleri takip etmek, uyarlamak ve uygulamak, e\u011fitim\nprogramlar\u0131n\u0131 g\u00fcncelleyerek benzerleri ile yar\u0131\u015f\u0131r d\u00fczeyde tutmay\u0131, sayg\u0131n ve\n\u00f6nder bir konumda olmay\u0131 temel ama\u00e7 olarak benimsemi\u015ftir. \u0130ki y\u0131ll\u0131k e\u011fitim\nprogram\u0131 s\u00fcresince, \u00e7al\u0131\u015fma alanlar\u0131na giren konularda ara\u015ft\u0131r\u0131c\u0131, sorgulay\u0131c\u0131\nve yarat\u0131c\u0131 g\u00fcce sahip, toplumun estetik alg\u0131lar\u0131n\u0131 geli\u015ftirecek \u00f6zelliklerle\ndonan\u0131ml\u0131, i\u00e7inde ya\u015fad\u0131klar\u0131 toplumun k\u00fclt\u00fcr de\u011ferlerini \u00e7a\u011fda\u015f bir anlay\u0131\u015fla\nyorumlayarak k\u00fcresel boyutta yeni sentezlere ula\u015fabilmek i\u00e7in sanat konular\u0131nda\nbilgilenmi\u015f, uygulama y\u00f6ntemlerindeki teknik, bilgi ve becerileri geli\u015fmi\u015f,\nsanat\u00e7\u0131-tasar\u0131mc\u0131 adaylar\u0131n\u0131n yeti\u015ftirilmesi hedeflenmektedir.<\/span><br><\/p><p>\n\n\n\n\n\n\n\n\n\n\n\n\n\n\n\n<\/p><p style=\"margin-left: 31.45pt;text-indent: -17.85pt;line-height: 150%\"><!--[if !supportLists]--><span style=\"font-size:12.0pt;line-height:150%\">&#8211;<span style=\"font-size: 7pt;line-height: normal\">&nbsp; &nbsp; &nbsp; &nbsp;<\/span><\/span><!--[endif]--><span style=\"font-size:12.0pt;line-height:150%\">Bu\nprogram Erzurum\u2019 un Oltu il\u00e7esinde yer almaktad\u0131r. Erzurum\u2019a yakla\u015f\u0131k 110 km\nmesafede bulunmaktad\u0131r. Oltu\u2019nun merkezinde bulunan okulumuza, Yurtlarda ve\nevlerde kalan \u00f6\u011frencilerimiz Oltu \u00f6zel halk otob\u00fcsleriyle veya farkl\u0131\nalternatiflerle okulumuza ula\u015f\u0131m m\u00fcmk\u00fcnd\u00fcr.<\/span><\/p><\/div><div>\n<\/div>\t\t\t\t\t\t\t\t<\/div>\n\t\t\t\t<\/div>\n\t\t\t\t\t<\/div>\n\t\t<\/div>\n\t\t\t\t\t<\/div>\n\t\t<\/section>\n\t\t\t\t<\/div>\n\t\t","protected":false},"excerpt":{"rendered":"<p>B\u00f6l\u00fcm Tan\u0131t\u0131m\u0131 &nbsp; &nbsp;PROGRAM \u0130\u00c7ER\u0130\u011e\u0130 Grafik Tasar\u0131m B\u00f6l\u00fcm\u00fcnde logo, amblem, afi\u015f, billboard, bas\u0131n reklam\u0131, kitap ve dergi tasar\u0131m\u0131, tipografi, bilgisayar, foto\u011fraf, ill\u00fcstrasyon, WEB ve aray\u00fcz tasar\u0131m\u0131, geleneksel&nbsp;bask\u0131 tekniklerin \u00e7al\u0131\u015f\u0131ld\u0131\u011f\u0131 derslerin yan\u0131 s\u0131ra sanat ve tasar\u0131m\u0131 farkl\u0131 disiplinlerde ele al\u0131p inceleyen teorik dersler de verilmektedir.&nbsp;B\u00f6l\u00fcm, sanat ve tasar\u0131m alanlar\u0131nda t\u00fcm geli\u015fmeleri takip etmek, uyarlamak ve uygulamak, [&hellip;]<\/p>\n","protected":false},"author":1,"featured_media":0,"parent":0,"menu_order":0,"comment_status":"closed","ping_status":"closed","template":"elementor_header_footer","meta":{"footnotes":""},"class_list":["post-5728","page","type-page","status-publish","hentry"],"_links":{"self":[{"href":"https:\/\/atauni.edu.tr\/tasarim\/wp-json\/wp\/v2\/pages\/5728","targetHints":{"allow":["GET"]}}],"collection":[{"href":"https:\/\/atauni.edu.tr\/tasarim\/wp-json\/wp\/v2\/pages"}],"about":[{"href":"https:\/\/atauni.edu.tr\/tasarim\/wp-json\/wp\/v2\/types\/page"}],"author":[{"embeddable":true,"href":"https:\/\/atauni.edu.tr\/tasarim\/wp-json\/wp\/v2\/users\/1"}],"replies":[{"embeddable":true,"href":"https:\/\/atauni.edu.tr\/tasarim\/wp-json\/wp\/v2\/comments?post=5728"}],"version-history":[{"count":14,"href":"https:\/\/atauni.edu.tr\/tasarim\/wp-json\/wp\/v2\/pages\/5728\/revisions"}],"predecessor-version":[{"id":6200,"href":"https:\/\/atauni.edu.tr\/tasarim\/wp-json\/wp\/v2\/pages\/5728\/revisions\/6200"}],"wp:attachment":[{"href":"https:\/\/atauni.edu.tr\/tasarim\/wp-json\/wp\/v2\/media?parent=5728"}],"curies":[{"name":"wp","href":"https:\/\/api.w.org\/{rel}","templated":true}]}}