{"id":6186,"date":"2022-05-05T15:19:45","date_gmt":"2022-05-05T12:19:45","guid":{"rendered":"https:\/\/birimler.atauni.edu.tr\/tibbi-aromatik-bitki-ve-ilac-arastirma-merkezi\/?page_id=6186"},"modified":"2022-05-05T19:57:23","modified_gmt":"2022-05-05T16:57:23","slug":"yonetimden-mesaj","status":"publish","type":"page","link":"https:\/\/atauni.edu.tr\/tibbi-aromatik-bitki-ve-ilac-arastirma-merkezi\/yonetimden-mesaj\/","title":{"rendered":"Y\u00f6netimden Mesaj"},"content":{"rendered":"\t\t<div data-elementor-type=\"wp-page\" data-elementor-id=\"6186\" class=\"elementor elementor-6186\" data-elementor-post-type=\"page\">\n\t\t\t\t\t\t<section class=\"elementor-section elementor-top-section elementor-element elementor-element-5c90f78 elementor-section-boxed elementor-section-height-default elementor-section-height-default\" data-id=\"5c90f78\" data-element_type=\"section\">\n\t\t\t\t\t\t<div class=\"elementor-container elementor-column-gap-default\">\n\t\t\t\t\t<div class=\"elementor-column elementor-col-100 elementor-top-column elementor-element elementor-element-a4bd036\" data-id=\"a4bd036\" data-element_type=\"column\">\n\t\t\t<div class=\"elementor-widget-wrap elementor-element-populated\">\n\t\t\t\t\t\t<div class=\"elementor-element elementor-element-85710cf elementor-widget elementor-widget-text-editor\" data-id=\"85710cf\" data-element_type=\"widget\" data-widget_type=\"text-editor.default\">\n\t\t\t\t<div class=\"elementor-widget-container\">\n\t\t\t\t\t\t\t\t\t<p><span style=\"font-family: Ubuntu;font-size: 13px\">Merkezimiz t\u0131bbi ve aromatik a\u00e7\u0131dan potansiyel ta\u015f\u0131yan bitkilerin belirlenmesi, \u00fcniversitemiz b\u00fcnyesinde bulunan Biyo\u00e7e\u015fitlilik Uygulama ve Ara\u015ft\u0131rma Merkezi&#8217;nin envanterine katk\u0131 sa\u011flanmas\u0131, etnobotanik ara\u015ft\u0131rma sonu\u00e7lar\u0131na g\u00f6re belirlenen potansiyel bitkilerin farmakolojik etkilerinin bilimsel olarak valide edilmesi,&nbsp;<\/span><em style=\"font-family: Ubuntu;font-size: 13px\">in vitro<\/em><span style=\"font-family: Ubuntu;font-size: 13px\">&nbsp;ve&nbsp;<\/span><em style=\"font-family: Ubuntu;font-size: 13px\">in vivo<\/em><span style=\"font-family: Ubuntu;font-size: 13px\">&nbsp;biyolojik aktivite \u00e7al\u0131\u015fmalar\u0131, biyolojik y\u00f6nden aktif maddelerinin eldesi ve tan\u0131mlanmas\u0131, standardizasyonu, u\u00e7ucu ya\u011f eldesi ve bile\u015fiminin tayini, farmakope analizleri gibi ara\u015ft\u0131rmalar yapmaktad\u0131r.<\/span><br style=\"font-family: Ubuntu;font-size: 13px\"><br style=\"font-family: Ubuntu;font-size: 13px\"><span style=\"font-family: Ubuntu;font-size: 13px\">Bu alanda sizlerle bilgi payla\u015f\u0131mlar\u0131 ve g\u00fc\u00e7 birliktelikleri yapmak dile\u011fiyle&#8230;<\/span><br style=\"font-family: Ubuntu;font-size: 13px\"><br style=\"font-family: Ubuntu;font-size: 13px\"><span style=\"font-family: Ubuntu;font-size: 13px\">Prof. Dr. Z\u00fchal G\u00dcVENALP<\/span><br><\/p>\t\t\t\t\t\t\t\t<\/div>\n\t\t\t\t<\/div>\n\t\t\t\t\t<\/div>\n\t\t<\/div>\n\t\t\t\t\t<\/div>\n\t\t<\/section>\n\t\t\t\t<\/div>\n\t\t","protected":false},"excerpt":{"rendered":"<p>Merkezimiz t\u0131bbi ve aromatik a\u00e7\u0131dan potansiyel ta\u015f\u0131yan bitkilerin belirlenmesi, \u00fcniversitemiz b\u00fcnyesinde bulunan Biyo\u00e7e\u015fitlilik Uygulama ve Ara\u015ft\u0131rma Merkezi&#8217;nin envanterine katk\u0131 sa\u011flanmas\u0131, etnobotanik ara\u015ft\u0131rma sonu\u00e7lar\u0131na g\u00f6re belirlenen potansiyel bitkilerin farmakolojik etkilerinin bilimsel olarak valide edilmesi,&nbsp;in vitro&nbsp;ve&nbsp;in vivo&nbsp;biyolojik aktivite \u00e7al\u0131\u015fmalar\u0131, biyolojik y\u00f6nden aktif maddelerinin eldesi ve tan\u0131mlanmas\u0131, standardizasyonu, u\u00e7ucu ya\u011f eldesi ve bile\u015fiminin tayini, farmakope analizleri gibi ara\u015ft\u0131rmalar [&hellip;]<\/p>\n","protected":false},"author":472,"featured_media":0,"parent":0,"menu_order":0,"comment_status":"closed","ping_status":"closed","template":"","meta":{"footnotes":""},"class_list":["post-6186","page","type-page","status-publish","hentry"],"_links":{"self":[{"href":"https:\/\/atauni.edu.tr\/tibbi-aromatik-bitki-ve-ilac-arastirma-merkezi\/wp-json\/wp\/v2\/pages\/6186","targetHints":{"allow":["GET"]}}],"collection":[{"href":"https:\/\/atauni.edu.tr\/tibbi-aromatik-bitki-ve-ilac-arastirma-merkezi\/wp-json\/wp\/v2\/pages"}],"about":[{"href":"https:\/\/atauni.edu.tr\/tibbi-aromatik-bitki-ve-ilac-arastirma-merkezi\/wp-json\/wp\/v2\/types\/page"}],"author":[{"embeddable":true,"href":"https:\/\/atauni.edu.tr\/tibbi-aromatik-bitki-ve-ilac-arastirma-merkezi\/wp-json\/wp\/v2\/users\/472"}],"replies":[{"embeddable":true,"href":"https:\/\/atauni.edu.tr\/tibbi-aromatik-bitki-ve-ilac-arastirma-merkezi\/wp-json\/wp\/v2\/comments?post=6186"}],"version-history":[{"count":4,"href":"https:\/\/atauni.edu.tr\/tibbi-aromatik-bitki-ve-ilac-arastirma-merkezi\/wp-json\/wp\/v2\/pages\/6186\/revisions"}],"predecessor-version":[{"id":6350,"href":"https:\/\/atauni.edu.tr\/tibbi-aromatik-bitki-ve-ilac-arastirma-merkezi\/wp-json\/wp\/v2\/pages\/6186\/revisions\/6350"}],"wp:attachment":[{"href":"https:\/\/atauni.edu.tr\/tibbi-aromatik-bitki-ve-ilac-arastirma-merkezi\/wp-json\/wp\/v2\/media?parent=6186"}],"curies":[{"name":"wp","href":"https:\/\/api.w.org\/{rel}","templated":true}]}}