{"id":5682,"date":"2021-07-13T10:10:01","date_gmt":"2021-07-13T07:10:01","guid":{"rendered":"https:\/\/portaltest.atauni.edu.tr\/bilgisayar-muhendisligi\/?page_id=5682"},"modified":"2021-11-05T14:35:00","modified_gmt":"2021-11-05T11:35:00","slug":"misyon-vizyon-ve-temel-degerler","status":"publish","type":"page","link":"https:\/\/atauni.edu.tr\/tibbi-deneysel-uygulama-ve-arastirma-merkezi\/misyon-vizyon-ve-temel-degerler\/","title":{"rendered":"Misyon, Vizyon ve Temel De\u011ferler"},"content":{"rendered":"\t\t<div data-elementor-type=\"wp-page\" data-elementor-id=\"5682\" class=\"elementor elementor-5682\" data-elementor-post-type=\"page\">\n\t\t\t\t\t\t<section class=\"elementor-section elementor-top-section elementor-element elementor-element-730d320 elementor-section-boxed elementor-section-height-default elementor-section-height-default\" data-id=\"730d320\" data-element_type=\"section\">\n\t\t\t\t\t\t<div class=\"elementor-container elementor-column-gap-default\">\n\t\t\t\t\t<div class=\"elementor-column elementor-col-100 elementor-top-column elementor-element elementor-element-753d0860\" data-id=\"753d0860\" data-element_type=\"column\">\n\t\t\t<div class=\"elementor-widget-wrap\">\n\t\t\t\t\t\t\t<\/div>\n\t\t<\/div>\n\t\t\t\t\t<\/div>\n\t\t<\/section>\n\t\t\t\t<section class=\"elementor-section elementor-top-section elementor-element elementor-element-9be811a elementor-section-boxed elementor-section-height-default elementor-section-height-default\" data-id=\"9be811a\" data-element_type=\"section\">\n\t\t\t\t\t\t<div class=\"elementor-container elementor-column-gap-default\">\n\t\t\t\t\t<div class=\"elementor-column elementor-col-100 elementor-top-column elementor-element elementor-element-1ed847b7\" data-id=\"1ed847b7\" data-element_type=\"column\">\n\t\t\t<div class=\"elementor-widget-wrap elementor-element-populated\">\n\t\t\t\t\t\t<div class=\"elementor-element elementor-element-4ce0d07f elementor-widget elementor-widget-heading\" data-id=\"4ce0d07f\" data-element_type=\"widget\" data-widget_type=\"heading.default\">\n\t\t\t\t<div class=\"elementor-widget-container\">\n\t\t\t\t\t<h2 class=\"elementor-heading-title elementor-size-default\">Misyon, Vizyon ve Temel De\u011ferler<\/h2>\t\t\t\t<\/div>\n\t\t\t\t<\/div>\n\t\t\t\t<div class=\"elementor-element elementor-element-63260862 elementor-widget-divider--view-line elementor-widget elementor-widget-divider\" data-id=\"63260862\" data-element_type=\"widget\" data-widget_type=\"divider.default\">\n\t\t\t\t<div class=\"elementor-widget-container\">\n\t\t\t\t\t\t\t<div class=\"elementor-divider\">\n\t\t\t<span class=\"elementor-divider-separator\">\n\t\t\t\t\t\t<\/span>\n\t\t<\/div>\n\t\t\t\t\t\t<\/div>\n\t\t\t\t<\/div>\n\t\t\t\t\t<\/div>\n\t\t<\/div>\n\t\t\t\t\t<\/div>\n\t\t<\/section>\n\t\t\t\t<section class=\"elementor-section elementor-top-section elementor-element elementor-element-681db8b elementor-section-boxed elementor-section-height-default elementor-section-height-default\" data-id=\"681db8b\" data-element_type=\"section\">\n\t\t\t\t\t\t<div class=\"elementor-container elementor-column-gap-default\">\n\t\t\t\t\t<div class=\"elementor-column elementor-col-100 elementor-top-column elementor-element elementor-element-ad4dac5\" data-id=\"ad4dac5\" data-element_type=\"column\">\n\t\t\t<div class=\"elementor-widget-wrap elementor-element-populated\">\n\t\t\t\t\t\t<div class=\"elementor-element elementor-element-2f96b3d elementor-widget elementor-widget-text-editor\" data-id=\"2f96b3d\" data-element_type=\"widget\" data-widget_type=\"text-editor.default\">\n\t\t\t\t<div class=\"elementor-widget-container\">\n\t\t\t\t\t\t\t\t\t<p>Misyonumuz, Merkezimiz taraf\u0131ndan deneysel ara\u015ft\u0131rma yapmak isteyen ara\u015ft\u0131r\u0131c\u0131lara olanaklar \u00e7er\u00e7evesinde alt yap\u0131 ve deney hayvan\u0131 sa\u011flanmaktad\u0131r. Ara\u015ft\u0131rma yapmak isteyen ara\u015ft\u0131r\u0131c\u0131lar\u0131n gerek deney hayvan\u0131, gerekse deneysel \u00e7al\u0131\u015fma ortam\u0131 istekleri Atat\u00fcrk \u00dcniversitesi Hayvan Deneyleri Yerel Etik Kurulunca de\u011ferlendirilmektedir. \u00c7al\u0131\u015fmalar\u0131 Etik Kurul taraf\u0131ndan kabul edilen ara\u015ft\u0131r\u0131c\u0131lar\u0131n deney hayvan\u0131 talebi Merkez M\u00fcd\u00fcrl\u00fc\u011f\u00fcm\u00fcz olanaklar\u0131 ko\u015fulunda en k\u0131sa zaman da kar\u015f\u0131lamakt\u0131r. Vizyonumuz, Atat\u00fcrk \u00dcniversitesi T\u0131bbi Deneysel Uygulama ve Ara\u015ft\u0131rma Merkezi M\u00fcd\u00fcrl\u00fc\u011f\u00fcn\u00fcn vizyonu; \u00a0T\u0131p, Di\u015f Hekimli\u011fi, Eczac\u0131l\u0131k ve Veteriner Fak\u00fclteleri ile E\u011fitim ve Fen Edebiyat Fak\u00fcltelerinin Biyoloji ve Biyokimya b\u00f6l\u00fcm ve anabilim dallar\u0131 ile Sosyal Bilimlerin canl\u0131 davran\u0131\u015flar\u0131n\u0131 inceleyen b\u00f6l\u00fcmlerinin deneysel ara\u015ft\u0131rmalar\u0131 i\u00e7in gerekli deste\u011fi sa\u011flayacak her t\u00fcrl\u00fc altyap\u0131y\u0131 kurmak ve \u00e7al\u0131\u015ft\u0131rmak, ara\u015ft\u0131rmalarda kullan\u0131lacak deney hayvanlar\u0131n\u0131n uluslararas\u0131 standartlarda yeti\u015ftirilmesi bak\u0131m\u0131 ve beslenmesi i\u00e7in gerekli ortamlar\u0131 olu\u015fturmak, deney hayvan\u0131 ile yap\u0131lmas\u0131 planlanan bilimsel ara\u015ft\u0131rmalar i\u00e7in deney hayvan\u0131 temini ve laboratuvar hizmeti vermeyi, g\u00fcn\u00fcm\u00fcz\u00fcn ihtiya\u00e7 duydu\u011fu bilimsel \u00e7al\u0131\u015fmalara katk\u0131 sa\u011flamay\u0131 ama\u00e7lamaktad\u0131r.<\/p>\t\t\t\t\t\t\t\t<\/div>\n\t\t\t\t<\/div>\n\t\t\t\t\t<\/div>\n\t\t<\/div>\n\t\t\t\t\t<\/div>\n\t\t<\/section>\n\t\t\t\t<\/div>\n\t\t","protected":false},"excerpt":{"rendered":"<p>Misyon, Vizyon ve Temel De\u011ferler Misyonumuz, Merkezimiz taraf\u0131ndan deneysel ara\u015ft\u0131rma yapmak isteyen ara\u015ft\u0131r\u0131c\u0131lara olanaklar \u00e7er\u00e7evesinde alt yap\u0131 ve deney hayvan\u0131 sa\u011flanmaktad\u0131r. Ara\u015ft\u0131rma yapmak isteyen ara\u015ft\u0131r\u0131c\u0131lar\u0131n gerek deney hayvan\u0131, gerekse deneysel \u00e7al\u0131\u015fma ortam\u0131 istekleri Atat\u00fcrk \u00dcniversitesi Hayvan Deneyleri Yerel Etik Kurulunca de\u011ferlendirilmektedir. \u00c7al\u0131\u015fmalar\u0131 Etik Kurul taraf\u0131ndan kabul edilen ara\u015ft\u0131r\u0131c\u0131lar\u0131n deney hayvan\u0131 talebi Merkez M\u00fcd\u00fcrl\u00fc\u011f\u00fcm\u00fcz olanaklar\u0131 ko\u015fulunda [&hellip;]<\/p>\n","protected":false},"author":1,"featured_media":0,"parent":0,"menu_order":0,"comment_status":"closed","ping_status":"closed","template":"elementor_header_footer","meta":{"footnotes":""},"class_list":["post-5682","page","type-page","status-publish","hentry"],"_links":{"self":[{"href":"https:\/\/atauni.edu.tr\/tibbi-deneysel-uygulama-ve-arastirma-merkezi\/wp-json\/wp\/v2\/pages\/5682","targetHints":{"allow":["GET"]}}],"collection":[{"href":"https:\/\/atauni.edu.tr\/tibbi-deneysel-uygulama-ve-arastirma-merkezi\/wp-json\/wp\/v2\/pages"}],"about":[{"href":"https:\/\/atauni.edu.tr\/tibbi-deneysel-uygulama-ve-arastirma-merkezi\/wp-json\/wp\/v2\/types\/page"}],"author":[{"embeddable":true,"href":"https:\/\/atauni.edu.tr\/tibbi-deneysel-uygulama-ve-arastirma-merkezi\/wp-json\/wp\/v2\/users\/1"}],"replies":[{"embeddable":true,"href":"https:\/\/atauni.edu.tr\/tibbi-deneysel-uygulama-ve-arastirma-merkezi\/wp-json\/wp\/v2\/comments?post=5682"}],"version-history":[{"count":14,"href":"https:\/\/atauni.edu.tr\/tibbi-deneysel-uygulama-ve-arastirma-merkezi\/wp-json\/wp\/v2\/pages\/5682\/revisions"}],"predecessor-version":[{"id":6192,"href":"https:\/\/atauni.edu.tr\/tibbi-deneysel-uygulama-ve-arastirma-merkezi\/wp-json\/wp\/v2\/pages\/5682\/revisions\/6192"}],"wp:attachment":[{"href":"https:\/\/atauni.edu.tr\/tibbi-deneysel-uygulama-ve-arastirma-merkezi\/wp-json\/wp\/v2\/media?parent=5682"}],"curies":[{"name":"wp","href":"https:\/\/api.w.org\/{rel}","templated":true}]}}