{"id":6369,"date":"2022-05-13T15:42:16","date_gmt":"2022-05-13T12:42:16","guid":{"rendered":"https:\/\/birimler.atauni.edu.tr\/tibbi-deneysel-uygulama-ve-arastirma-merkezi\/?page_id=6369"},"modified":"2022-05-13T16:08:02","modified_gmt":"2022-05-13T13:08:02","slug":"kurallar","status":"publish","type":"page","link":"https:\/\/atauni.edu.tr\/tibbi-deneysel-uygulama-ve-arastirma-merkezi\/kurallar\/","title":{"rendered":"Kurallar"},"content":{"rendered":"\n<ul class=\"has-black-color has-text-color wp-block-list\"><li>D\u0131\u015far\u0131dan Deney Hayvanlar\u0131 Ara\u015ft\u0131rma Merkezine giri\u015fte&nbsp;<strong>galo\u015f giyilmesi zorunlu<\/strong>&nbsp;olup merkez terk edilinceye kadar<strong> galo\u015fsuz dola\u015f\u0131lamaz.<\/strong><\/li><li>Hayvanlar\u0131n bulundu\u011fu alana&nbsp;<strong>Laboratuvar \u00f6nl\u00fc\u011f\u00fc, \u00f6zel cerrahi elbiseleri<\/strong>&nbsp;ya da&nbsp;<strong>tek kullan\u0131ml\u0131k \u00f6nl\u00fckler<\/strong>&nbsp;giyildikten sonra girilmelidir.<\/li><li>Ara\u015ft\u0131rmac\u0131 \u00e7al\u0131\u015fma yapt\u0131\u011f\u0131 b\u00f6l\u00fcm\u00fc&nbsp;<strong>her defas\u0131nda temiz ve d\u00fczenli b\u0131rakarak terk<\/strong>&nbsp;etmelidir.<\/li><li>Ara\u015ft\u0131rmac\u0131 proje takip defterine &#8216;&nbsp;<strong>giri\u015f ve \u00e7\u0131k\u0131\u015f saatlerini ve ilgili k\u0131s\u0131mlar\u0131 yaz\u0131p imzalamak&nbsp;<\/strong>zorundad\u0131r.<\/li><li>Ara\u015ft\u0131rmac\u0131 \u00e7al\u0131\u015fma \u00f6ncesinde etik kurul belgesini teslim etmelidir.<\/li><li>Vaktinde \u00fcretim planlamas\u0131n\u0131n yap\u0131labilmesi i\u00e7in&nbsp;<strong>hayvan isteklerinin \u00e7al\u0131\u015fma ba\u015flamadan en az 3 ay \u00f6nceden<\/strong> birimimize bildirilmesi gerekmektedir.<\/li><li>Ara\u015ft\u0131rma s\u00fcresince kullan\u0131lan her t\u00fcrl\u00fc alet ve cihaz\u0131n bak\u0131m ve temizli\u011fi her defas\u0131nda ara\u015ft\u0131rmac\u0131 taraf\u0131ndan yap\u0131l\u0131r.<\/li><li>Ara\u015ft\u0131rmada kullan\u0131lacak&nbsp;sarf malzemeler&nbsp;ara\u015ft\u0131rmac\u0131 taraf\u0131ndan temin edilir.<\/li><li>Ara\u015ft\u0131rmac\u0131 hayvanlarla \u00e7al\u0131\u015fma tarihini (Ba\u015flama-Bitirme) ba\u015fvuru esnas\u0131nda belirtmelidir. <\/li><\/ul>\n","protected":false},"excerpt":{"rendered":"<p>D\u0131\u015far\u0131dan Deney Hayvanlar\u0131 Ara\u015ft\u0131rma Merkezine giri\u015fte&nbsp;galo\u015f giyilmesi zorunlu&nbsp;olup merkez terk edilinceye kadar galo\u015fsuz dola\u015f\u0131lamaz. Hayvanlar\u0131n bulundu\u011fu alana&nbsp;Laboratuvar \u00f6nl\u00fc\u011f\u00fc, \u00f6zel cerrahi elbiseleri&nbsp;ya da&nbsp;tek kullan\u0131ml\u0131k \u00f6nl\u00fckler&nbsp;giyildikten sonra girilmelidir. Ara\u015ft\u0131rmac\u0131 \u00e7al\u0131\u015fma yapt\u0131\u011f\u0131 b\u00f6l\u00fcm\u00fc&nbsp;her defas\u0131nda temiz ve d\u00fczenli b\u0131rakarak terk&nbsp;etmelidir. Ara\u015ft\u0131rmac\u0131 proje takip defterine &#8216;&nbsp;giri\u015f ve \u00e7\u0131k\u0131\u015f saatlerini ve ilgili k\u0131s\u0131mlar\u0131 yaz\u0131p imzalamak&nbsp;zorundad\u0131r. Ara\u015ft\u0131rmac\u0131 \u00e7al\u0131\u015fma \u00f6ncesinde etik kurul belgesini [&hellip;]<\/p>\n","protected":false},"author":427,"featured_media":0,"parent":0,"menu_order":0,"comment_status":"closed","ping_status":"closed","template":"","meta":{"footnotes":""},"class_list":["post-6369","page","type-page","status-publish","hentry"],"_links":{"self":[{"href":"https:\/\/atauni.edu.tr\/tibbi-deneysel-uygulama-ve-arastirma-merkezi\/wp-json\/wp\/v2\/pages\/6369","targetHints":{"allow":["GET"]}}],"collection":[{"href":"https:\/\/atauni.edu.tr\/tibbi-deneysel-uygulama-ve-arastirma-merkezi\/wp-json\/wp\/v2\/pages"}],"about":[{"href":"https:\/\/atauni.edu.tr\/tibbi-deneysel-uygulama-ve-arastirma-merkezi\/wp-json\/wp\/v2\/types\/page"}],"author":[{"embeddable":true,"href":"https:\/\/atauni.edu.tr\/tibbi-deneysel-uygulama-ve-arastirma-merkezi\/wp-json\/wp\/v2\/users\/427"}],"replies":[{"embeddable":true,"href":"https:\/\/atauni.edu.tr\/tibbi-deneysel-uygulama-ve-arastirma-merkezi\/wp-json\/wp\/v2\/comments?post=6369"}],"version-history":[{"count":4,"href":"https:\/\/atauni.edu.tr\/tibbi-deneysel-uygulama-ve-arastirma-merkezi\/wp-json\/wp\/v2\/pages\/6369\/revisions"}],"predecessor-version":[{"id":6390,"href":"https:\/\/atauni.edu.tr\/tibbi-deneysel-uygulama-ve-arastirma-merkezi\/wp-json\/wp\/v2\/pages\/6369\/revisions\/6390"}],"wp:attachment":[{"href":"https:\/\/atauni.edu.tr\/tibbi-deneysel-uygulama-ve-arastirma-merkezi\/wp-json\/wp\/v2\/media?parent=6369"}],"curies":[{"name":"wp","href":"https:\/\/api.w.org\/{rel}","templated":true}]}}