{"id":6333,"date":"2022-11-12T13:14:19","date_gmt":"2022-11-12T10:14:19","guid":{"rendered":"https:\/\/birimler.atauni.edu.tr\/tip-egitimi-4\/?page_id=6333"},"modified":"2025-10-06T07:26:46","modified_gmt":"2025-10-06T04:26:46","slug":"donem-1-ihu","status":"publish","type":"page","link":"https:\/\/atauni.edu.tr\/tip-egitimi-4\/?page_id=6333&lang=tr","title":{"rendered":"D\u00f6nem-1 IHU"},"content":{"rendered":"\t\t<div data-elementor-type=\"wp-page\" data-elementor-id=\"6333\" class=\"elementor elementor-6333\" data-elementor-post-type=\"page\">\n\t\t\t\t\t\t<section class=\"elementor-section elementor-top-section elementor-element elementor-element-475bdd4 elementor-section-boxed elementor-section-height-default elementor-section-height-default\" data-id=\"475bdd4\" data-element_type=\"section\">\n\t\t\t\t\t\t<div class=\"elementor-container elementor-column-gap-default\">\n\t\t\t\t\t<div class=\"elementor-column elementor-col-33 elementor-top-column elementor-element elementor-element-302f6ff\" data-id=\"302f6ff\" data-element_type=\"column\">\n\t\t\t<div class=\"elementor-widget-wrap elementor-element-populated\">\n\t\t\t\t\t\t<div class=\"elementor-element elementor-element-1f20cf1 elementor-widget elementor-widget-image\" data-id=\"1f20cf1\" data-element_type=\"widget\" data-widget_type=\"image.default\">\n\t\t\t\t<div class=\"elementor-widget-container\">\n\t\t\t\t\t\t\t\t\t\t\t\t\t\t\t<img fetchpriority=\"high\" decoding=\"async\" width=\"720\" height=\"1024\" src=\"https:\/\/atauni.edu.tr\/tip-egitimi-4\/wp-content\/uploads\/sites\/382\/2020\/07\/TR-1-REHBER-KAPAK-720x1024.jpg\" class=\"attachment-large size-large wp-image-6352\" alt=\"\" srcset=\"https:\/\/atauni.edu.tr\/tip-egitimi-4\/wp-content\/uploads\/sites\/382\/2020\/07\/TR-1-REHBER-KAPAK-720x1024.jpg 720w, https:\/\/atauni.edu.tr\/tip-egitimi-4\/wp-content\/uploads\/sites\/382\/2020\/07\/TR-1-REHBER-KAPAK-211x300.jpg 211w, https:\/\/atauni.edu.tr\/tip-egitimi-4\/wp-content\/uploads\/sites\/382\/2020\/07\/TR-1-REHBER-KAPAK-768x1092.jpg 768w, https:\/\/atauni.edu.tr\/tip-egitimi-4\/wp-content\/uploads\/sites\/382\/2020\/07\/TR-1-REHBER-KAPAK-1080x1536.jpg 1080w, https:\/\/atauni.edu.tr\/tip-egitimi-4\/wp-content\/uploads\/sites\/382\/2020\/07\/TR-1-REHBER-KAPAK-1440x2048.jpg 1440w, https:\/\/atauni.edu.tr\/tip-egitimi-4\/wp-content\/uploads\/sites\/382\/2020\/07\/TR-1-REHBER-KAPAK-422x600.jpg 422w, https:\/\/atauni.edu.tr\/tip-egitimi-4\/wp-content\/uploads\/sites\/382\/2020\/07\/TR-1-REHBER-KAPAK-394x560.jpg 394w, https:\/\/atauni.edu.tr\/tip-egitimi-4\/wp-content\/uploads\/sites\/382\/2020\/07\/TR-1-REHBER-KAPAK.jpg 1662w\" sizes=\"(max-width: 720px) 100vw, 720px\" \/>\t\t\t\t\t\t\t\t\t\t\t\t\t\t\t<\/div>\n\t\t\t\t<\/div>\n\t\t\t\t\t<\/div>\n\t\t<\/div>\n\t\t\t\t<div class=\"elementor-column elementor-col-66 elementor-top-column elementor-element elementor-element-11a382c\" data-id=\"11a382c\" data-element_type=\"column\">\n\t\t\t<div class=\"elementor-widget-wrap elementor-element-populated\">\n\t\t\t\t\t\t<div class=\"elementor-element elementor-element-9438c7f elementor-widget elementor-widget-text-editor\" data-id=\"9438c7f\" data-element_type=\"widget\" data-widget_type=\"text-editor.default\">\n\t\t\t\t<div class=\"elementor-widget-container\">\n\t\t\t\t\t\t\t\t\t<p><span style=\"color: #0000ff\"><a style=\"color: #0000ff\" href=\"https:\/\/birimler.atauni.edu.tr\/tip-egitimi-4\/wp-content\/uploads\/sites\/382\/2025\/10\/El-Yikama-Becerisi.pdf\">El Y\u0131kama Becerisi<\/a><\/span><\/p><p><span style=\"color: #0000ff\"><a style=\"color: #0000ff\" href=\"https:\/\/birimler.atauni.edu.tr\/tip-egitimi-4\/wp-content\/uploads\/sites\/382\/2020\/07\/Glukometre-ile-Kan-Sekeri-Olcumunun-Kazandirilmasi-Becerisi.pdf\"><span style=\"letter-spacing: 0px\">Glukometre ile Kan \u015eekeri \u00d6l\u00e7\u00fcm\u00fc Becerisi<\/span><\/a><\/span><\/p><p><span style=\"color: #0000ff\"><a style=\"color: #0000ff\" href=\"https:\/\/birimler.atauni.edu.tr\/tip-egitimi-4\/wp-content\/uploads\/sites\/382\/2020\/07\/Intramuskuler-Enjeksiyon-Yapma-Becerisi.pdf\">Intramuskuler Enjeksiyon Yapma Becerisi<\/a><\/span><\/p><p><span style=\"color: #0000ff\"><a style=\"color: #0000ff\" href=\"https:\/\/birimler.atauni.edu.tr\/tip-egitimi-4\/wp-content\/uploads\/sites\/382\/2020\/07\/Koldan-Venoz-Kan-Alma-Becerisi.pdf\">Koldan Ven\u00f6z Kan Alma Becerisi<\/a><\/span><\/p><p><span style=\"color: #0000ff\"><a style=\"color: #0000ff\" href=\"https:\/\/birimler.atauni.edu.tr\/tip-egitimi-4\/wp-content\/uploads\/sites\/382\/2020\/07\/Maske-Takma-ve-Kullanilmis-Maskeyi-Cikarma-Becerisi.pdf\">Maske Takma ve Kullan\u0131lm\u0131\u015f Maskeyi \u00c7\u0131karma Becerisi<\/a><\/span><\/p><p><span style=\"color: #0000ff\"><a style=\"color: #0000ff\" href=\"https:\/\/birimler.atauni.edu.tr\/tip-egitimi-4\/wp-content\/uploads\/sites\/382\/2020\/07\/Parmak-Ucundan-Kan-Alma-Becerisi.pdf\">Parmak Ucundan Kan Alma Becerisi<\/a><\/span><\/p><p><span style=\"color: #0000ff\"><a style=\"color: #0000ff\" href=\"https:\/\/birimler.atauni.edu.tr\/tip-egitimi-4\/wp-content\/uploads\/sites\/382\/2020\/07\/Radial-Arterden-Nabiz-Bakma-ve-Kan-Basinci-Olcme-Becerisi.pdf\">Radial Arterden Nab\u0131z Bakma ve Kan Bas\u0131nc\u0131 \u00d6l\u00e7me Becerisi<\/a><\/span><\/p><p><span style=\"color: #0000ff\"><a style=\"color: #0000ff\" href=\"https:\/\/birimler.atauni.edu.tr\/tip-egitimi-4\/wp-content\/uploads\/sites\/382\/2020\/07\/Steril-Eldiven-Giyme-ve-Kullanilmis-Eldiveni-Cikarma-Becerisi.pdf\">Steril Eldiven Giyme ve Kullan\u0131lm\u0131\u015f Eldiveni \u00c7\u0131karma Becerisi<\/a><\/span><\/p><div><span style=\"color: #0000ff\"><a style=\"color: #0000ff\" href=\"https:\/\/birimler.atauni.edu.tr\/tip-egitimi-4\/wp-content\/uploads\/sites\/382\/2020\/07\/Vucut-Sicakligini-Temassiz-Atesolcerle-Olcme-Becerisi.pdf\"><span style=\"letter-spacing: 0px\">V\u00fccut S\u0131cakl\u0131\u011f\u0131n\u0131 Temass\u0131z Ate\u015f\u00f6l\u00e7erle \u00d6l\u00e7me Becerisi<\/span><\/a><\/span><\/div><div>\u00a0<\/div><div>\u00a0<\/div><div><span style=\"color: #000000\">Becerilerin De\u011ferlendirme Formlar\u0131 i\u00e7in <a href=\"https:\/\/birimler.atauni.edu.tr\/tip-egitimi-4\/wp-content\/uploads\/sites\/382\/2025\/06\/1.-SINIF-BECERI\u0307-DEGERLENDIRME-FORMLARI.pdf\">t\u0131klay\u0131n\u0131z<\/a><\/span><\/div>\t\t\t\t\t\t\t\t<\/div>\n\t\t\t\t<\/div>\n\t\t\t\t\t<\/div>\n\t\t<\/div>\n\t\t\t\t\t<\/div>\n\t\t<\/section>\n\t\t\t\t<\/div>\n\t\t","protected":false},"excerpt":{"rendered":"<p>El Y\u0131kama Becerisi Glukometre ile Kan \u015eekeri \u00d6l\u00e7\u00fcm\u00fc Becerisi Intramuskuler Enjeksiyon Yapma Becerisi Koldan Ven\u00f6z Kan Alma Becerisi Maske Takma ve Kullan\u0131lm\u0131\u015f Maskeyi \u00c7\u0131karma Becerisi Parmak Ucundan Kan Alma Becerisi Radial Arterden Nab\u0131z Bakma ve Kan Bas\u0131nc\u0131 \u00d6l\u00e7me Becerisi Steril Eldiven Giyme ve Kullan\u0131lm\u0131\u015f Eldiveni \u00c7\u0131karma Becerisi V\u00fccut S\u0131cakl\u0131\u011f\u0131n\u0131 Temass\u0131z Ate\u015f\u00f6l\u00e7erle \u00d6l\u00e7me Becerisi\u00a0\u00a0Becerilerin De\u011ferlendirme Formlar\u0131 [&hellip;]<\/p>\n","protected":false},"author":365,"featured_media":0,"parent":0,"menu_order":0,"comment_status":"closed","ping_status":"closed","template":"","meta":{"footnotes":""},"class_list":["post-6333","page","type-page","status-publish","hentry"],"_links":{"self":[{"href":"https:\/\/atauni.edu.tr\/tip-egitimi-4\/index.php?rest_route=\/wp\/v2\/pages\/6333","targetHints":{"allow":["GET"]}}],"collection":[{"href":"https:\/\/atauni.edu.tr\/tip-egitimi-4\/index.php?rest_route=\/wp\/v2\/pages"}],"about":[{"href":"https:\/\/atauni.edu.tr\/tip-egitimi-4\/index.php?rest_route=\/wp\/v2\/types\/page"}],"author":[{"embeddable":true,"href":"https:\/\/atauni.edu.tr\/tip-egitimi-4\/index.php?rest_route=\/wp\/v2\/users\/365"}],"replies":[{"embeddable":true,"href":"https:\/\/atauni.edu.tr\/tip-egitimi-4\/index.php?rest_route=%2Fwp%2Fv2%2Fcomments&post=6333"}],"version-history":[{"count":22,"href":"https:\/\/atauni.edu.tr\/tip-egitimi-4\/index.php?rest_route=\/wp\/v2\/pages\/6333\/revisions"}],"predecessor-version":[{"id":7956,"href":"https:\/\/atauni.edu.tr\/tip-egitimi-4\/index.php?rest_route=\/wp\/v2\/pages\/6333\/revisions\/7956"}],"wp:attachment":[{"href":"https:\/\/atauni.edu.tr\/tip-egitimi-4\/index.php?rest_route=%2Fwp%2Fv2%2Fmedia&parent=6333"}],"curies":[{"name":"wp","href":"https:\/\/api.w.org\/{rel}","templated":true}]}}