{"id":6400,"date":"2022-11-12T14:02:19","date_gmt":"2022-11-12T11:02:19","guid":{"rendered":"https:\/\/birimler.atauni.edu.tr\/tip-egitimi-4\/?page_id=6400"},"modified":"2025-11-06T09:11:33","modified_gmt":"2025-11-06T06:11:33","slug":"donem-2","status":"publish","type":"page","link":"https:\/\/atauni.edu.tr\/tip-egitimi-4\/?page_id=6400&lang=tr","title":{"rendered":"D\u00f6nem-2"},"content":{"rendered":"\t\t<div data-elementor-type=\"wp-page\" data-elementor-id=\"6400\" class=\"elementor elementor-6400\" data-elementor-post-type=\"page\">\n\t\t\t\t\t\t<section class=\"elementor-section elementor-top-section elementor-element elementor-element-475bdd4 elementor-section-boxed elementor-section-height-default elementor-section-height-default\" data-id=\"475bdd4\" data-element_type=\"section\">\n\t\t\t\t\t\t<div class=\"elementor-container elementor-column-gap-default\">\n\t\t\t\t\t<div class=\"elementor-column elementor-col-33 elementor-top-column elementor-element elementor-element-302f6ff\" data-id=\"302f6ff\" data-element_type=\"column\">\n\t\t\t<div class=\"elementor-widget-wrap elementor-element-populated\">\n\t\t\t\t\t\t<div class=\"elementor-element elementor-element-1f20cf1 elementor-widget elementor-widget-image\" data-id=\"1f20cf1\" data-element_type=\"widget\" data-widget_type=\"image.default\">\n\t\t\t\t<div class=\"elementor-widget-container\">\n\t\t\t\t\t\t\t\t\t\t\t\t\t\t\t<img fetchpriority=\"high\" decoding=\"async\" width=\"724\" height=\"1024\" src=\"https:\/\/atauni.edu.tr\/tip-egitimi-4\/wp-content\/uploads\/sites\/382\/2020\/07\/TR-2-ILTSM-KAPAK-724x1024.jpg\" class=\"attachment-large size-large wp-image-6396\" alt=\"\" srcset=\"https:\/\/atauni.edu.tr\/tip-egitimi-4\/wp-content\/uploads\/sites\/382\/2020\/07\/TR-2-ILTSM-KAPAK-724x1024.jpg 724w, https:\/\/atauni.edu.tr\/tip-egitimi-4\/wp-content\/uploads\/sites\/382\/2020\/07\/TR-2-ILTSM-KAPAK-212x300.jpg 212w, https:\/\/atauni.edu.tr\/tip-egitimi-4\/wp-content\/uploads\/sites\/382\/2020\/07\/TR-2-ILTSM-KAPAK-768x1086.jpg 768w, https:\/\/atauni.edu.tr\/tip-egitimi-4\/wp-content\/uploads\/sites\/382\/2020\/07\/TR-2-ILTSM-KAPAK-1086x1536.jpg 1086w, https:\/\/atauni.edu.tr\/tip-egitimi-4\/wp-content\/uploads\/sites\/382\/2020\/07\/TR-2-ILTSM-KAPAK-1448x2048.jpg 1448w, https:\/\/atauni.edu.tr\/tip-egitimi-4\/wp-content\/uploads\/sites\/382\/2020\/07\/TR-2-ILTSM-KAPAK-424x600.jpg 424w, https:\/\/atauni.edu.tr\/tip-egitimi-4\/wp-content\/uploads\/sites\/382\/2020\/07\/TR-2-ILTSM-KAPAK-396x560.jpg 396w, https:\/\/atauni.edu.tr\/tip-egitimi-4\/wp-content\/uploads\/sites\/382\/2020\/07\/TR-2-ILTSM-KAPAK.jpg 1662w\" sizes=\"(max-width: 724px) 100vw, 724px\" \/>\t\t\t\t\t\t\t\t\t\t\t\t\t\t\t<\/div>\n\t\t\t\t<\/div>\n\t\t\t\t\t<\/div>\n\t\t<\/div>\n\t\t\t\t<div class=\"elementor-column elementor-col-66 elementor-top-column elementor-element elementor-element-11a382c\" data-id=\"11a382c\" data-element_type=\"column\">\n\t\t\t<div class=\"elementor-widget-wrap elementor-element-populated\">\n\t\t\t\t\t\t<div class=\"elementor-element elementor-element-9438c7f elementor-widget elementor-widget-text-editor\" data-id=\"9438c7f\" data-element_type=\"widget\" data-widget_type=\"text-editor.default\">\n\t\t\t\t<div class=\"elementor-widget-container\">\n\t\t\t\t\t\t\t\t\t<p><a href=\"https:\/\/birimler.atauni.edu.tr\/tip-egitimi-4\/wp-content\/uploads\/sites\/382\/2025\/11\/Basvuran_hasta-ile-gorusme-becerisi-1.pdf\"><span style=\"color: #0000ff\">Ba\u015fvuran Hasta ile G\u00f6r\u00fc\u015fme Becerisi<\/span><\/a><\/p><p><span style=\"color: #0000ff\"><a style=\"color: #0000ff\" href=\"https:\/\/birimler.atauni.edu.tr\/tip-egitimi-4\/wp-content\/uploads\/sites\/382\/2020\/07\/Iletisim-Becerileri.pdf\">Ba\u015fvuran\u0131\/Hastay\u0131 Kar\u015f\u0131lama Becerisi<\/a><\/span><\/p><p><a href=\"https:\/\/birimler.atauni.edu.tr\/tip-egitimi-4\/wp-content\/uploads\/sites\/382\/2020\/07\/Iletisim-Becerileri-Formlar.pdf\">\u0130leti\u015fim Becerileri De\u011ferlendirme Formlar\u0131<\/a><\/p><p><a href=\"https:\/\/birimler.atauni.edu.tr\/tip-egitimi-4\/wp-content\/uploads\/sites\/382\/2025\/05\/I\u0307letis\u0327im-Becerileri-Go\u0308zlem-Geri-Bildirim-Formu.docx\">\u0130leti\u015fim Becerileri G\u00f6zlem Geri Bildirim Formu<\/a><\/p>\t\t\t\t\t\t\t\t<\/div>\n\t\t\t\t<\/div>\n\t\t\t\t\t<\/div>\n\t\t<\/div>\n\t\t\t\t\t<\/div>\n\t\t<\/section>\n\t\t\t\t<\/div>\n\t\t","protected":false},"excerpt":{"rendered":"<p>Ba\u015fvuran Hasta ile G\u00f6r\u00fc\u015fme Becerisi Ba\u015fvuran\u0131\/Hastay\u0131 Kar\u015f\u0131lama Becerisi \u0130leti\u015fim Becerileri De\u011ferlendirme Formlar\u0131 \u0130leti\u015fim Becerileri G\u00f6zlem Geri Bildirim Formu<\/p>\n","protected":false},"author":365,"featured_media":0,"parent":0,"menu_order":0,"comment_status":"closed","ping_status":"closed","template":"","meta":{"footnotes":""},"class_list":["post-6400","page","type-page","status-publish","hentry"],"_links":{"self":[{"href":"https:\/\/atauni.edu.tr\/tip-egitimi-4\/index.php?rest_route=\/wp\/v2\/pages\/6400","targetHints":{"allow":["GET"]}}],"collection":[{"href":"https:\/\/atauni.edu.tr\/tip-egitimi-4\/index.php?rest_route=\/wp\/v2\/pages"}],"about":[{"href":"https:\/\/atauni.edu.tr\/tip-egitimi-4\/index.php?rest_route=\/wp\/v2\/types\/page"}],"author":[{"embeddable":true,"href":"https:\/\/atauni.edu.tr\/tip-egitimi-4\/index.php?rest_route=\/wp\/v2\/users\/365"}],"replies":[{"embeddable":true,"href":"https:\/\/atauni.edu.tr\/tip-egitimi-4\/index.php?rest_route=%2Fwp%2Fv2%2Fcomments&post=6400"}],"version-history":[{"count":22,"href":"https:\/\/atauni.edu.tr\/tip-egitimi-4\/index.php?rest_route=\/wp\/v2\/pages\/6400\/revisions"}],"predecessor-version":[{"id":8127,"href":"https:\/\/atauni.edu.tr\/tip-egitimi-4\/index.php?rest_route=\/wp\/v2\/pages\/6400\/revisions\/8127"}],"wp:attachment":[{"href":"https:\/\/atauni.edu.tr\/tip-egitimi-4\/index.php?rest_route=%2Fwp%2Fv2%2Fmedia&parent=6400"}],"curies":[{"name":"wp","href":"https:\/\/api.w.org\/{rel}","templated":true}]}}