{"id":16133,"date":"2025-04-05T12:38:00","date_gmt":"2025-04-05T09:38:00","guid":{"rendered":"https:\/\/birimler.atauni.edu.tr\/tip-fakultesi\/?page_id=16133"},"modified":"2026-03-13T15:41:37","modified_gmt":"2026-03-13T12:41:37","slug":"girisimsel-olmayan-klinik-arastirmalar-etik-kurulu","status":"publish","type":"page","link":"https:\/\/atauni.edu.tr\/tip-fakultesi\/girisimsel-olmayan-klinik-arastirmalar-etik-kurulu\/","title":{"rendered":"Giri\u015fimsel Olmayan Klinik Ara\u015ft\u0131rmalar Etik Kurulu"},"content":{"rendered":"\t\t<div data-elementor-type=\"wp-page\" data-elementor-id=\"16133\" class=\"elementor elementor-16133\" data-elementor-post-type=\"page\">\n\t\t\t\t\t\t<section class=\"elementor-section elementor-top-section elementor-element elementor-element-c1c783c elementor-section-boxed elementor-section-height-default elementor-section-height-default\" data-id=\"c1c783c\" data-element_type=\"section\">\n\t\t\t\t\t\t<div class=\"elementor-container elementor-column-gap-default\">\n\t\t\t\t\t<div class=\"elementor-column elementor-col-100 elementor-top-column elementor-element elementor-element-0e33ccc\" data-id=\"0e33ccc\" data-element_type=\"column\">\n\t\t\t<div class=\"elementor-widget-wrap elementor-element-populated\">\n\t\t\t\t\t\t<div class=\"elementor-element elementor-element-06b5bb9 elementor-tabs-view-vertical elementor-widget elementor-widget-tabs\" data-id=\"06b5bb9\" data-element_type=\"widget\" data-widget_type=\"tabs.default\">\n\t\t\t\t<div class=\"elementor-widget-container\">\n\t\t\t\t\t\t\t<div class=\"elementor-tabs\">\n\t\t\t<div class=\"elementor-tabs-wrapper\" role=\"tablist\" >\n\t\t\t\t\t\t\t\t\t<div id=\"elementor-tab-title-7031\" class=\"elementor-tab-title elementor-tab-desktop-title\" aria-selected=\"true\" data-tab=\"1\" role=\"tab\" tabindex=\"0\" aria-controls=\"elementor-tab-content-7031\" aria-expanded=\"false\">Etik Kurul Hakk\u0131nda<\/div>\n\t\t\t\t\t\t\t\t\t<div id=\"elementor-tab-title-7032\" class=\"elementor-tab-title elementor-tab-desktop-title\" aria-selected=\"false\" data-tab=\"2\" role=\"tab\" tabindex=\"-1\" aria-controls=\"elementor-tab-content-7032\" aria-expanded=\"false\">Ba\u015fvuru Tarihleri<\/div>\n\t\t\t\t\t\t\t\t\t<div id=\"elementor-tab-title-7033\" class=\"elementor-tab-title elementor-tab-desktop-title\" aria-selected=\"false\" data-tab=\"3\" role=\"tab\" tabindex=\"-1\" aria-controls=\"elementor-tab-content-7033\" aria-expanded=\"false\">Mevzuat ve Y\u00f6nerge<\/div>\n\t\t\t\t\t\t\t\t\t<div id=\"elementor-tab-title-7034\" class=\"elementor-tab-title elementor-tab-desktop-title\" aria-selected=\"false\" data-tab=\"4\" role=\"tab\" tabindex=\"-1\" aria-controls=\"elementor-tab-content-7034\" aria-expanded=\"false\">Etik Kurul \u00dcye Listesi<\/div>\n\t\t\t\t\t\t\t\t\t<div id=\"elementor-tab-title-7035\" class=\"elementor-tab-title elementor-tab-desktop-title\" aria-selected=\"false\" data-tab=\"5\" role=\"tab\" tabindex=\"-1\" aria-controls=\"elementor-tab-content-7035\" aria-expanded=\"false\">Gerekli Formlar<\/div>\n\t\t\t\t\t\t\t\t\t<div id=\"elementor-tab-title-7036\" class=\"elementor-tab-title elementor-tab-desktop-title\" aria-selected=\"false\" data-tab=\"6\" role=\"tab\" tabindex=\"-1\" aria-controls=\"elementor-tab-content-7036\" aria-expanded=\"false\">S\u0131k\u00e7a Sorulan Sorular<\/div>\n\t\t\t\t\t\t\t\t\t<div id=\"elementor-tab-title-7037\" class=\"elementor-tab-title elementor-tab-desktop-title\" aria-selected=\"false\" data-tab=\"7\" role=\"tab\" tabindex=\"-1\" aria-controls=\"elementor-tab-content-7037\" aria-expanded=\"false\">\u0130leti\u015fim<\/div>\n\t\t\t\t\t\t\t<\/div>\n\t\t\t<div class=\"elementor-tabs-content-wrapper\" role=\"tablist\" aria-orientation=\"vertical\">\n\t\t\t\t\t\t\t\t\t<div class=\"elementor-tab-title elementor-tab-mobile-title\" aria-selected=\"true\" data-tab=\"1\" role=\"tab\" tabindex=\"0\" aria-controls=\"elementor-tab-content-7031\" aria-expanded=\"false\">Etik Kurul Hakk\u0131nda<\/div>\n\t\t\t\t\t<div id=\"elementor-tab-content-7031\" class=\"elementor-tab-content elementor-clearfix\" data-tab=\"1\" role=\"tabpanel\" aria-labelledby=\"elementor-tab-title-7031\" tabindex=\"0\" hidden=\"false\"><p class=\"p1\"><b><img fetchpriority=\"high\" decoding=\"async\" class=\"alignnone wp-image-18038\" src=\"http:\/\/birimler.atauni.edu.tr\/tip-fakultesi\/wp-content\/uploads\/sites\/73\/2025\/11\/etik-afis\u0327-300x133.jpg\" alt=\"\" width=\"982\" height=\"435\" srcset=\"https:\/\/atauni.edu.tr\/tip-fakultesi\/wp-content\/uploads\/sites\/73\/2025\/11\/etik-afis\u0327-300x133.jpg 300w, https:\/\/atauni.edu.tr\/tip-fakultesi\/wp-content\/uploads\/sites\/73\/2025\/11\/etik-afis\u0327-1024x453.jpg 1024w, https:\/\/atauni.edu.tr\/tip-fakultesi\/wp-content\/uploads\/sites\/73\/2025\/11\/etik-afis\u0327-768x339.jpg 768w, https:\/\/atauni.edu.tr\/tip-fakultesi\/wp-content\/uploads\/sites\/73\/2025\/11\/etik-afis\u0327-1536x679.jpg 1536w, https:\/\/atauni.edu.tr\/tip-fakultesi\/wp-content\/uploads\/sites\/73\/2025\/11\/etik-afis\u0327-2048x905.jpg 2048w, https:\/\/atauni.edu.tr\/tip-fakultesi\/wp-content\/uploads\/sites\/73\/2025\/11\/etik-afis\u0327-600x265.jpg 600w, https:\/\/atauni.edu.tr\/tip-fakultesi\/wp-content\/uploads\/sites\/73\/2025\/11\/etik-afis\u0327-560x248.jpg 560w\" sizes=\"(max-width: 982px) 100vw, 982px\" \/><\/b><\/p><h4 data-start=\"157\" data-end=\"173\">\u00d6nemli Duyuru<\/h4><p data-start=\"175\" data-end=\"325\">Ba\u015fvuru ve de\u011ferlendirme s\u00fcre\u00e7lerinin sa\u011fl\u0131kl\u0131 ve zaman\u0131nda y\u00fcr\u00fct\u00fclebilmesi amac\u0131yla a\u015fa\u011f\u0131da belirtilen hususlara dikkat edilmesi \u00f6nem arz etmektedir:<\/p><h5 data-start=\"327\" data-end=\"357\">1. Belge Y\u00fckleme Format\u0131<\/h5><p data-start=\"358\" data-end=\"549\">Sisteme y\u00fcklenecek t\u00fcm belgelerin, <strong data-start=\"393\" data-end=\"440\">\u0131slak imzal\u0131 halleriyle tek bir PDF dosyas\u0131<\/strong> olarak y\u00fcklenmesi gerekmektedir.<br data-start=\"473\" data-end=\"476\" \/><strong data-start=\"476\" data-end=\"549\">Word veya farkl\u0131 formatlarda yap\u0131lan y\u00fcklemeler kabul edilmeyecektir.<\/strong><\/p><h5 data-start=\"551\" data-end=\"577\">2. Revizyon S\u00fcreleri<\/h5><p data-start=\"578\" data-end=\"859\">Toplant\u0131 tarihi itibar\u0131yla talep edilen revizyonlara, <strong data-start=\"632\" data-end=\"664\">en ge\u00e7 3 (\u00fc\u00e7) g\u00fcn i\u00e7erisinde<\/strong> d\u00f6n\u00fc\u015f yap\u0131lmas\u0131 gerekmektedir.<br data-start=\"695\" data-end=\"698\" \/>Belirtilen s\u00fcre i\u00e7erisinde revizyonlar\u0131n tamamlanmamas\u0131 halinde, ba\u015fvuru <strong data-start=\"771\" data-end=\"859\">sistem taraf\u0131ndan otomatik olarak bir sonraki de\u011ferlendirme d\u00f6nemine aktar\u0131lacakt\u0131r.<\/strong><\/p><h4 data-start=\"861\" data-end=\"896\">Sisteme Giri\u015f Bilgilendirmesi<\/h4><p data-start=\"897\" data-end=\"983\">Ba\u015fvurular, <a href=\"https:\/\/etikkurul.atauni.edu.tr\/\"><span class=\"s1\"><b>etikkurul.atauni.edu.tr<\/b><\/span><\/a>\u00a0adresi \u00fczerinden dijital ortamda al\u0131nmaktad\u0131r.<\/p><ul data-start=\"985\" data-end=\"1173\"><li data-start=\"985\" data-end=\"1082\"><p data-start=\"987\" data-end=\"1082\"><strong data-start=\"987\" data-end=\"1011\">Kurum i\u00e7i ba\u015fvurular<\/strong>, \u201c@atauni.edu.tr\u201d uzant\u0131l\u0131 kurumsal e-posta adresi ile yap\u0131lmal\u0131d\u0131r.<\/p><\/li><li data-start=\"1083\" data-end=\"1173\"><p data-start=\"1085\" data-end=\"1173\"><strong data-start=\"1085\" data-end=\"1110\">Kurum d\u0131\u015f\u0131 ba\u015fvurular<\/strong> i\u00e7in sistem \u00fczerinden yeni \u00fcyelik olu\u015fturulmas\u0131 gerekmektedir.<\/p><\/li><\/ul><p data-start=\"1175\" data-end=\"1304\">\u0130lgili s\u00fcre\u00e7lerde herhangi bir hak kayb\u0131 ya\u015fanmamas\u0131 ad\u0131na, yukar\u0131da belirtilen kurallara <strong data-start=\"1265\" data-end=\"1284\">dikkat edilmesi<\/strong> \u00f6nemle rica olunur.<\/p><\/div>\n\t\t\t\t\t\t\t\t\t<div class=\"elementor-tab-title elementor-tab-mobile-title\" aria-selected=\"false\" data-tab=\"2\" role=\"tab\" tabindex=\"-1\" aria-controls=\"elementor-tab-content-7032\" aria-expanded=\"false\">Ba\u015fvuru Tarihleri<\/div>\n\t\t\t\t\t<div id=\"elementor-tab-content-7032\" class=\"elementor-tab-content elementor-clearfix\" data-tab=\"2\" role=\"tabpanel\" aria-labelledby=\"elementor-tab-title-7032\" tabindex=\"0\" hidden=\"hidden\"><table style=\"width: 100%;margin: 20px auto;border-collapse: collapse;font-family: Arial, sans-serif\"><thead><tr style=\"background-color: #0d1461;color: white\"><td style=\"padding: 12px;border: 1px solid #E2B887;font-size: 16px;text-align: center\"><strong>D\u00f6nem<\/strong><\/td><td style=\"padding: 12px;border: 1px solid #E2B887;font-size: 16px;text-align: center\"><strong>Ba\u015fvuru Ba\u015flang\u0131c\u0131<\/strong><\/td><td style=\"padding: 12px;border: 1px solid #E2B887;font-size: 16px;text-align: center\"><strong>Son Ba\u015fvuru<\/strong><\/td><td style=\"padding: 12px;border: 1px solid #E2B887;font-size: 16px;text-align: center\"><strong>Toplant\u0131 Tarihi<\/strong><\/td><\/tr><\/thead><tbody><tr><td style=\"padding: 12px;border: 1px solid #E2B887;font-size: 15px;color: #555;text-align: center\">Mart 2026<\/td><td style=\"padding: 12px;border: 1px solid #E2B887;font-size: 15px;color: #555;text-align: center\">\u00a016 Mart 2026<\/td><td style=\"padding: 12px;border: 1px solid #E2B887;font-size: 15px;color: #555;text-align: center\">\u00a030 Mart 2026<\/td><td style=\"padding: 12px;border: 1px solid #E2B887;font-size: 15px;color: #555;text-align: center\">02 Nisan 2026<\/td><\/tr><\/tbody><\/table><\/div>\n\t\t\t\t\t\t\t\t\t<div class=\"elementor-tab-title elementor-tab-mobile-title\" aria-selected=\"false\" data-tab=\"3\" role=\"tab\" tabindex=\"-1\" aria-controls=\"elementor-tab-content-7033\" aria-expanded=\"false\">Mevzuat ve Y\u00f6nerge<\/div>\n\t\t\t\t\t<div id=\"elementor-tab-content-7033\" class=\"elementor-tab-content elementor-clearfix\" data-tab=\"3\" role=\"tabpanel\" aria-labelledby=\"elementor-tab-title-7033\" tabindex=\"0\" hidden=\"hidden\"><h5 data-start=\"1584\" data-end=\"1612\"><strong data-start=\"1590\" data-end=\"1612\">MEVZUAT VE Y\u00d6NERGE<\/strong><\/h5><ul><li data-start=\"1613\" data-end=\"1788\"><a href=\"http:\/\/birimler.atauni.edu.tr\/tip-fakultesi\/wp-content\/uploads\/sites\/73\/2020\/07\/Atatu\u0308rk-U\u0308niversitesi-Giris\u0327imsel-Olmayan-Klinik-Aras\u0327tirmalar-Etik-Kurulu.24.01.2024-revizyon-tip.pdf\"><strong data-start=\"1615\" data-end=\"1678\">Giri\u015fimsel Olmayan Klinik Ara\u015ft\u0131rmalar Etik Kurul Y\u00f6nergesi<\/strong>.pdf<\/a><\/li><\/ul><ul data-start=\"1613\" data-end=\"1974\"><li data-start=\"1789\" data-end=\"1869\"><p data-start=\"1791\" data-end=\"1869\">Etik Kurul kararlar\u0131, ilgili mevzuat ve y\u00f6nergelere uygun \u015fekilde y\u00fcr\u00fct\u00fcl\u00fcr.<\/p><\/li><\/ul><\/div>\n\t\t\t\t\t\t\t\t\t<div class=\"elementor-tab-title elementor-tab-mobile-title\" aria-selected=\"false\" data-tab=\"4\" role=\"tab\" tabindex=\"-1\" aria-controls=\"elementor-tab-content-7034\" aria-expanded=\"false\">Etik Kurul \u00dcye Listesi<\/div>\n\t\t\t\t\t<div id=\"elementor-tab-content-7034\" class=\"elementor-tab-content elementor-clearfix\" data-tab=\"4\" role=\"tabpanel\" aria-labelledby=\"elementor-tab-title-7034\" tabindex=\"0\" hidden=\"hidden\"><h5 data-start=\"1981\" data-end=\"2013\"><strong data-start=\"1987\" data-end=\"2013\">ET\u0130K KURUL \u00dcYE L\u0130STES\u0130<\/strong><\/h5><ul><li data-start=\"2014\" data-end=\"2116\"><a href=\"https:\/\/birimler.atauni.edu.tr\/tip-fakultesi\/wp-content\/uploads\/sites\/73\/2026\/01\/U\u0308ye-Listesi-Giris\u0327imsel-Olmayan-Klinik-Aras\u0327tirmalar-Etik-Kurul-U\u0308ye-LI\u0307stesi-son-aralik-2026.docx\">Etik Kurul \u00dcye Listesi \u0130\u00e7in T\u0131klay\u0131n\u0131z&#8230;<\/a><\/li><\/ul><\/div>\n\t\t\t\t\t\t\t\t\t<div class=\"elementor-tab-title elementor-tab-mobile-title\" aria-selected=\"false\" data-tab=\"5\" role=\"tab\" tabindex=\"-1\" aria-controls=\"elementor-tab-content-7035\" aria-expanded=\"false\">Gerekli Formlar<\/div>\n\t\t\t\t\t<div id=\"elementor-tab-content-7035\" class=\"elementor-tab-content elementor-clearfix\" data-tab=\"5\" role=\"tabpanel\" aria-labelledby=\"elementor-tab-title-7035\" tabindex=\"0\" hidden=\"hidden\"><h5 data-start=\"2123\" data-end=\"2148\"><strong data-start=\"2129\" data-end=\"2148\">GEREKL\u0130 FORMLAR<\/strong><\/h5><ul><li><a href=\"https:\/\/birimler.atauni.edu.tr\/tip-fakultesi\/wp-content\/uploads\/sites\/73\/2025\/11\/2-DILEKCE-TAAHHUT-1.docx\">Dilek\u00e7e &#8211; Taah\u00fct<\/a><\/li><li><a href=\"https:\/\/birimler.atauni.edu.tr\/tip-fakultesi\/wp-content\/uploads\/sites\/73\/2025\/11\/3-BASVURU-FORMU.docx\">Etik Kurul Ba\u015fvuru Formu<\/a><\/li><li><a href=\"https:\/\/birimler.atauni.edu.tr\/tip-fakultesi\/wp-content\/uploads\/sites\/73\/2025\/11\/4-BUTCE-FORMU.docx\">Etik Kurul B\u00fct\u00e7e Formu<\/a><\/li><li><a href=\"https:\/\/birimler.atauni.edu.tr\/tip-fakultesi\/wp-content\/uploads\/sites\/73\/2025\/11\/5-OZGECMIS-FORMU-1.docx\">Etik Kurul \u00d6z Ge\u00e7mi\u015f Formu<\/a><\/li><li><a href=\"https:\/\/birimler.atauni.edu.tr\/tip-fakultesi\/wp-content\/uploads\/sites\/73\/2025\/11\/6-Farkli-Anabilim-Dali-Veri-Izin-Formu.docx\">Farkl\u0131 Anabilim Dal\u0131 Veri \u0130zin Formu<\/a><\/li><li><a href=\"https:\/\/birimler.atauni.edu.tr\/tip-fakultesi\/wp-content\/uploads\/sites\/73\/2025\/11\/7-BGOF-Eriskin.docx\">BGOF (Bilgilendirilmi\u015f G\u00f6n\u00fcll\u00fc Olur Formu) &#8211; Eri\u015fkin<\/a><\/li><li><a href=\"https:\/\/birimler.atauni.edu.tr\/tip-fakultesi\/wp-content\/uploads\/sites\/73\/2025\/11\/8-BGOF-Okul-Cagi-Cocuk.docx\">BGOF (Bilgilendirilmi\u015f G\u00f6n\u00fcll\u00fc Olur Formu) &#8211; Okul \u00c7ocuk \u00c7a\u011f\u0131<\/a><\/li><li><a href=\"https:\/\/birimler.atauni.edu.tr\/tip-fakultesi\/wp-content\/uploads\/sites\/73\/2025\/11\/9-BGOF-Saglikli-Cocuk-Ebeveyn-1.docx\">BGOF (Bilgilendirilmi\u015f G\u00f6n\u00fcll\u00fc Olur Formu) &#8211; \u00c7ocuklara Y\u00f6nelik Ara\u015ft\u0131rmalarda Ebeveyn Bilgilendirme Formu<\/a><\/li><li><a href=\"https:\/\/birimler.atauni.edu.tr\/tip-fakultesi\/wp-content\/uploads\/sites\/73\/2025\/11\/11-BGOF-Saglikli-Cocuk.docx\">BGOF (Bilgilendirilmi\u015f G\u00f6n\u00fcll\u00fc Olur Formu) &#8211; Sa\u011fl\u0131kl\u0131 \u00c7ocuk<\/a><\/li><li><a href=\"https:\/\/birimler.atauni.edu.tr\/tip-fakultesi\/wp-content\/uploads\/sites\/73\/2025\/11\/12-BIYOLOJIK-MATERYAL-TRANSFER-FORMU.docx\">Biyolojik Materyal Transfer Formu<\/a>\u00a0<\/li><li><a href=\"https:\/\/birimler.atauni.edu.tr\/tip-fakultesi\/wp-content\/uploads\/sites\/73\/2025\/11\/13-Duzeltme-Degisiklik-Formuyeni.docx\">Etik Kurul D\u00fczeltme \/ De\u011fi\u015fiklik Formu<\/a><\/li><li><a href=\"https:\/\/birimler.atauni.edu.tr\/tip-fakultesi\/wp-content\/uploads\/sites\/73\/2025\/11\/Tez-Konusu-ve-Tez-Danis\u0327mani-Belirleme-Formu.doc\">Tez Konusu ve Tez Dan\u0131s\u0327man\u0131 Belirleme Formu<\/a><\/li><\/ul><\/div>\n\t\t\t\t\t\t\t\t\t<div class=\"elementor-tab-title elementor-tab-mobile-title\" aria-selected=\"false\" data-tab=\"6\" role=\"tab\" tabindex=\"-1\" aria-controls=\"elementor-tab-content-7036\" aria-expanded=\"false\">S\u0131k\u00e7a Sorulan Sorular<\/div>\n\t\t\t\t\t<div id=\"elementor-tab-content-7036\" class=\"elementor-tab-content elementor-clearfix\" data-tab=\"6\" role=\"tabpanel\" aria-labelledby=\"elementor-tab-title-7036\" tabindex=\"0\" hidden=\"hidden\"><h5 data-start=\"3696\" data-end=\"3726\"><strong data-start=\"3701\" data-end=\"3726\">SIK\u00c7A SORULAN SORULAR<\/strong><\/h5><p data-start=\"3727\" data-end=\"3869\"><strong data-start=\"3727\" data-end=\"3761\">1. Ba\u015fvurular nas\u0131l yap\u0131lacak?<\/strong><br data-start=\"3761\" data-end=\"3764\" \/>\u2192 <a class=\"decorated-link\" href=\"https:\/\/etikkurul.atauni.edu.tr\" target=\"_new\" rel=\"noopener\" data-start=\"3766\" data-end=\"3824\">etikkurul.atauni.edu.tr<\/a> adresi \u00fczerinden online olarak yap\u0131lacakt\u0131r.<\/p><p data-start=\"3871\" data-end=\"3996\"><strong data-start=\"3871\" data-end=\"3922\">2. Kurum d\u0131\u015f\u0131ndan ba\u015fvurular kabul ediliyor mu?<\/strong><br data-start=\"3922\" data-end=\"3925\" \/>\u2192 Hay\u0131r. T\u0131p Fak\u00fcltesi bulunmayan il d\u0131\u015f\u0131 m\u00fcracaatlarda en yak\u0131n il Erzurum oldu\u011fu durumlarda ba\u015fvuru kabul edilir. T\u0131p Fak\u00fcltesi bulunan illerden yap\u0131lan etik kurul m\u00fcracaatlar\u0131 ise kabul edilmez.<\/p><p data-start=\"3998\" data-end=\"4096\"><strong data-start=\"3998\" data-end=\"4038\">3. BGOF her \u00e7al\u0131\u015fma i\u00e7in gerekli mi?<\/strong><br data-start=\"4038\" data-end=\"4041\" \/>\u2192 Hay\u0131r. Retrospektif \u00e7al\u0131\u015fmalar i\u00e7in gerekli de\u011fildir.<\/p><p data-start=\"4098\" data-end=\"4209\"><strong data-start=\"4098\" data-end=\"4153\">4. Ba\u015fvuru belgeleri e-posta ile g\u00f6nderilebilir mi?<\/strong><br data-start=\"4153\" data-end=\"4156\" \/>\u2192 Hay\u0131r. T\u00fcm belgeler sistem \u00fczerinden y\u00fcklenmelidir.<\/p><p data-start=\"4211\" data-end=\"4346\"><strong data-start=\"4211\" data-end=\"4268\">5. Ba\u015fvuruda bulunan herkesin \u00f6zge\u00e7mi\u015fi gerekiyor mu?<\/strong><br data-start=\"4268\" data-end=\"4271\" \/>\u2192 Evet. Ba\u015fvuru formundaki t\u00fcm ara\u015ft\u0131rmac\u0131lar\u0131n \u00f6zge\u00e7mi\u015fleri y\u00fcklenmelidir.<\/p><p data-start=\"4211\" data-end=\"4346\"><strong>6.De\u011fi\u015fiklik veya d\u00fczeltme durumlar\u0131nda nas\u0131l bir yol izlenmelidir?<br data-start=\"924\" data-end=\"927\" \/><\/strong>\u2192 Daha \u00f6nce al\u0131nm\u0131\u015f bir karar\u0131n ba\u015fl\u0131\u011f\u0131 de\u011fi\u015ftirildi\u011finde yeniden ba\u015fvuru yap\u0131lmas\u0131 gerekmektedir. Ancak yaln\u0131zca ara\u015ft\u0131rmac\u0131 eklenmesi veya \u00e7\u0131kar\u0131lmas\u0131, dan\u0131\u015fman de\u011fi\u015fikli\u011fi, materyal-metot de\u011fi\u015fikli\u011fi ya da b\u00fct\u00e7e de\u011fi\u015fikli\u011fi gibi durumlarda \u201cDe\u011fi\u015fiklik\/D\u00fczeltme Formu\u201d doldurulmal\u0131; ayr\u0131ca dilek\u00e7e, ba\u015fvuru formu ve b\u00fct\u00e7e formu yeni tarihli olarak revize edilip sisteme y\u00fcklenmelidir.<\/p><p data-start=\"4211\" data-end=\"4346\"><strong data-start=\"0\" data-end=\"86\" data-is-only-node=\"\">7. Etik Kurul toplant\u0131s\u0131 sonras\u0131 karar ve revizyon bilgilerine nas\u0131l ula\u015fabilirim?<\/strong><br data-start=\"86\" data-end=\"89\" \/>\u2192 Etik Kurul toplant\u0131s\u0131 sonras\u0131nda karar, de\u011fi\u015fiklik ve revizyon bilgilerinizi <strong data-start=\"168\" data-end=\"195\">etikkurul.atauni.edu.tr<\/strong> adresindeki sistem \u00fczerinden g\u00f6r\u00fcnt\u00fcleyebilirsiniz.<br data-start=\"247\" data-end=\"250\" \/>Revizyon veya red karar\u0131 verilmi\u015fse bu durum sistemde ilgili ba\u015fvuruya yans\u0131t\u0131l\u0131r.<br data-start=\"332\" data-end=\"335\" \/>Karar\u0131n\u0131z olumlu ise <strong data-start=\"356\" data-end=\"428\">karar belgesini do\u011frudan sistem \u00fczerinden indirip kullanabilirsiniz.<\/strong><br data-start=\"428\" data-end=\"431\" \/>Islak imzal\u0131 karar formu sekreterlikte saklanmaktad\u0131r; talep etmeniz h\u00e2linde formun \u0131slak imzal\u0131 n\u00fcshas\u0131n\u0131 sekreterlikten temin edebilirsiniz.<\/p><h5 data-start=\"2864\" data-end=\"2908\">Belgelerin Haz\u0131rlanmas\u0131 ve Y\u00fcklenmesi<\/h5><ul data-start=\"2909\" data-end=\"3597\"><li data-start=\"2909\" data-end=\"2958\"><p data-start=\"2911\" data-end=\"2958\">Belgeler <strong data-start=\"2920\" data-end=\"2939\">PDF format\u0131nda<\/strong> doldurulmal\u0131d\u0131r.<\/p><\/li><li data-start=\"2959\" data-end=\"3034\"><p data-start=\"2961\" data-end=\"3034\">Islak imza yerine <strong data-start=\"2979\" data-end=\"2995\">dijital imza<\/strong> veya <strong data-start=\"3001\" data-end=\"3016\">tarama imza<\/strong> kullan\u0131labilir.<\/p><\/li><li data-start=\"3035\" data-end=\"3102\"><p data-start=\"3037\" data-end=\"3102\">Retrospektif \u00e7al\u0131\u015fmalarda <strong data-start=\"3063\" data-end=\"3071\">BGOF<\/strong> doldurulmas\u0131na gerek yoktur.<\/p><\/li><li data-start=\"3103\" data-end=\"3189\"><p data-start=\"3105\" data-end=\"3189\">Anket veya \u00f6l\u00e7ek \u00e7al\u0131\u015fmalar\u0131 i\u00e7in formlar \u201cYeni Dosya Y\u00fckle\u201d sekmesinden y\u00fcklenir.<\/p><\/li><li data-start=\"3190\" data-end=\"3260\"><p data-start=\"3192\" data-end=\"3260\">T\u0131p Fak\u00fcltesi tez \u00e7al\u0131\u015fmalar\u0131 i\u00e7in <strong data-start=\"3227\" data-end=\"3246\">tez \u00f6neri formu<\/strong> zorunludur.<\/p><\/li><li data-start=\"3261\" data-end=\"3322\"><p data-start=\"3263\" data-end=\"3322\">Ba\u015fvuru formunda literat\u00fcr DOI adresleri belirtilmelidir.<\/p><\/li><li data-start=\"3323\" data-end=\"3424\"><p data-start=\"3325\" data-end=\"3424\">Ba\u015fvuruyu <strong data-start=\"3335\" data-end=\"3358\">sorumlu ara\u015ft\u0131rmac\u0131<\/strong> yapmal\u0131d\u0131r (bilimsel, idari ve etik sorumlulu\u011fu \u00fcstlenen ki\u015fi).<\/p><\/li><li data-start=\"3425\" data-end=\"3506\"><p data-start=\"3427\" data-end=\"3506\">Ara\u015ft\u0131rmac\u0131 tablosunda yer alan herkesin <strong data-start=\"3468\" data-end=\"3481\">\u00f6zge\u00e7mi\u015fi<\/strong> sisteme y\u00fcklenmelidir.<\/p><\/li><li data-start=\"3507\" data-end=\"3597\"><p data-start=\"3509\" data-end=\"3597\">Bir ara\u015ft\u0131rmac\u0131 ayn\u0131 d\u00f6nemde en fazla <strong data-start=\"3547\" data-end=\"3560\">2 ba\u015fvuru<\/strong> yapabilir (tez \u00e7al\u0131\u015fmalar\u0131 hari\u00e7).<\/p><\/li><li data-start=\"3507\" data-end=\"3597\">BAP ve T\u00dcB\u0130TAK projelerinde, b\u00fct\u00e7e formuna <strong data-start=\"43\" data-end=\"73\">proforma fatura belgesinin<\/strong> sisteme y\u00fcklenmesi gerekmektedir.<\/li><\/ul><p data-start=\"3599\" data-end=\"3689\">\u00a0Belgelerin \u00e7\u0131kt\u0131s\u0131 al\u0131nmas\u0131na gerek yoktur. T\u00fcm s\u00fcre\u00e7 dijital ortamda y\u00fcr\u00fct\u00fclmektedir.<\/p><\/div>\n\t\t\t\t\t\t\t\t\t<div class=\"elementor-tab-title elementor-tab-mobile-title\" aria-selected=\"false\" data-tab=\"7\" role=\"tab\" tabindex=\"-1\" aria-controls=\"elementor-tab-content-7037\" aria-expanded=\"false\">\u0130leti\u015fim<\/div>\n\t\t\t\t\t<div id=\"elementor-tab-content-7037\" class=\"elementor-tab-content elementor-clearfix\" data-tab=\"7\" role=\"tabpanel\" aria-labelledby=\"elementor-tab-title-7037\" tabindex=\"0\" hidden=\"hidden\"><h5 data-start=\"4353\" data-end=\"4371\"><strong data-start=\"4359\" data-end=\"4371\">\u0130LET\u0130\u015e\u0130M<\/strong><\/h5><p data-start=\"4372\" data-end=\"4463\"><strong data-start=\"4372\" data-end=\"4399\">Etik Kurul Sekreterli\u011fi<\/strong><\/p><p data-start=\"4372\" data-end=\"4463\">\ud83d\udce7 <strong data-start=\"4405\" data-end=\"4436\"><a class=\"decorated-link cursor-pointer\" rel=\"noopener\" data-start=\"4407\" data-end=\"4434\">atatipetikkurul25@gmail.com<\/a><\/strong><\/p><p data-start=\"4372\" data-end=\"4463\">\ud83d\udcde <strong data-start=\"4442\" data-end=\"4463\">+90 442 344 65 11<\/strong><\/p><p data-start=\"4372\" data-end=\"4463\">\ud83d\udcc5 <strong data-start=\"4468\" data-end=\"4494\">Destek Mesai Saatleri:<\/strong> Ba\u015fvuru takvimi i\u00e7inde, hafta i\u00e7i 08.30\u201316.30<\/p><p data-start=\"4632\" data-end=\"4680\">\u00a0<\/p><\/div>\n\t\t\t\t\t\t\t<\/div>\n\t\t<\/div>\n\t\t\t\t\t\t<\/div>\n\t\t\t\t<\/div>\n\t\t\t\t\t<\/div>\n\t\t<\/div>\n\t\t\t\t\t<\/div>\n\t\t<\/section>\n\t\t\t\t<section class=\"elementor-section elementor-top-section elementor-element elementor-element-55a3313 elementor-section-boxed elementor-section-height-default elementor-section-height-default\" data-id=\"55a3313\" data-element_type=\"section\">\n\t\t\t\t\t\t<div class=\"elementor-container elementor-column-gap-default\">\n\t\t\t\t\t<div class=\"elementor-column elementor-col-100 elementor-top-column elementor-element elementor-element-3a99956\" data-id=\"3a99956\" data-element_type=\"column\">\n\t\t\t<div class=\"elementor-widget-wrap elementor-element-populated\">\n\t\t\t\t\t\t<div class=\"elementor-element elementor-element-12c6cf8 elementor-widget elementor-widget-spacer\" data-id=\"12c6cf8\" data-element_type=\"widget\" data-widget_type=\"spacer.default\">\n\t\t\t\t<div class=\"elementor-widget-container\">\n\t\t\t\t\t\t\t<div class=\"elementor-spacer\">\n\t\t\t<div class=\"elementor-spacer-inner\"><\/div>\n\t\t<\/div>\n\t\t\t\t\t\t<\/div>\n\t\t\t\t<\/div>\n\t\t\t\t\t<\/div>\n\t\t<\/div>\n\t\t\t\t\t<\/div>\n\t\t<\/section>\n\t\t\t\t<section class=\"elementor-section elementor-top-section elementor-element elementor-element-4a9a52c elementor-section-boxed elementor-section-height-default elementor-section-height-default\" data-id=\"4a9a52c\" data-element_type=\"section\">\n\t\t\t\t\t\t<div class=\"elementor-container elementor-column-gap-default\">\n\t\t\t\t\t<div class=\"elementor-column elementor-col-100 elementor-top-column elementor-element elementor-element-b3c4885\" data-id=\"b3c4885\" data-element_type=\"column\">\n\t\t\t<div class=\"elementor-widget-wrap elementor-element-populated\">\n\t\t\t\t\t\t<div class=\"elementor-element elementor-element-c4e37a7 elementor-widget elementor-widget-spacer\" data-id=\"c4e37a7\" data-element_type=\"widget\" data-widget_type=\"spacer.default\">\n\t\t\t\t<div class=\"elementor-widget-container\">\n\t\t\t\t\t\t\t<div class=\"elementor-spacer\">\n\t\t\t<div class=\"elementor-spacer-inner\"><\/div>\n\t\t<\/div>\n\t\t\t\t\t\t<\/div>\n\t\t\t\t<\/div>\n\t\t\t\t\t<\/div>\n\t\t<\/div>\n\t\t\t\t\t<\/div>\n\t\t<\/section>\n\t\t\t\t<\/div>\n\t\t","protected":false},"excerpt":{"rendered":"<p>Etik Kurul Hakk\u0131nda Ba\u015fvuru Tarihleri Mevzuat ve Y\u00f6nerge Etik Kurul \u00dcye Listesi Gerekli Formlar S\u0131k\u00e7a Sorulan Sorular \u0130leti\u015fim Etik Kurul Hakk\u0131nda \u00d6nemli Duyuru Ba\u015fvuru ve de\u011ferlendirme s\u00fcre\u00e7lerinin sa\u011fl\u0131kl\u0131 ve zaman\u0131nda y\u00fcr\u00fct\u00fclebilmesi amac\u0131yla a\u015fa\u011f\u0131da belirtilen hususlara dikkat edilmesi \u00f6nem arz etmektedir: 1. Belge Y\u00fckleme Format\u0131 Sisteme y\u00fcklenecek t\u00fcm belgelerin, \u0131slak imzal\u0131 halleriyle tek bir PDF dosyas\u0131 [&hellip;]<\/p>\n","protected":false},"author":365,"featured_media":0,"parent":0,"menu_order":0,"comment_status":"closed","ping_status":"closed","template":"","meta":{"footnotes":""},"class_list":["post-16133","page","type-page","status-publish","hentry"],"_links":{"self":[{"href":"https:\/\/atauni.edu.tr\/tip-fakultesi\/wp-json\/wp\/v2\/pages\/16133","targetHints":{"allow":["GET"]}}],"collection":[{"href":"https:\/\/atauni.edu.tr\/tip-fakultesi\/wp-json\/wp\/v2\/pages"}],"about":[{"href":"https:\/\/atauni.edu.tr\/tip-fakultesi\/wp-json\/wp\/v2\/types\/page"}],"author":[{"embeddable":true,"href":"https:\/\/atauni.edu.tr\/tip-fakultesi\/wp-json\/wp\/v2\/users\/365"}],"replies":[{"embeddable":true,"href":"https:\/\/atauni.edu.tr\/tip-fakultesi\/wp-json\/wp\/v2\/comments?post=16133"}],"version-history":[{"count":171,"href":"https:\/\/atauni.edu.tr\/tip-fakultesi\/wp-json\/wp\/v2\/pages\/16133\/revisions"}],"predecessor-version":[{"id":20633,"href":"https:\/\/atauni.edu.tr\/tip-fakultesi\/wp-json\/wp\/v2\/pages\/16133\/revisions\/20633"}],"wp:attachment":[{"href":"https:\/\/atauni.edu.tr\/tip-fakultesi\/wp-json\/wp\/v2\/media?parent=16133"}],"curies":[{"name":"wp","href":"https:\/\/api.w.org\/{rel}","templated":true}]}}