{"id":18388,"date":"2025-11-18T15:56:34","date_gmt":"2025-11-18T12:56:34","guid":{"rendered":"https:\/\/birimler.atauni.edu.tr\/tip-fakultesi\/?page_id=18388"},"modified":"2025-11-18T16:30:41","modified_gmt":"2025-11-18T13:30:41","slug":"goz-hastaliklari","status":"publish","type":"page","link":"https:\/\/atauni.edu.tr\/tip-fakultesi\/bolumler\/cerrahi-tip-bilimleri_\/goz-hastaliklari\/","title":{"rendered":"G\u00f6z Hastal\u0131klar\u0131"},"content":{"rendered":"\t\t<div data-elementor-type=\"wp-page\" data-elementor-id=\"18388\" class=\"elementor elementor-18388\" data-elementor-post-type=\"page\">\n\t\t\t\t\t\t<section class=\"elementor-section elementor-top-section elementor-element elementor-element-47737c7 elementor-section-boxed elementor-section-height-default elementor-section-height-default\" data-id=\"47737c7\" data-element_type=\"section\">\n\t\t\t\t\t\t<div class=\"elementor-container elementor-column-gap-default\">\n\t\t\t\t\t<div class=\"elementor-column elementor-col-100 elementor-top-column elementor-element elementor-element-ec70f37\" data-id=\"ec70f37\" data-element_type=\"column\">\n\t\t\t<div class=\"elementor-widget-wrap elementor-element-populated\">\n\t\t\t\t\t\t<div class=\"elementor-element elementor-element-4440f72 elementor-widget elementor-widget-spacer\" data-id=\"4440f72\" data-element_type=\"widget\" data-widget_type=\"spacer.default\">\n\t\t\t\t<div class=\"elementor-widget-container\">\n\t\t\t\t\t\t\t<div class=\"elementor-spacer\">\n\t\t\t<div class=\"elementor-spacer-inner\"><\/div>\n\t\t<\/div>\n\t\t\t\t\t\t<\/div>\n\t\t\t\t<\/div>\n\t\t\t\t\t<\/div>\n\t\t<\/div>\n\t\t\t\t\t<\/div>\n\t\t<\/section>\n\t\t\t\t<section class=\"elementor-section elementor-top-section elementor-element elementor-element-8e23dfb elementor-section-boxed elementor-section-height-default elementor-section-height-default\" data-id=\"8e23dfb\" data-element_type=\"section\">\n\t\t\t\t\t\t<div class=\"elementor-container elementor-column-gap-default\">\n\t\t\t\t\t<div class=\"elementor-column elementor-col-100 elementor-top-column elementor-element elementor-element-5f112fa\" data-id=\"5f112fa\" data-element_type=\"column\">\n\t\t\t<div class=\"elementor-widget-wrap elementor-element-populated\">\n\t\t\t\t\t\t<div class=\"elementor-element elementor-element-97f03f1 elementor-widget elementor-widget-heading\" data-id=\"97f03f1\" data-element_type=\"widget\" data-widget_type=\"heading.default\">\n\t\t\t\t<div class=\"elementor-widget-container\">\n\t\t\t\t\t<h2 class=\"elementor-heading-title elementor-size-default\">G\u00f6z Hastal\u0131klar\u0131<\/h2>\t\t\t\t<\/div>\n\t\t\t\t<\/div>\n\t\t\t\t<div class=\"elementor-element elementor-element-ffe8df3 elementor-widget-divider--view-line elementor-widget elementor-widget-divider\" data-id=\"ffe8df3\" data-element_type=\"widget\" data-widget_type=\"divider.default\">\n\t\t\t\t<div class=\"elementor-widget-container\">\n\t\t\t\t\t\t\t<div class=\"elementor-divider\">\n\t\t\t<span class=\"elementor-divider-separator\">\n\t\t\t\t\t\t<\/span>\n\t\t<\/div>\n\t\t\t\t\t\t<\/div>\n\t\t\t\t<\/div>\n\t\t\t\t\t<\/div>\n\t\t<\/div>\n\t\t\t\t\t<\/div>\n\t\t<\/section>\n\t\t\t\t<section class=\"elementor-section elementor-top-section elementor-element elementor-element-56d8ffa elementor-section-boxed elementor-section-height-default elementor-section-height-default\" data-id=\"56d8ffa\" data-element_type=\"section\">\n\t\t\t\t\t\t<div class=\"elementor-container elementor-column-gap-default\">\n\t\t\t\t\t<div class=\"elementor-column elementor-col-100 elementor-top-column elementor-element elementor-element-df9f915\" data-id=\"df9f915\" data-element_type=\"column\">\n\t\t\t<div class=\"elementor-widget-wrap elementor-element-populated\">\n\t\t\t\t\t\t<div class=\"elementor-element elementor-element-89c6d20 elementor-tabs-view-vertical elementor-widget elementor-widget-tabs\" data-id=\"89c6d20\" data-element_type=\"widget\" data-widget_type=\"tabs.default\">\n\t\t\t\t<div class=\"elementor-widget-container\">\n\t\t\t\t\t\t\t<div class=\"elementor-tabs\">\n\t\t\t<div class=\"elementor-tabs-wrapper\" role=\"tablist\" >\n\t\t\t\t\t\t\t\t\t<div id=\"elementor-tab-title-1441\" class=\"elementor-tab-title elementor-tab-desktop-title\" aria-selected=\"true\" data-tab=\"1\" role=\"tab\" tabindex=\"0\" aria-controls=\"elementor-tab-content-1441\" aria-expanded=\"false\">Tarih\u00e7e<\/div>\n\t\t\t\t\t\t\t\t\t<div id=\"elementor-tab-title-1442\" class=\"elementor-tab-title elementor-tab-desktop-title\" aria-selected=\"false\" data-tab=\"2\" role=\"tab\" tabindex=\"-1\" aria-controls=\"elementor-tab-content-1442\" aria-expanded=\"false\">Akademik Personel<\/div>\n\t\t\t\t\t\t\t\t\t<div id=\"elementor-tab-title-1443\" class=\"elementor-tab-title elementor-tab-desktop-title\" aria-selected=\"false\" data-tab=\"3\" role=\"tab\" tabindex=\"-1\" aria-controls=\"elementor-tab-content-1443\" aria-expanded=\"false\">B\u00f6l\u00fcm Faaliyetleri<\/div>\n\t\t\t\t\t\t\t\t\t<div id=\"elementor-tab-title-1444\" class=\"elementor-tab-title elementor-tab-desktop-title\" aria-selected=\"false\" data-tab=\"4\" role=\"tab\" tabindex=\"-1\" aria-controls=\"elementor-tab-content-1444\" aria-expanded=\"false\">E\u011fitim<\/div>\n\t\t\t\t\t\t\t\t\t<div id=\"elementor-tab-title-1445\" class=\"elementor-tab-title elementor-tab-desktop-title\" aria-selected=\"false\" data-tab=\"5\" role=\"tab\" tabindex=\"-1\" aria-controls=\"elementor-tab-content-1445\" aria-expanded=\"false\">\u0130leti\u015fim<\/div>\n\t\t\t\t\t\t\t<\/div>\n\t\t\t<div class=\"elementor-tabs-content-wrapper\" role=\"tablist\" aria-orientation=\"vertical\">\n\t\t\t\t\t\t\t\t\t<div class=\"elementor-tab-title elementor-tab-mobile-title\" aria-selected=\"true\" data-tab=\"1\" role=\"tab\" tabindex=\"0\" aria-controls=\"elementor-tab-content-1441\" aria-expanded=\"false\">Tarih\u00e7e<\/div>\n\t\t\t\t\t<div id=\"elementor-tab-content-1441\" class=\"elementor-tab-content elementor-clearfix\" data-tab=\"1\" role=\"tabpanel\" aria-labelledby=\"elementor-tab-title-1441\" tabindex=\"0\" hidden=\"false\"><p data-start=\"450\" data-end=\"860\"><img fetchpriority=\"high\" decoding=\"async\" class=\" wp-image-17250 aligncenter\" src=\"http:\/\/birimler.atauni.edu.tr\/tip-fakultesi\/wp-content\/uploads\/sites\/73\/2025\/10\/hastane-tanitim-300x141.jpg\" alt=\"\" width=\"847\" height=\"398\" srcset=\"https:\/\/atauni.edu.tr\/tip-fakultesi\/wp-content\/uploads\/sites\/73\/2025\/10\/hastane-tanitim-300x141.jpg 300w, https:\/\/atauni.edu.tr\/tip-fakultesi\/wp-content\/uploads\/sites\/73\/2025\/10\/hastane-tanitim-1024x481.jpg 1024w, https:\/\/atauni.edu.tr\/tip-fakultesi\/wp-content\/uploads\/sites\/73\/2025\/10\/hastane-tanitim-768x360.jpg 768w, https:\/\/atauni.edu.tr\/tip-fakultesi\/wp-content\/uploads\/sites\/73\/2025\/10\/hastane-tanitim-600x282.jpg 600w, https:\/\/atauni.edu.tr\/tip-fakultesi\/wp-content\/uploads\/sites\/73\/2025\/10\/hastane-tanitim-560x263.jpg 560w, https:\/\/atauni.edu.tr\/tip-fakultesi\/wp-content\/uploads\/sites\/73\/2025\/10\/hastane-tanitim.jpg 1321w\" sizes=\"(max-width: 847px) 100vw, 847px\" \/><\/p><h5 data-start=\"172\" data-end=\"203\"><strong data-start=\"175\" data-end=\"201\">Tarih\u00e7e (\u00d6rnek \u0130\u00e7erik)<\/strong><\/h5><p data-start=\"204\" data-end=\"565\">Kurulu\u015funun ilk y\u0131llar\u0131ndan itibaren topluma nitelikli hizmet sunmay\u0131 ama\u00e7layan kurumumuz, zaman i\u00e7inde geli\u015fen ihtiya\u00e7lar do\u011frultusunda b\u00fcy\u00fcyerek bug\u00fcnk\u00fc yap\u0131s\u0131na kavu\u015fmu\u015ftur. Temelleri, b\u00f6lgenin sa\u011fl\u0131k ve e\u011fitim alan\u0131ndaki eksikliklerini gidermek amac\u0131yla at\u0131lan yap\u0131, y\u0131llar i\u00e7erisinde modern altyap\u0131 \u00e7al\u0131\u015fmalar\u0131 ve teknolojik yat\u0131r\u0131mlarla g\u00fc\u00e7lendirilmi\u015ftir.<\/p><p data-start=\"567\" data-end=\"874\">Kurumsal k\u00fclt\u00fcr\u00fcn \u015fekillenmesinde, yenilik\u00e7i bak\u0131\u015f a\u00e7\u0131s\u0131 ve toplum yarar\u0131n\u0131 \u00f6nceleyen bir anlay\u0131\u015f belirleyici olmu\u015ftur. Bu do\u011frultuda, e\u011fitim\u2013\u00f6\u011fretim faaliyetleri, ara\u015ft\u0131rma \u00e7al\u0131\u015fmalar\u0131 ve hizmet alanlar\u0131 s\u00fcrekli olarak geli\u015ftirilmi\u015f; ulusal ve uluslararas\u0131 standartlarla uyumlu bir ilerleme hedeflenmi\u015ftir.<\/p><p data-start=\"876\" data-end=\"1173\">Bug\u00fcn, sahip oldu\u011fu birikim ve tecr\u00fcbe ile b\u00f6lgesine de\u011fer katan kurumumuz, kurulu\u015f misyonunu \u00e7a\u011f\u0131n gereklilikleriyle harmanlayarak gelece\u011fe y\u00f6nelik stratejik ad\u0131mlar atmaya devam etmektedir. Kuruldu\u011fu g\u00fcnden bu yana s\u00fcrd\u00fcr\u00fclen kalite odakl\u0131 yakla\u015f\u0131m, kurumun temel dayana\u011f\u0131 olmay\u0131 s\u00fcrd\u00fcrmektedir.<\/p><\/div>\n\t\t\t\t\t\t\t\t\t<div class=\"elementor-tab-title elementor-tab-mobile-title\" aria-selected=\"false\" data-tab=\"2\" role=\"tab\" tabindex=\"-1\" aria-controls=\"elementor-tab-content-1442\" aria-expanded=\"false\">Akademik Personel<\/div>\n\t\t\t\t\t<div id=\"elementor-tab-content-1442\" class=\"elementor-tab-content elementor-clearfix\" data-tab=\"2\" role=\"tabpanel\" aria-labelledby=\"elementor-tab-title-1442\" tabindex=\"0\" hidden=\"hidden\"><table width=\"676\"><tbody><tr><td width=\"87\"><strong>S\u0131ra<\/strong><\/td><td width=\"589\"><strong>Ad- Soyad<\/strong><\/td><\/tr><tr><td width=\"87\">1.\u00a0\u00a0\u00a0\u00a0\u00a0 \u00a0<\/td><td width=\"589\">Prof. Dr. Orhan BAYKAL<\/td><\/tr><tr><td width=\"87\">2.\u00a0\u00a0\u00a0\u00a0\u00a0 \u00a0<\/td><td width=\"589\">Prof. Dr. \u0130brahim KO\u00c7ER\u00a0 ( ABD B\u015eK)<\/td><\/tr><tr><td width=\"87\">3.\u00a0\u00a0\u00a0\u00a0\u00a0 \u00a0<\/td><td width=\"589\">Prof. Dr. \u0130lknur AKYOL SALMAN\u00a0<\/td><\/tr><tr><td width=\"87\">4.\u00a0\u00a0\u00a0\u00a0\u00a0 \u00a0<\/td><td width=\"589\">Do\u00e7. Dr. Emine \u00c7\u0130N\u0130C\u0130<\/td><\/tr><tr><td width=\"87\">5.\u00a0\u00a0\u00a0\u00a0\u00a0 \u00a0<\/td><td width=\"589\">Dr. \u00d6\u011fr. \u00dcyesi. Mustafa YILDIRIM<\/td><\/tr><tr><td width=\"87\">6.\u00a0\u00a0\u00a0\u00a0\u00a0 \u00a0<\/td><td width=\"589\">Dr. \u00d6\u011fr. \u00dcyesi. B\u00fc\u015fra \u00c7ALI\u015eKAN<\/td><\/tr><\/tbody><\/table><\/div>\n\t\t\t\t\t\t\t\t\t<div class=\"elementor-tab-title elementor-tab-mobile-title\" aria-selected=\"false\" data-tab=\"3\" role=\"tab\" tabindex=\"-1\" aria-controls=\"elementor-tab-content-1443\" aria-expanded=\"false\">B\u00f6l\u00fcm Faaliyetleri<\/div>\n\t\t\t\t\t<div id=\"elementor-tab-content-1443\" class=\"elementor-tab-content elementor-clearfix\" data-tab=\"3\" role=\"tabpanel\" aria-labelledby=\"elementor-tab-title-1443\" tabindex=\"0\" hidden=\"hidden\"><h5 data-start=\"158\" data-end=\"200\"><strong data-start=\"161\" data-end=\"198\"><img decoding=\"async\" class=\"alignnone wp-image-17249\" src=\"http:\/\/birimler.atauni.edu.tr\/tip-fakultesi\/wp-content\/uploads\/sites\/73\/2025\/10\/maxresdefault-300x169.jpg\" alt=\"\" width=\"1054\" height=\"594\" srcset=\"https:\/\/atauni.edu.tr\/tip-fakultesi\/wp-content\/uploads\/sites\/73\/2025\/10\/maxresdefault-300x169.jpg 300w, https:\/\/atauni.edu.tr\/tip-fakultesi\/wp-content\/uploads\/sites\/73\/2025\/10\/maxresdefault-1024x576.jpg 1024w, https:\/\/atauni.edu.tr\/tip-fakultesi\/wp-content\/uploads\/sites\/73\/2025\/10\/maxresdefault-768x432.jpg 768w, https:\/\/atauni.edu.tr\/tip-fakultesi\/wp-content\/uploads\/sites\/73\/2025\/10\/maxresdefault-600x338.jpg 600w, https:\/\/atauni.edu.tr\/tip-fakultesi\/wp-content\/uploads\/sites\/73\/2025\/10\/maxresdefault-560x315.jpg 560w, https:\/\/atauni.edu.tr\/tip-fakultesi\/wp-content\/uploads\/sites\/73\/2025\/10\/maxresdefault.jpg 1280w\" sizes=\"(max-width: 1054px) 100vw, 1054px\" \/><\/strong><\/h5><h5 data-start=\"158\" data-end=\"200\"><strong data-start=\"161\" data-end=\"198\">B\u00f6l\u00fcm Faaliyetleri (\u00d6rnek \u0130\u00e7erik)<\/strong><\/h5><p data-start=\"201\" data-end=\"417\">B\u00f6l\u00fcm\u00fcm\u00fcz, e\u011fitim, ara\u015ft\u0131rma ve hizmet alanlar\u0131nda nitelikli \u00e7al\u0131\u015fmalar y\u00fcr\u00fctmeyi hedefleyen bir yap\u0131ya sahiptir. Bu do\u011frultuda y\u0131l boyunca hem akademik hem de uygulamaya d\u00f6n\u00fck bir\u00e7ok faaliyet ger\u00e7ekle\u015ftirilmektedir.<\/p><p data-start=\"419\" data-end=\"767\">E\u011fitim faaliyetleri kapsam\u0131nda \u00f6\u011frencilere teorik bilgi birikiminin yan\u0131 s\u0131ra pratik uygulama olanaklar\u0131 sunulmakta; g\u00fcncel m\u00fcfredat do\u011frultusunda seminerler, at\u00f6lyeler ve vaka de\u011ferlendirme oturumlar\u0131 d\u00fczenlenmektedir. Alan\u0131nda uzman e\u011fitmenlerin katk\u0131lar\u0131yla y\u00fcr\u00fct\u00fclen bu \u00e7al\u0131\u015fmalar, \u00f6\u011frencilerin mesleki geli\u015fimine \u00f6nemli katk\u0131lar sa\u011flamaktad\u0131r.<\/p><p data-start=\"769\" data-end=\"1040\">Ara\u015ft\u0131rma faaliyetleri, b\u00f6l\u00fcm\u00fcn g\u00fc\u00e7l\u00fc akademik yap\u0131s\u0131 sayesinde d\u00fczenli olarak devam etmektedir. Ulusal ve uluslararas\u0131 projelere kat\u0131l\u0131m, bilimsel yay\u0131nlar, akademik i\u015f birlikleri ve yenilik\u00e7i \u00e7al\u0131\u015fmalar bu kapsamda y\u00fcr\u00fct\u00fclen ba\u015fl\u0131ca faaliyetler aras\u0131nda yer almaktad\u0131r.<\/p><p data-start=\"1042\" data-end=\"1303\">Topluma hizmet uygulamalar\u0131 kapsam\u0131nda ise bilgilendirici etkinlikler, fark\u0131ndal\u0131k programlar\u0131 ve sosyal sorumluluk projeleri ger\u00e7ekle\u015ftirilmektedir. Bu etkinlikler, hem toplumsal fayda olu\u015fturmakta hem de b\u00f6l\u00fcm\u00fcn kurumsal sorumluluk vizyonunu desteklemektedir.<\/p><\/div>\n\t\t\t\t\t\t\t\t\t<div class=\"elementor-tab-title elementor-tab-mobile-title\" aria-selected=\"false\" data-tab=\"4\" role=\"tab\" tabindex=\"-1\" aria-controls=\"elementor-tab-content-1444\" aria-expanded=\"false\">E\u011fitim<\/div>\n\t\t\t\t\t<div id=\"elementor-tab-content-1444\" class=\"elementor-tab-content elementor-clearfix\" data-tab=\"4\" role=\"tabpanel\" aria-labelledby=\"elementor-tab-title-1444\" tabindex=\"0\" hidden=\"hidden\"><h5 data-start=\"213\" data-end=\"271\"><strong data-start=\"216\" data-end=\"269\">E\u011fitim M\u00fcfredat\u0131 ve Ders \u0130\u00e7erikleri (\u00d6rnek Metin)<\/strong><\/h5><p data-start=\"272\" data-end=\"609\">B\u00f6l\u00fcm\u00fcm\u00fcz\u00fcn e\u011fitim m\u00fcfredat\u0131, \u00f6\u011frencilerin teorik bilgiyi uygulama becerisiyle birle\u015ftirebilece\u011fi kapsaml\u0131 bir yap\u0131da haz\u0131rlanm\u0131\u015ft\u0131r. Program; temel bilimlerden uzmanl\u0131k alan\u0131na y\u00f6nelik derslere uzanan geni\u015f bir \u00f6\u011frenim \u00e7er\u00e7evesine sahiptir. Her y\u0131l g\u00fcncellenen m\u00fcfredat, ulusal ve uluslararas\u0131 standartlar do\u011frultusunda \u015fekillendirilir.<\/p><h5 data-start=\"611\" data-end=\"634\"><strong data-start=\"615\" data-end=\"632\">Temel Dersler<\/strong><\/h5><p data-start=\"635\" data-end=\"771\">Program\u0131n ilk y\u0131llar\u0131nda, \u00f6\u011frencilerin alanla ilgili temel kavramlar\u0131 ve bilimsel altyap\u0131y\u0131 edinmesini sa\u011flayan dersler sunulmaktad\u0131r.<\/p><ul data-start=\"772\" data-end=\"934\"><li data-start=\"772\" data-end=\"826\"><p data-start=\"774\" data-end=\"826\"><em data-start=\"774\" data-end=\"787\">Giri\u015f Dersi<\/em> (Teorik temeller, kavramsal \u00e7er\u00e7eve)<\/p><\/li><li data-start=\"827\" data-end=\"857\"><p data-start=\"829\" data-end=\"857\"><em data-start=\"829\" data-end=\"855\">Temel Bilimler Yakla\u015f\u0131m\u0131<\/em><\/p><\/li><li data-start=\"858\" data-end=\"893\"><p data-start=\"860\" data-end=\"893\"><em data-start=\"860\" data-end=\"891\">Uygulamal\u0131 \u00c7al\u0131\u015fma Teknikleri<\/em><\/p><\/li><li data-start=\"894\" data-end=\"934\"><p data-start=\"896\" data-end=\"934\"><em data-start=\"896\" data-end=\"932\">\u0130statistik ve Ara\u015ft\u0131rma Y\u00f6ntemleri<\/em><\/p><\/li><\/ul><h5 data-start=\"936\" data-end=\"965\"><strong data-start=\"940\" data-end=\"963\">Alan Odakl\u0131 Dersler<\/strong><\/h5><p data-start=\"966\" data-end=\"1086\">\u0130lerleyen d\u00f6nemlerde, \u00f6\u011frencilerin mesleki yeterlili\u011fini geli\u015ftirmeye y\u00f6nelik daha uzmanla\u015fm\u0131\u015f dersler yer almaktad\u0131r.<\/p><ul data-start=\"1087\" data-end=\"1243\"><li data-start=\"1087\" data-end=\"1135\"><p data-start=\"1089\" data-end=\"1135\"><em data-start=\"1089\" data-end=\"1108\">Alan Bilgisi I-II<\/em> (Kapsaml\u0131 teorik i\u00e7erik)<\/p><\/li><li data-start=\"1136\" data-end=\"1166\"><p data-start=\"1138\" data-end=\"1166\"><em data-start=\"1138\" data-end=\"1164\">Klinik\/Alan Uygulamalar\u0131<\/em><\/p><\/li><li data-start=\"1167\" data-end=\"1202\"><p data-start=\"1169\" data-end=\"1202\"><em data-start=\"1169\" data-end=\"1200\">Vaka Analizi ve Problem \u00c7\u00f6zme<\/em><\/p><\/li><li data-start=\"1203\" data-end=\"1243\"><p data-start=\"1205\" data-end=\"1243\"><em data-start=\"1205\" data-end=\"1241\">\u00d6zel Konular ve G\u00fcncel Yakla\u015f\u0131mlar<\/em><\/p><\/li><\/ul><h5 data-start=\"1245\" data-end=\"1299\"><strong data-start=\"1249\" data-end=\"1297\">Uygulamal\u0131 E\u011fitim ve Laboratuvar \u00c7al\u0131\u015fmalar\u0131<\/strong><\/h5><p data-start=\"1300\" data-end=\"1429\">M\u00fcfredat, yaln\u0131zca teorik \u00f6\u011frenime dayal\u0131 olmay\u0131p uygulama becerilerini geli\u015ftirmeye y\u00f6nelik \u00e7e\u015fitli pratik dersleri de i\u00e7erir.<\/p><ul data-start=\"1430\" data-end=\"1569\"><li data-start=\"1430\" data-end=\"1459\"><p data-start=\"1432\" data-end=\"1459\"><em data-start=\"1432\" data-end=\"1457\">Sim\u00fclasyon Uygulamalar\u0131<\/em><\/p><\/li><li data-start=\"1460\" data-end=\"1489\"><p data-start=\"1462\" data-end=\"1489\"><em data-start=\"1462\" data-end=\"1487\">Laboratuvar \u00c7al\u0131\u015fmalar\u0131<\/em><\/p><\/li><li data-start=\"1490\" data-end=\"1528\"><p data-start=\"1492\" data-end=\"1528\"><em data-start=\"1492\" data-end=\"1526\">Saha Deneyimi \/ Staj Programlar\u0131<\/em><\/p><\/li><li data-start=\"1529\" data-end=\"1569\"><p data-start=\"1531\" data-end=\"1569\"><em data-start=\"1531\" data-end=\"1567\">G\u00f6zlem ve De\u011ferlendirme Oturumlar\u0131<\/em><\/p><\/li><\/ul><h5 data-start=\"1571\" data-end=\"1596\"><strong data-start=\"1575\" data-end=\"1594\">Se\u00e7meli Dersler<\/strong><\/h5><p data-start=\"1597\" data-end=\"1681\">\u00d6\u011frencilerin ilgi alanlar\u0131na y\u00f6nelik olarak \u00e7e\u015fitli se\u00e7meli dersler sunulmaktad\u0131r.<\/p><ul data-start=\"1682\" data-end=\"1830\"><li data-start=\"1682\" data-end=\"1717\"><p data-start=\"1684\" data-end=\"1717\"><em data-start=\"1684\" data-end=\"1715\">Geli\u015fmi\u015f Ara\u015ft\u0131rma Teknikleri<\/em><\/p><\/li><li data-start=\"1718\" data-end=\"1757\"><p data-start=\"1720\" data-end=\"1757\"><em data-start=\"1720\" data-end=\"1755\">\u0130leti\u015fim ve Profesyonel Beceriler<\/em><\/p><\/li><li data-start=\"1758\" data-end=\"1796\"><p data-start=\"1760\" data-end=\"1796\"><em data-start=\"1760\" data-end=\"1794\">Toplum Sa\u011fl\u0131\u011f\u0131 \/ Sosyal Projeler<\/em><\/p><\/li><li data-start=\"1797\" data-end=\"1830\"><p data-start=\"1799\" data-end=\"1830\"><em data-start=\"1799\" data-end=\"1828\">Multidisipliner Yakla\u015f\u0131mlar<\/em><\/p><\/li><\/ul><h5 data-start=\"1832\" data-end=\"1862\"><strong data-start=\"1836\" data-end=\"1860\">De\u011ferlendirme S\u00fcreci<\/strong><\/h5><p data-start=\"1863\" data-end=\"2106\">E\u011fitim s\u00fcreci; teorik s\u0131navlar, proje ve \u00f6devler, uygulama de\u011ferlendirmeleri ve d\u00f6nem sonu performans analizleri ile takip edilmektedir. Bu sistem, \u00f6\u011frencilerin hem akademik hem de uygulamal\u0131 alanda g\u00fc\u00e7l\u00fc bir geli\u015fim g\u00f6stermesine katk\u0131 sa\u011flar.<\/p><\/div>\n\t\t\t\t\t\t\t\t\t<div class=\"elementor-tab-title elementor-tab-mobile-title\" aria-selected=\"false\" data-tab=\"5\" role=\"tab\" tabindex=\"-1\" aria-controls=\"elementor-tab-content-1445\" aria-expanded=\"false\">\u0130leti\u015fim<\/div>\n\t\t\t\t\t<div id=\"elementor-tab-content-1445\" class=\"elementor-tab-content elementor-clearfix\" data-tab=\"5\" role=\"tabpanel\" aria-labelledby=\"elementor-tab-title-1445\" tabindex=\"0\" hidden=\"hidden\"><h5 data-start=\"174\" data-end=\"205\"><strong data-start=\"177\" data-end=\"203\">\u0130leti\u015fim (\u00d6rnek Metin)<\/strong><\/h5><p data-start=\"206\" data-end=\"564\">Kurumumuzla ilgili her t\u00fcrl\u00fc g\u00f6r\u00fc\u015f, \u00f6neri ve bilgi talebiniz i\u00e7in bizimle ileti\u015fime ge\u00e7ebilirsiniz. \u0130lgili birimler, ba\u015fvurular\u0131n\u0131z\u0131 en k\u0131sa s\u00fcrede de\u011ferlendirmek ve gerekli y\u00f6nlendirmeyi yapmak \u00fczere yap\u0131land\u0131r\u0131lm\u0131\u015ft\u0131r. Hem \u00f6\u011frencilerimiz hem \u00e7al\u0131\u015fanlar\u0131m\u0131z hem de d\u0131\u015f payda\u015flar\u0131m\u0131z i\u00e7in a\u00e7\u0131k, ula\u015f\u0131labilir ve h\u0131zl\u0131 bir ileti\u015fim a\u011f\u0131 olu\u015fturmay\u0131 ama\u00e7l\u0131yoruz.<\/p><p data-start=\"566\" data-end=\"840\">Sorular\u0131n\u0131z, randevu talepleriniz veya i\u015f birliklerine y\u00f6nelik ba\u015fvurular\u0131n\u0131z, ileti\u015fim kanallar\u0131m\u0131z \u00fczerinden taraf\u0131m\u0131za iletildi\u011finde ilgili birimlere y\u00f6nlendirilir ve s\u00fcre\u00e7 titizlikle takip edilir.<br data-start=\"766\" data-end=\"769\" \/>A\u015fa\u011f\u0131daki ileti\u015fim bilgileri arac\u0131l\u0131\u011f\u0131yla bize kolayca ula\u015fabilirsiniz:<\/p><h5 data-start=\"842\" data-end=\"870\"><strong data-start=\"846\" data-end=\"868\">\u0130leti\u015fim Kanallar\u0131<\/strong><\/h5><ul data-start=\"871\" data-end=\"1006\"><li data-start=\"871\" data-end=\"903\"><p data-start=\"873\" data-end=\"903\"><em data-start=\"873\" data-end=\"883\">Telefon:<\/em> 0 (XXX) XXX XX XX<\/p><\/li><li data-start=\"904\" data-end=\"939\"><p data-start=\"906\" data-end=\"939\"><em data-start=\"906\" data-end=\"916\">E-posta:<\/em> <a class=\"decorated-link cursor-pointer\" rel=\"noopener\" data-start=\"917\" data-end=\"937\">info@kurumadi.edu.tr<\/a><\/p><\/li><li data-start=\"940\" data-end=\"1006\"><p data-start=\"942\" data-end=\"1006\"><em data-start=\"942\" data-end=\"950\">Adres:<\/em> \u00d6rnek Mahallesi, Kurum Caddesi No: 00, Merkez \/ \u015eehir<\/p><\/li><\/ul><h5 data-start=\"1008\" data-end=\"1034\"><strong data-start=\"1012\" data-end=\"1032\">\u00c7al\u0131\u015fma Saatleri<\/strong><\/h5><p data-start=\"1035\" data-end=\"1151\">Hafta i\u00e7i 09.00 \u2013 17.00 saatleri aras\u0131nda hizmet verilmektedir. Resm\u00ee tatil g\u00fcnlerinde ileti\u015fim birimleri kapal\u0131d\u0131r.<\/p><h5 data-start=\"1153\" data-end=\"1182\"><strong data-start=\"1157\" data-end=\"1180\">Geri Bildirim Formu<\/strong><\/h5><p data-start=\"1183\" data-end=\"1431\">Kurumumuzla ilgili \u00f6neri, talep ve de\u011ferlendirmelerinizi \u00e7evrim i\u00e7i ileti\u015fim\/geri bildirim formu \u00fczerinden de iletebilirsiniz. Form arac\u0131l\u0131\u011f\u0131yla yap\u0131lan ba\u015fvurular kay\u0131t alt\u0131na al\u0131nmakta ve ilgili birimler taraf\u0131ndan d\u00fczenli olarak incelenmektedir.<\/p><\/div>\n\t\t\t\t\t\t\t<\/div>\n\t\t<\/div>\n\t\t\t\t\t\t<\/div>\n\t\t\t\t<\/div>\n\t\t\t\t\t<\/div>\n\t\t<\/div>\n\t\t\t\t\t<\/div>\n\t\t<\/section>\n\t\t\t\t<section class=\"elementor-section elementor-top-section elementor-element elementor-element-17bada6 elementor-section-boxed elementor-section-height-default elementor-section-height-default\" data-id=\"17bada6\" data-element_type=\"section\">\n\t\t\t\t\t\t<div class=\"elementor-container elementor-column-gap-default\">\n\t\t\t\t\t<div class=\"elementor-column elementor-col-100 elementor-top-column elementor-element elementor-element-2b60405\" data-id=\"2b60405\" data-element_type=\"column\">\n\t\t\t<div class=\"elementor-widget-wrap\">\n\t\t\t\t\t\t\t<\/div>\n\t\t<\/div>\n\t\t\t\t\t<\/div>\n\t\t<\/section>\n\t\t\t\t<\/div>\n\t\t","protected":false},"excerpt":{"rendered":"<p>G\u00f6z Hastal\u0131klar\u0131 Tarih\u00e7e Akademik Personel B\u00f6l\u00fcm Faaliyetleri E\u011fitim \u0130leti\u015fim Tarih\u00e7e Tarih\u00e7e (\u00d6rnek \u0130\u00e7erik) Kurulu\u015funun ilk y\u0131llar\u0131ndan itibaren topluma nitelikli hizmet sunmay\u0131 ama\u00e7layan kurumumuz, zaman i\u00e7inde geli\u015fen ihtiya\u00e7lar do\u011frultusunda b\u00fcy\u00fcyerek bug\u00fcnk\u00fc yap\u0131s\u0131na kavu\u015fmu\u015ftur. Temelleri, b\u00f6lgenin sa\u011fl\u0131k ve e\u011fitim alan\u0131ndaki eksikliklerini gidermek amac\u0131yla at\u0131lan yap\u0131, y\u0131llar i\u00e7erisinde modern altyap\u0131 \u00e7al\u0131\u015fmalar\u0131 ve teknolojik yat\u0131r\u0131mlarla g\u00fc\u00e7lendirilmi\u015ftir. Kurumsal k\u00fclt\u00fcr\u00fcn \u015fekillenmesinde, [&hellip;]<\/p>\n","protected":false},"author":62,"featured_media":0,"parent":17288,"menu_order":0,"comment_status":"closed","ping_status":"closed","template":"elementor_header_footer","meta":{"footnotes":""},"class_list":["post-18388","page","type-page","status-publish","hentry"],"_links":{"self":[{"href":"https:\/\/atauni.edu.tr\/tip-fakultesi\/wp-json\/wp\/v2\/pages\/18388","targetHints":{"allow":["GET"]}}],"collection":[{"href":"https:\/\/atauni.edu.tr\/tip-fakultesi\/wp-json\/wp\/v2\/pages"}],"about":[{"href":"https:\/\/atauni.edu.tr\/tip-fakultesi\/wp-json\/wp\/v2\/types\/page"}],"author":[{"embeddable":true,"href":"https:\/\/atauni.edu.tr\/tip-fakultesi\/wp-json\/wp\/v2\/users\/62"}],"replies":[{"embeddable":true,"href":"https:\/\/atauni.edu.tr\/tip-fakultesi\/wp-json\/wp\/v2\/comments?post=18388"}],"version-history":[{"count":7,"href":"https:\/\/atauni.edu.tr\/tip-fakultesi\/wp-json\/wp\/v2\/pages\/18388\/revisions"}],"predecessor-version":[{"id":18467,"href":"https:\/\/atauni.edu.tr\/tip-fakultesi\/wp-json\/wp\/v2\/pages\/18388\/revisions\/18467"}],"up":[{"embeddable":true,"href":"https:\/\/atauni.edu.tr\/tip-fakultesi\/wp-json\/wp\/v2\/pages\/17288"}],"wp:attachment":[{"href":"https:\/\/atauni.edu.tr\/tip-fakultesi\/wp-json\/wp\/v2\/media?parent=18388"}],"curies":[{"name":"wp","href":"https:\/\/api.w.org\/{rel}","templated":true}]}}