{"id":20561,"date":"2026-03-12T11:11:01","date_gmt":"2026-03-12T08:11:01","guid":{"rendered":"https:\/\/atauni.edu.tr\/tip-fakultesi\/?page_id=20561"},"modified":"2026-03-30T17:05:58","modified_gmt":"2026-03-30T14:05:58","slug":"dokumantasyon-ve-surec-yonetimi-is-akis-semalari","status":"publish","type":"page","link":"https:\/\/atauni.edu.tr\/tip-fakultesi\/kalite\/dokumantasyon-ve-surec-yonetimi-is-akis-semalari\/","title":{"rendered":"Dok\u00fcmantasyon ve S\u00fcre\u00e7 Y\u00f6netimi &#8211; \u0130\u015f Ak\u0131\u015f \u015eemalar\u0131"},"content":{"rendered":"\t\t<div data-elementor-type=\"wp-page\" data-elementor-id=\"20561\" class=\"elementor elementor-20561\" data-elementor-post-type=\"page\">\n\t\t\t\t\t\t<section class=\"elementor-section elementor-top-section elementor-element elementor-element-0816568 elementor-section-boxed elementor-section-height-default elementor-section-height-default\" data-id=\"0816568\" data-element_type=\"section\">\n\t\t\t\t\t\t<div class=\"elementor-container elementor-column-gap-default\">\n\t\t\t\t\t<div class=\"elementor-column elementor-col-100 elementor-top-column elementor-element elementor-element-b6fc803\" data-id=\"b6fc803\" data-element_type=\"column\">\n\t\t\t<div class=\"elementor-widget-wrap elementor-element-populated\">\n\t\t\t\t\t\t<section class=\"elementor-section elementor-inner-section elementor-element elementor-element-ed0ffeb elementor-section-boxed elementor-section-height-default elementor-section-height-default\" data-id=\"ed0ffeb\" data-element_type=\"section\">\n\t\t\t\t\t\t<div class=\"elementor-container elementor-column-gap-default\">\n\t\t\t\t\t<div class=\"elementor-column elementor-col-100 elementor-inner-column elementor-element elementor-element-ea5683f\" data-id=\"ea5683f\" data-element_type=\"column\">\n\t\t\t<div class=\"elementor-widget-wrap elementor-element-populated\">\n\t\t\t\t\t\t<div class=\"elementor-element elementor-element-ee6d800 elementor-widget elementor-widget-text-editor\" data-id=\"ee6d800\" data-element_type=\"widget\" data-widget_type=\"text-editor.default\">\n\t\t\t\t<div class=\"elementor-widget-container\">\n\t\t\t\t\t\t\t\t\t<h5>\u0130\u015f Ak\u0131\u015f \u015eemalar\u0131<\/h5>\t\t\t\t\t\t\t\t<\/div>\n\t\t\t\t<\/div>\n\t\t\t\t\t<\/div>\n\t\t<\/div>\n\t\t\t\t\t<\/div>\n\t\t<\/section>\n\t\t\t\t<section class=\"elementor-section elementor-inner-section elementor-element elementor-element-aedefb8 elementor-section-boxed elementor-section-height-default elementor-section-height-default\" data-id=\"aedefb8\" data-element_type=\"section\">\n\t\t\t\t\t\t<div class=\"elementor-container elementor-column-gap-default\">\n\t\t\t\t\t<div class=\"elementor-column elementor-col-100 elementor-inner-column elementor-element elementor-element-4c69a8d\" data-id=\"4c69a8d\" data-element_type=\"column\">\n\t\t\t<div class=\"elementor-widget-wrap elementor-element-populated\">\n\t\t\t\t\t\t<div class=\"elementor-element elementor-element-83355cb elementor-widget elementor-widget-text-editor\" data-id=\"83355cb\" data-element_type=\"widget\" data-widget_type=\"text-editor.default\">\n\t\t\t\t<div class=\"elementor-widget-container\">\n\t\t\t\t\t\t\t\t\t<table style=\"width: 100%;margin: 20px auto;border-collapse: collapse;font-family: Arial, sans-serif\"><thead><tr style=\"background-color: #0d1461;color: white\"><td style=\"padding: 15px;border: 1px solid #E2B887;font-size: 17px;text-align: center\" colspan=\"2\"><strong>\u0130\u015e AKI\u015e L\u0130STES\u0130<\/strong><\/td><\/tr><\/thead><tbody><tr><td style=\"padding: 12px;border: 1px solid #E2B887;font-size: 16px;color: #0d1461;text-align: center;font-weight: bold;width: 120px\">Kod No<\/td><td style=\"padding: 12px;border: 1px solid #E2B887;font-size: 16px;color: #0d1461;text-align: center;font-weight: bold\">\u0130\u015f Ak\u0131\u015f S\u00fcreci<\/td><\/tr><tr><td style=\"padding: 10px;border: 1px solid #E2B887;font-size: 15px;color: #555;text-align: center;font-weight: bold\">PRS.\u0130A.01<\/td><td style=\"padding: 10px;border: 1px solid #E2B887;font-size: 15px;color: #555\"><a href=\"http:\/\/atauni.edu.tr\/tip-fakultesi\/wp-content\/uploads\/sites\/73\/2026\/03\/PRS.I\u0307A.01-Akademik-Personelin-Go\u0308revlendirilmesi-Su\u0308reci-I\u0307s\u0327-Akis\u0327-S\u0327emasi.pdf\">Akademik Personelin G\u00f6revlendirilmesi S\u00fcreci \u0130\u015f Ak\u0131\u015f \u015eemas\u0131<\/a><\/td><\/tr><tr><td style=\"padding: 10px;border: 1px solid #E2B887;font-size: 15px;color: #555;text-align: center;font-weight: bold\">PRS.\u0130A.02<\/td><td style=\"padding: 10px;border: 1px solid #E2B887;font-size: 15px;color: #555\"><a href=\"http:\/\/atauni.edu.tr\/tip-fakultesi\/wp-content\/uploads\/sites\/73\/2026\/03\/PRS.I\u0307A.02-Anabilim-Dali-Akademik-Kurulu-Su\u0308reci-I\u0307s\u0327-Akis\u0327-S\u0327emasi.pdf\">Anabilim Dal\u0131 Akademik Kurulu S\u00fcreci \u0130\u015f Ak\u0131\u015f \u015eemas\u0131<\/a><\/td><\/tr><tr><td style=\"padding: 10px;border: 1px solid #E2B887;font-size: 15px;color: #555;text-align: center;font-weight: bold\">PRS.\u0130A.03<\/td><td style=\"padding: 10px;border: 1px solid #E2B887;font-size: 15px;color: #555\"><a href=\"http:\/\/atauni.edu.tr\/tip-fakultesi\/wp-content\/uploads\/sites\/73\/2026\/03\/PRS.I\u0307A.03-Anabilim-Dali-Bas\u0327kani-Atamasi-Su\u0308reci-I\u0307s\u0327-Akis\u0327-S\u0327emasi.pdf\">Anabilim Dal\u0131 Ba\u015fkan\u0131 Atamas\u0131 S\u00fcreci \u0130\u015f Ak\u0131\u015f \u015eemas\u0131<\/a><\/td><\/tr><tr><td style=\"padding: 10px;border: 1px solid #E2B887;font-size: 15px;color: #555;text-align: center;font-weight: bold\">PRS.\u0130A.04<\/td><td style=\"padding: 10px;border: 1px solid #E2B887;font-size: 15px;color: #555\"><a href=\"http:\/\/atauni.edu.tr\/tip-fakultesi\/wp-content\/uploads\/sites\/73\/2026\/03\/PRS.I\u0307A.04-Atama-Ju\u0308ri-U\u0308cret-O\u0308demesi-Su\u0308reci-I\u0307s\u0327-Akis\u0327-S\u0327emasi.pdf\">Atama J\u00fcri \u00dccret \u00d6demesi S\u00fcreci \u0130\u015f Ak\u0131\u015f \u015eemas\u0131<\/a><\/td><\/tr><tr><td style=\"padding: 10px;border: 1px solid #E2B887;font-size: 15px;color: #555;text-align: center;font-weight: bold\">PRS.\u0130A.05<\/td><td style=\"padding: 10px;border: 1px solid #E2B887;font-size: 15px;color: #555\"><a href=\"http:\/\/atauni.edu.tr\/tip-fakultesi\/wp-content\/uploads\/sites\/73\/2026\/03\/PRS.I\u0307A.05-Bag\u0306is\u0327-ve-Yardim-Yoluyla-Edinilen-Tas\u0327inirlarin-Giris\u0327-Kayitlari-Su\u0308reci-I\u0307s\u0327-Akis\u0327-S\u0327emasi.pdf\">Ba\u011f\u0131\u015f ve Yard\u0131m Yoluyla Edinilen Ta\u015f\u0131n\u0131rlar\u0131n Giri\u015f Kay\u0131tlar\u0131 S\u00fcreci \u0130\u015f Ak\u0131\u015f \u015eemas\u0131<\/a><\/td><\/tr><tr><td style=\"padding: 10px;border: 1px solid #E2B887;font-size: 15px;color: #555;text-align: center;font-weight: bold\">PRS.\u0130A.06<\/td><td style=\"padding: 10px;border: 1px solid #E2B887;font-size: 15px;color: #555\"><a href=\"http:\/\/atauni.edu.tr\/tip-fakultesi\/wp-content\/uploads\/sites\/73\/2026\/03\/PRS.I\u0307A.06-Bo\u0308lu\u0308m-Bas\u0327kani-Atamasi-Su\u0308reci-I\u0307s\u0327-Akis\u0327-S\u0327emasi.pdf\">B\u00f6l\u00fcm Ba\u015fkan\u0131 Atamas\u0131 S\u00fcreci \u0130\u015f Ak\u0131\u015f \u015eemas\u0131<\/a><\/td><\/tr><tr><td style=\"padding: 10px;border: 1px solid #E2B887;font-size: 15px;color: #555;text-align: center;font-weight: bold\">PRS.\u0130A.07<\/td><td style=\"padding: 10px;border: 1px solid #E2B887;font-size: 15px;color: #555\"><a href=\"http:\/\/atauni.edu.tr\/tip-fakultesi\/wp-content\/uploads\/sites\/73\/2026\/03\/PRS.I\u0307A.07-Bo\u0308lu\u0308m-Kurulu-Su\u0308reci-I\u0307s\u0327-Akis\u0327-S\u0327emasi.pdf\">B\u00f6l\u00fcm Kurulu S\u00fcreci \u0130\u015f Ak\u0131\u015f \u015eemas\u0131<\/a><\/td><\/tr><tr><td style=\"padding: 10px;border: 1px solid #E2B887;font-size: 15px;color: #555;text-align: center;font-weight: bold\">PRS.\u0130A.08<\/td><td style=\"padding: 10px;border: 1px solid #E2B887;font-size: 15px;color: #555\"><a href=\"http:\/\/atauni.edu.tr\/tip-fakultesi\/wp-content\/uploads\/sites\/73\/2026\/03\/PRS.I\u0307A.08-Bu\u0308tc\u0327e-Hazirlama-Su\u0308reci-I\u0307s\u0327-Akis\u0327-S\u0327emasi.pdf\">B\u00fct\u00e7e Haz\u0131rlama S\u00fcreci \u0130\u015f Ak\u0131\u015f \u015eemas\u0131<\/a><\/td><\/tr><tr><td style=\"padding: 10px;border: 1px solid #E2B887;font-size: 15px;color: #555;text-align: center;font-weight: bold\">PRS.\u0130A.09<\/td><td style=\"padding: 10px;border: 1px solid #E2B887;font-size: 15px;color: #555\"><a href=\"http:\/\/atauni.edu.tr\/tip-fakultesi\/wp-content\/uploads\/sites\/73\/2026\/03\/PRS.I\u0307A.09-Devir-Yoluyla-C\u0327ikis\u0327-I\u0307s\u0327lemleri-Su\u0308reci-I\u0307s\u0327-Akis\u0327-S\u0327emasi.pdf\">Devir Yoluyla \u00c7\u0131k\u0131\u015f \u0130\u015flemleri S\u00fcreci \u0130\u015f Ak\u0131\u015f \u015eemas\u0131<\/a><\/td><\/tr><tr><td style=\"padding: 10px;border: 1px solid #E2B887;font-size: 15px;color: #555;text-align: center;font-weight: bold\">PRS.\u0130A.10<\/td><td style=\"padding: 10px;border: 1px solid #E2B887;font-size: 15px;color: #555\"><a href=\"http:\/\/atauni.edu.tr\/tip-fakultesi\/wp-content\/uploads\/sites\/73\/2026\/03\/PRS.I\u0307A.10-Devir-Yoluyla-Giris\u0327-I\u0307s\u0327lemleri-Su\u0308reci-I\u0307s\u0327-Akis\u0327-S\u0327emasi.pdf\">Devir Yoluyla Giri\u015f \u0130\u015flemleri S\u00fcreci \u0130\u015f Ak\u0131\u015f \u015eemas\u0131<\/a><\/td><\/tr><tr><td style=\"padding: 10px;border: 1px solid #E2B887;font-size: 15px;color: #555;text-align: center;font-weight: bold\">PRS.\u0130A.11<\/td><td style=\"padding: 10px;border: 1px solid #E2B887;font-size: 15px;color: #555\"><a href=\"http:\/\/atauni.edu.tr\/tip-fakultesi\/wp-content\/uploads\/sites\/73\/2026\/03\/PRS.I\u0307A.11-Etik-Kurul-Su\u0308reci-I\u0307s\u0327-Akis\u0327-S\u0327emasi.pdf\">Etik Kurul S\u00fcreci \u0130\u015f Ak\u0131\u015f \u015eemas\u0131<\/a><\/td><\/tr><tr><td style=\"padding: 10px;border: 1px solid #E2B887;font-size: 15px;color: #555;text-align: center;font-weight: bold\">PRS.\u0130A.12<\/td><td style=\"padding: 10px;border: 1px solid #E2B887;font-size: 15px;color: #555\"><a href=\"http:\/\/atauni.edu.tr\/tip-fakultesi\/wp-content\/uploads\/sites\/73\/2026\/03\/PRS.I\u0307A.12-Faku\u0308lte-Kurulu-Su\u0308reci-I\u0307s\u0327-Akis\u0327-S\u0327emasi.pdf\">Fak\u00fclte Kurulu S\u00fcreci \u0130\u015f Ak\u0131\u015f \u015eemas\u0131<\/a><\/td><\/tr><tr><td style=\"padding: 10px;border: 1px solid #E2B887;font-size: 15px;color: #555;text-align: center;font-weight: bold\">PRS.\u0130A.13<\/td><td style=\"padding: 10px;border: 1px solid #E2B887;font-size: 15px;color: #555\"><a href=\"http:\/\/atauni.edu.tr\/tip-fakultesi\/wp-content\/uploads\/sites\/73\/2026\/03\/PRS.I\u0307A.13-Faku\u0308lte-Kuruluna-Temsilci-U\u0308ye-Sec\u0327ilmesi-Su\u0308reci-I\u0307s\u0327-Akis\u0327-S\u0327emasi.pdf\">Fak\u00fclte Kuruluna Temsilci \u00dcye Se\u00e7ilmesi S\u00fcreci \u0130\u015f Ak\u0131\u015f \u015eemas\u0131<\/a><\/td><\/tr><tr><td style=\"padding: 10px;border: 1px solid #E2B887;font-size: 15px;color: #555;text-align: center;font-weight: bold\">PRS.\u0130A.14<\/td><td style=\"padding: 10px;border: 1px solid #E2B887;font-size: 15px;color: #555\"><a href=\"http:\/\/atauni.edu.tr\/tip-fakultesi\/wp-content\/uploads\/sites\/73\/2026\/03\/PRS.I\u0307A.14-Faku\u0308lte-Yo\u0308netim-Kurulu-Su\u0308reci-I\u0307s\u0327-Akis\u0327-S\u0327emasi.pdf\">Fak\u00fclte Y\u00f6netim Kurulu S\u00fcreci \u0130\u015f Ak\u0131\u015f \u015eemas\u0131<\/a><\/td><\/tr><tr><td style=\"padding: 10px;border: 1px solid #E2B887;font-size: 15px;color: #555;text-align: center;font-weight: bold\">PRS.\u0130A.15<\/td><td style=\"padding: 10px;border: 1px solid #E2B887;font-size: 15px;color: #555\"><a href=\"http:\/\/atauni.edu.tr\/tip-fakultesi\/wp-content\/uploads\/sites\/73\/2026\/03\/PRS.I\u0307A.15-Faku\u0308lte-Yo\u0308netim-Kuruluna-Temsilci-U\u0308ye-Sec\u0327imi-Su\u0308reci-I\u0307s\u0327-Akis\u0327-S\u0327emasi.pdf\">Fak\u00fclte Y\u00f6netim Kuruluna Temsilci \u00dcye Se\u00e7imi S\u00fcreci \u0130\u015f Ak\u0131\u015f \u015eemas\u0131<\/a><\/td><\/tr><tr><td style=\"padding: 10px;border: 1px solid #E2B887;font-size: 15px;color: #555;text-align: center;font-weight: bold\">PRS.\u0130A.16<\/td><td style=\"padding: 10px;border: 1px solid #E2B887;font-size: 15px;color: #555\"><a href=\"http:\/\/atauni.edu.tr\/tip-fakultesi\/wp-content\/uploads\/sites\/73\/2026\/03\/PRS.I\u0307A.16-Go\u0308revlendirme-2547_40-A-Madde-Su\u0308reci-I\u0307s\u0327-Akis\u0327-S\u0327emasi.pdf\">G\u00f6revlendirme (2547_40-A Madde) S\u00fcreci \u0130\u015f Ak\u0131\u015f \u015eemas\u0131<\/a><\/td><\/tr><tr><td style=\"padding: 10px;border: 1px solid #E2B887;font-size: 15px;color: #555;text-align: center;font-weight: bold\">PRS.\u0130A.17<\/td><td style=\"padding: 10px;border: 1px solid #E2B887;font-size: 15px;color: #555\"><a href=\"http:\/\/atauni.edu.tr\/tip-fakultesi\/wp-content\/uploads\/sites\/73\/2026\/03\/PRS.I\u0307A.17-Go\u0308revlendirme-2547_40-B-Madde-Su\u0308reci-I\u0307s\u0327-Akis\u0327-S\u0327emasi.pdf\">G\u00f6revlendirme (2547_40-B Madde) S\u00fcreci \u0130\u015f Ak\u0131\u015f \u015eemas\u0131<\/a><\/td><\/tr><tr><td style=\"padding: 10px;border: 1px solid #E2B887;font-size: 15px;color: #555;text-align: center;font-weight: bold\">PRS.\u0130A.18<\/td><td style=\"padding: 10px;border: 1px solid #E2B887;font-size: 15px;color: #555\"><a href=\"http:\/\/atauni.edu.tr\/tip-fakultesi\/wp-content\/uploads\/sites\/73\/2026\/03\/PRS.I\u0307A.18-Go\u0308revlendirme-2547_40-C-Su\u0308reci-I\u0307s\u0327-Akis\u0327-S\u0327emasi.pdf\">G\u00f6revlendirme (2547_40-C) S\u00fcreci \u0130\u015f Ak\u0131\u015f \u015eemas\u0131<\/a><\/td><\/tr><tr><td style=\"padding: 10px;border: 1px solid #E2B887;font-size: 15px;color: #555;text-align: center;font-weight: bold\">PRS.\u0130A.19<\/td><td style=\"padding: 10px;border: 1px solid #E2B887;font-size: 15px;color: #555\"><a href=\"http:\/\/atauni.edu.tr\/tip-fakultesi\/wp-content\/uploads\/sites\/73\/2026\/03\/PRS.I\u0307A.19-Go\u0308revlendirme-2547_40-D-Su\u0308reci-I\u0307s\u0327-Akis\u0327-S\u0327emasi.pdf\">G\u00f6revlendirme (2547_40-D) S\u00fcreci \u0130\u015f Ak\u0131\u015f \u015eemas\u0131<\/a><\/td><\/tr><tr><td style=\"padding: 10px;border: 1px solid #E2B887;font-size: 15px;color: #555;text-align: center;font-weight: bold\">PRS.\u0130A.20<\/td><td style=\"padding: 10px;border: 1px solid #E2B887;font-size: 15px;color: #555\"><a href=\"http:\/\/atauni.edu.tr\/tip-fakultesi\/wp-content\/uploads\/sites\/73\/2026\/03\/PRS.I\u0307A.20-Hurdaya-Ayirma-Nedeniyle-C\u0327ikis\u0327-I\u0307s\u0327lemleri-Su\u0308reci-I\u0307s\u0327-Akis\u0327-S\u0327emasi.pdf\">Hurdaya Ay\u0131rma Nedeniyle \u00c7\u0131k\u0131\u015f \u0130\u015flemleri S\u00fcreci \u0130\u015f Ak\u0131\u015f \u015eemas\u0131<\/a><\/td><\/tr><tr><td style=\"padding: 10px;border: 1px solid #E2B887;font-size: 15px;color: #555;text-align: center;font-weight: bold\">PRS.\u0130A.21<\/td><td style=\"padding: 10px;border: 1px solid #E2B887;font-size: 15px;color: #555\"><a href=\"http:\/\/atauni.edu.tr\/tip-fakultesi\/wp-content\/uploads\/sites\/73\/2026\/03\/PRS.I\u0307A.21-Kayit-Dondurma-I\u0307s\u0327lemleri-Su\u0308reci-I\u0307s\u0327-Akis\u0327-S\u0327emasi.pdf\">Kay\u0131t Dondurma \u0130\u015flemleri S\u00fcreci \u0130\u015f Ak\u0131\u015f \u015eemas\u0131<\/a><\/td><\/tr><tr><td style=\"padding: 10px;border: 1px solid #E2B887;font-size: 15px;color: #555;text-align: center;font-weight: bold\">PRS.\u0130A.22<\/td><td style=\"padding: 10px;border: 1px solid #E2B887;font-size: 15px;color: #555\"><a href=\"http:\/\/atauni.edu.tr\/tip-fakultesi\/wp-content\/uploads\/sites\/73\/2026\/03\/PRS.I\u0307A.22-Mezuniyet-I\u0307s\u0327lemleri-Su\u0308reci-I\u0307s\u0327-Akis\u0327-S\u0327emasi.pdf\">Mezuniyet \u0130\u015flemleri S\u00fcreci \u0130\u015f Ak\u0131\u015f \u015eemas\u0131<\/a><\/td><\/tr><tr><td style=\"padding: 10px;border: 1px solid #E2B887;font-size: 15px;color: #555;text-align: center;font-weight: bold\">PRS.\u0130A.23<\/td><td style=\"padding: 10px;border: 1px solid #E2B887;font-size: 15px;color: #555\"><a href=\"http:\/\/atauni.edu.tr\/tip-fakultesi\/wp-content\/uploads\/sites\/73\/2026\/03\/PRS.I\u0307A.23-O\u0308g\u0306retim-Go\u0308revlisi-Alimi-I\u0307s\u0327lemleri-Su\u0308reci-I\u0307s\u0327-Akis\u0327-S\u0327emasi.pdf\">\u00d6\u011fretim G\u00f6revlisi Al\u0131m\u0131 \u0130\u015flemleri S\u00fcreci \u0130\u015f Ak\u0131\u015f \u015eemas\u0131<\/a><\/td><\/tr><tr><td style=\"padding: 10px;border: 1px solid #E2B887;font-size: 15px;color: #555;text-align: center;font-weight: bold\">PRS.\u0130A.24<\/td><td style=\"padding: 10px;border: 1px solid #E2B887;font-size: 15px;color: #555\"><a href=\"http:\/\/atauni.edu.tr\/tip-fakultesi\/wp-content\/uploads\/sites\/73\/2026\/03\/PRS.I\u0307A.24-O\u0308g\u0306retim-Go\u0308revlisi-Aras\u0327tirma-Go\u0308revlisi-Go\u0308rev-Su\u0308resi-Uzatmasi-I\u0307s\u0327lemleri-Su\u0308reci-I\u0307s\u0327-Akis\u0327-S\u0327emasi.pdf\">\u00d6\u011fretim G\u00f6revlisi, Ara\u015ft\u0131rma G\u00f6revlisi G\u00f6rev S\u00fcresi Uzatmas\u0131 \u0130\u015flemleri S\u00fcreci \u0130\u015f Ak\u0131\u015f \u015eemas\u0131<\/a><\/td><\/tr><tr><td style=\"padding: 10px;border: 1px solid #E2B887;font-size: 15px;color: #555;text-align: center;font-weight: bold\">PRS.\u0130A.25<\/td><td style=\"padding: 10px;border: 1px solid #E2B887;font-size: 15px;color: #555\"><a href=\"http:\/\/atauni.edu.tr\/tip-fakultesi\/wp-content\/uploads\/sites\/73\/2026\/03\/PRS.I\u0307A.25-Satin-Alinan-Tas\u0327inirlarin-Giris\u0327-I\u0307s\u0327lemleri-Su\u0308reci-I\u0307s\u0327-Akis\u0327-S\u0327emasi.pdf\">Sat\u0131n Al\u0131nan Ta\u015f\u0131n\u0131rlar\u0131n Giri\u015f \u0130\u015flemleri S\u00fcreci \u0130\u015f Ak\u0131\u015f \u015eemas\u0131<\/a><\/td><\/tr><tr><td style=\"padding: 10px;border: 1px solid #E2B887;font-size: 15px;color: #555;text-align: center;font-weight: bold\">PRS.\u0130A.26<\/td><td style=\"padding: 10px;border: 1px solid #E2B887;font-size: 15px;color: #555\"><a href=\"http:\/\/atauni.edu.tr\/tip-fakultesi\/wp-content\/uploads\/sites\/73\/2026\/03\/PRS.I\u0307A.26-Satinalma-I\u0307s\u0327lemleri-Su\u0308reci-I\u0307s\u0327-Akis\u0327-S\u0327emasi.pdf\">Sat\u0131nalma \u0130\u015flemleri S\u00fcreci \u0130\u015f Ak\u0131\u015f \u015eemas\u0131<\/a><\/td><\/tr><tr><td style=\"padding: 10px;border: 1px solid #E2B887;font-size: 15px;color: #555;text-align: center;font-weight: bold\">PRS.\u0130A.27<\/td><td style=\"padding: 10px;border: 1px solid #E2B887;font-size: 15px;color: #555\"><a href=\"http:\/\/atauni.edu.tr\/tip-fakultesi\/wp-content\/uploads\/sites\/73\/2026\/03\/PRS.I\u0307A.27-Sayim-ve-Sayim-Sonrasi-I\u0307s\u0327lemler-Su\u0308reci-I\u0307s\u0327-Akis\u0327-S\u0327emasi.pdf\">Say\u0131m ve Say\u0131m Sonras\u0131 \u0130\u015flemler S\u00fcreci \u0130\u015f Ak\u0131\u015f \u015eemas\u0131<\/a><\/td><\/tr><tr><td style=\"padding: 10px;border: 1px solid #E2B887;font-size: 15px;color: #555;text-align: center;font-weight: bold\">PRS.\u0130A.28<\/td><td style=\"padding: 10px;border: 1px solid #E2B887;font-size: 15px;color: #555\"><a href=\"http:\/\/atauni.edu.tr\/tip-fakultesi\/wp-content\/uploads\/sites\/73\/2026\/03\/PRS.I\u0307A.28-Sinav-Programlarinin-Hazirlanmasi-Su\u0308reci-I\u0307s\u0327-Akis\u0327-S\u0327emasi.pdf\">S\u0131nav Programlar\u0131n\u0131n Haz\u0131rlanmas\u0131 S\u00fcreci \u0130\u015f Ak\u0131\u015f \u015eemas\u0131<\/a><\/td><\/tr><tr><td style=\"padding: 10px;border: 1px solid #E2B887;font-size: 15px;color: #555;text-align: center;font-weight: bold\">PRS.\u0130A.29<\/td><td style=\"padding: 10px;border: 1px solid #E2B887;font-size: 15px;color: #555\"><a href=\"http:\/\/atauni.edu.tr\/tip-fakultesi\/wp-content\/uploads\/sites\/73\/2026\/03\/PRS.I\u0307A.29-Sinavlara-I\u0307tiraz-Su\u0308reci-I\u0307s\u0327-Akis\u0327-S\u0327emasi.pdf\">S\u0131navlara \u0130tiraz S\u00fcreci \u0130\u015f Ak\u0131\u015f \u015eemas\u0131<\/a><\/td><\/tr><tr><td style=\"padding: 10px;border: 1px solid #E2B887;font-size: 15px;color: #555;text-align: center;font-weight: bold\">PRS.\u0130A.30<\/td><td style=\"padding: 10px;border: 1px solid #E2B887;font-size: 15px;color: #555\"><a href=\"http:\/\/atauni.edu.tr\/tip-fakultesi\/wp-content\/uploads\/sites\/73\/2026\/03\/PRS.I\u0307A.30-Tas\u0327inir-C\u0327ikis\u0327-I\u0307s\u0327lemleri-Su\u0308reci-I\u0307s\u0327-Akis\u0327-S\u0327emasi.pdf\">Ta\u015f\u0131n\u0131r \u00c7\u0131k\u0131\u015f \u0130\u015flemleri S\u00fcreci \u0130\u015f Ak\u0131\u015f \u015eemas\u0131<\/a><\/td><\/tr><tr><td style=\"padding: 10px;border: 1px solid #E2B887;font-size: 15px;color: #555;text-align: center;font-weight: bold\">PRS.\u0130A.31<\/td><td style=\"padding: 10px;border: 1px solid #E2B887;font-size: 15px;color: #555\"><a href=\"http:\/\/atauni.edu.tr\/tip-fakultesi\/wp-content\/uploads\/sites\/73\/2026\/03\/PRS.I\u0307A.31-Tas\u0327inir-Mal-Yo\u0308netim-Hesabi-I\u0307s\u0327lemleri-Su\u0308reci-I\u0307s\u0327-Akis\u0327-S\u0327emasi.pdf\">Ta\u015f\u0131n\u0131r Mal Y\u00f6netim Hesab\u0131 \u0130\u015flemleri S\u00fcreci \u0130\u015f Ak\u0131\u015f \u015eemas\u0131<\/a><\/td><\/tr><tr><td style=\"padding: 10px;border: 1px solid #E2B887;font-size: 15px;color: #555;text-align: center;font-weight: bold\">PRS.\u0130A.32<\/td><td style=\"padding: 10px;border: 1px solid #E2B887;font-size: 15px;color: #555\"><a href=\"http:\/\/atauni.edu.tr\/tip-fakultesi\/wp-content\/uploads\/sites\/73\/2026\/03\/PRS.I\u0307A.32-Yolluk-O\u0308deme-I\u0307s\u0327lemleri-Su\u0308reci-I\u0307s\u0327-Akis\u0327-S\u0327emasi.pdf\">Yolluk \u00d6deme \u0130\u015flemleri S\u00fcreci \u0130\u015f Ak\u0131\u015f \u015eemas\u0131<\/a><\/td><\/tr><tr><td style=\"padding: 10px;border: 1px solid #E2B887;font-size: 15px;color: #555;text-align: center;font-weight: bold\">PRS.\u0130A.33<\/td><td style=\"padding: 10px;border: 1px solid #E2B887;font-size: 15px;color: #555\"><a href=\"http:\/\/atauni.edu.tr\/tip-fakultesi\/wp-content\/uploads\/sites\/73\/2026\/03\/PRS.I\u0307A.33-Yo\u0308netici-O\u0308g\u0306retim-Elemani-ve-Memur-Disiplin-Sorus\u0327turmasi-Su\u0308reci-I\u0307s\u0327-Akis\u0327-S\u0327emasi.pdf\">Y\u00f6netici, \u00d6\u011fretim Eleman\u0131 ve Memur Disiplin Soru\u015fturmas\u0131 S\u00fcreci \u0130\u015f Ak\u0131\u015f \u015eemas\u0131<\/a><\/td><\/tr><tr><td style=\"padding: 10px;border: 1px solid #E2B887;font-size: 15px;color: #555;text-align: center;font-weight: bold\">PRS.\u0130A.34<\/td><td style=\"padding: 10px;border: 1px solid #E2B887;font-size: 15px;color: #555\"><a href=\"http:\/\/atauni.edu.tr\/tip-fakultesi\/wp-content\/uploads\/sites\/73\/2026\/03\/PRS.I\u0307A.34-Yurtic\u0327i-ve-Yurtdis\u0327i-Gec\u0327ici-Go\u0308revlendirme-I\u0307s\u0327lemleri-Su\u0308reci-I\u0307s\u0327-Akis\u0327-S\u0327emasi.pdf\">Yurti\u00e7i ve Yurtd\u0131\u015f\u0131 Ge\u00e7ici G\u00f6revlendirme \u0130\u015flemleri S\u00fcreci \u0130\u015f Ak\u0131\u015f \u015eemas\u0131<\/a><\/td><\/tr><tr><td style=\"padding: 10px;border: 1px solid #E2B887;font-size: 15px;color: #555;text-align: center;font-weight: bold\">PRS.\u0130A.35<\/td><td style=\"padding: 10px;border: 1px solid #E2B887;font-size: 15px;color: #555\"><a href=\"http:\/\/atauni.edu.tr\/tip-fakultesi\/wp-content\/uploads\/sites\/73\/2026\/03\/PRS.I\u0307A.35-Zimmet-Verme-I\u0307s\u0327lemleri-Su\u0308reci-I\u0307s\u0327-Akis\u0327-S\u0327emasi.pdf\">Zimmet Verme \u0130\u015flemleri S\u00fcreci \u0130\u015f Ak\u0131\u015f \u015eemas\u0131<\/a><\/td><\/tr><tr><td style=\"padding: 10px;border: 1px solid #E2B887;font-size: 15px;color: #555;text-align: center;font-weight: bold\">PRS.\u0130A.36<\/td><td style=\"padding: 10px;border: 1px solid #E2B887;font-size: 15px;color: #555\"><a href=\"http:\/\/atauni.edu.tr\/tip-fakultesi\/wp-content\/uploads\/sites\/73\/2026\/03\/PRS.I\u0307A.36-Zimmetten-Du\u0308s\u0327me-I\u0307s\u0327lemleri-Su\u0308reci-I\u0307s\u0327-Akis\u0327-S\u0327emasi.pdf\">Zimmetten D\u00fc\u015fme \u0130\u015flemleri S\u00fcreci \u0130\u015f Ak\u0131\u015f \u015eemas\u0131<\/a><\/td><\/tr><\/tbody><\/table>\t\t\t\t\t\t\t\t<\/div>\n\t\t\t\t<\/div>\n\t\t\t\t\t<\/div>\n\t\t<\/div>\n\t\t\t\t\t<\/div>\n\t\t<\/section>\n\t\t\t\t\t<\/div>\n\t\t<\/div>\n\t\t\t\t\t<\/div>\n\t\t<\/section>\n\t\t\t\t<section class=\"elementor-section elementor-top-section elementor-element elementor-element-9cb2bdf elementor-section-boxed elementor-section-height-default elementor-section-height-default\" data-id=\"9cb2bdf\" data-element_type=\"section\">\n\t\t\t\t\t\t<div class=\"elementor-container elementor-column-gap-default\">\n\t\t\t\t\t<div class=\"elementor-column elementor-col-100 elementor-top-column elementor-element elementor-element-a13f06e\" data-id=\"a13f06e\" data-element_type=\"column\">\n\t\t\t<div class=\"elementor-widget-wrap elementor-element-populated\">\n\t\t\t\t\t\t<div class=\"elementor-element elementor-element-637a3aa elementor-widget elementor-widget-spacer\" data-id=\"637a3aa\" data-element_type=\"widget\" data-widget_type=\"spacer.default\">\n\t\t\t\t<div class=\"elementor-widget-container\">\n\t\t\t\t\t\t\t<div class=\"elementor-spacer\">\n\t\t\t<div class=\"elementor-spacer-inner\"><\/div>\n\t\t<\/div>\n\t\t\t\t\t\t<\/div>\n\t\t\t\t<\/div>\n\t\t\t\t\t<\/div>\n\t\t<\/div>\n\t\t\t\t\t<\/div>\n\t\t<\/section>\n\t\t\t\t<\/div>\n\t\t","protected":false},"excerpt":{"rendered":"<p>\u0130\u015f Ak\u0131\u015f \u015eemalar\u0131 \u0130\u015e AKI\u015e L\u0130STES\u0130 Kod No \u0130\u015f Ak\u0131\u015f S\u00fcreci PRS.\u0130A.01 Akademik Personelin G\u00f6revlendirilmesi S\u00fcreci \u0130\u015f Ak\u0131\u015f \u015eemas\u0131 PRS.\u0130A.02 Anabilim Dal\u0131 Akademik Kurulu S\u00fcreci \u0130\u015f Ak\u0131\u015f \u015eemas\u0131 PRS.\u0130A.03 Anabilim Dal\u0131 Ba\u015fkan\u0131 Atamas\u0131 S\u00fcreci \u0130\u015f Ak\u0131\u015f \u015eemas\u0131 PRS.\u0130A.04 Atama J\u00fcri \u00dccret \u00d6demesi S\u00fcreci \u0130\u015f Ak\u0131\u015f \u015eemas\u0131 PRS.\u0130A.05 Ba\u011f\u0131\u015f ve Yard\u0131m Yoluyla Edinilen Ta\u015f\u0131n\u0131rlar\u0131n Giri\u015f Kay\u0131tlar\u0131 [&hellip;]<\/p>\n","protected":false},"author":687,"featured_media":0,"parent":17082,"menu_order":0,"comment_status":"closed","ping_status":"closed","template":"elementor_header_footer","meta":{"footnotes":""},"class_list":["post-20561","page","type-page","status-publish","hentry"],"_links":{"self":[{"href":"https:\/\/atauni.edu.tr\/tip-fakultesi\/wp-json\/wp\/v2\/pages\/20561","targetHints":{"allow":["GET"]}}],"collection":[{"href":"https:\/\/atauni.edu.tr\/tip-fakultesi\/wp-json\/wp\/v2\/pages"}],"about":[{"href":"https:\/\/atauni.edu.tr\/tip-fakultesi\/wp-json\/wp\/v2\/types\/page"}],"author":[{"embeddable":true,"href":"https:\/\/atauni.edu.tr\/tip-fakultesi\/wp-json\/wp\/v2\/users\/687"}],"replies":[{"embeddable":true,"href":"https:\/\/atauni.edu.tr\/tip-fakultesi\/wp-json\/wp\/v2\/comments?post=20561"}],"version-history":[{"count":7,"href":"https:\/\/atauni.edu.tr\/tip-fakultesi\/wp-json\/wp\/v2\/pages\/20561\/revisions"}],"predecessor-version":[{"id":20810,"href":"https:\/\/atauni.edu.tr\/tip-fakultesi\/wp-json\/wp\/v2\/pages\/20561\/revisions\/20810"}],"up":[{"embeddable":true,"href":"https:\/\/atauni.edu.tr\/tip-fakultesi\/wp-json\/wp\/v2\/pages\/17082"}],"wp:attachment":[{"href":"https:\/\/atauni.edu.tr\/tip-fakultesi\/wp-json\/wp\/v2\/media?parent=20561"}],"curies":[{"name":"wp","href":"https:\/\/api.w.org\/{rel}","templated":true}]}}