{"id":20817,"date":"2026-03-30T17:32:01","date_gmt":"2026-03-30T14:32:01","guid":{"rendered":"https:\/\/atauni.edu.tr\/tip-fakultesi\/?page_id=20817"},"modified":"2026-03-30T17:42:00","modified_gmt":"2026-03-30T14:42:00","slug":"toplumsal-katki-calisma-grubu-nw","status":"publish","type":"page","link":"https:\/\/atauni.edu.tr\/tip-fakultesi\/toplumsal-katki-calisma-grubu-nw\/","title":{"rendered":"Toplumsal Katk\u0131 \u00c7al\u0131\u015fma Grubu (NW)"},"content":{"rendered":"\t\t<div data-elementor-type=\"wp-page\" data-elementor-id=\"20817\" class=\"elementor elementor-20817\" data-elementor-post-type=\"page\">\n\t\t\t\t\t\t<section class=\"elementor-section elementor-top-section elementor-element elementor-element-c1c783c elementor-section-boxed elementor-section-height-default elementor-section-height-default\" data-id=\"c1c783c\" data-element_type=\"section\">\n\t\t\t\t\t\t<div class=\"elementor-container elementor-column-gap-default\">\n\t\t\t\t\t<div class=\"elementor-column elementor-col-100 elementor-top-column elementor-element elementor-element-0e33ccc\" data-id=\"0e33ccc\" data-element_type=\"column\">\n\t\t\t<div class=\"elementor-widget-wrap elementor-element-populated\">\n\t\t\t\t\t\t<div class=\"elementor-element elementor-element-06b5bb9 elementor-tabs-view-vertical elementor-widget elementor-widget-tabs\" data-id=\"06b5bb9\" data-element_type=\"widget\" data-widget_type=\"tabs.default\">\n\t\t\t\t<div class=\"elementor-widget-container\">\n\t\t\t\t\t\t\t<div class=\"elementor-tabs\">\n\t\t\t<div class=\"elementor-tabs-wrapper\" role=\"tablist\" >\n\t\t\t\t\t\t\t\t\t<div id=\"elementor-tab-title-7031\" class=\"elementor-tab-title elementor-tab-desktop-title\" aria-selected=\"true\" data-tab=\"1\" role=\"tab\" tabindex=\"0\" aria-controls=\"elementor-tab-content-7031\" aria-expanded=\"false\">Misyon - Vizyon<\/div>\n\t\t\t\t\t\t\t\t\t<div id=\"elementor-tab-title-7032\" class=\"elementor-tab-title elementor-tab-desktop-title\" aria-selected=\"false\" data-tab=\"2\" role=\"tab\" tabindex=\"-1\" aria-controls=\"elementor-tab-content-7032\" aria-expanded=\"false\">Ama\u00e7 ve Hedefler<\/div>\n\t\t\t\t\t\t\t\t\t<div id=\"elementor-tab-title-7033\" class=\"elementor-tab-title elementor-tab-desktop-title\" aria-selected=\"false\" data-tab=\"3\" role=\"tab\" tabindex=\"-1\" aria-controls=\"elementor-tab-content-7033\" aria-expanded=\"false\">P\u00dcKO D\u00f6ng\u00fcs\u00fc<\/div>\n\t\t\t\t\t\t\t\t\t<div id=\"elementor-tab-title-7034\" class=\"elementor-tab-title elementor-tab-desktop-title\" aria-selected=\"false\" data-tab=\"4\" role=\"tab\" tabindex=\"-1\" aria-controls=\"elementor-tab-content-7034\" aria-expanded=\"false\">\u0130\u00e7 ve D\u0131\u015f Payda\u015flar<\/div>\n\t\t\t\t\t\t\t\t\t<div id=\"elementor-tab-title-7035\" class=\"elementor-tab-title elementor-tab-desktop-title\" aria-selected=\"false\" data-tab=\"5\" role=\"tab\" tabindex=\"-1\" aria-controls=\"elementor-tab-content-7035\" aria-expanded=\"false\">Payda\u015f Hizmet Matriksi<\/div>\n\t\t\t\t\t\t\t\t\t<div id=\"elementor-tab-title-7036\" class=\"elementor-tab-title elementor-tab-desktop-title\" aria-selected=\"false\" data-tab=\"6\" role=\"tab\" tabindex=\"-1\" aria-controls=\"elementor-tab-content-7036\" aria-expanded=\"false\">Toplumsal Katk\u0131 Politikas\u0131<\/div>\n\t\t\t\t\t\t\t\t\t<div id=\"elementor-tab-title-7037\" class=\"elementor-tab-title elementor-tab-desktop-title\" aria-selected=\"false\" data-tab=\"7\" role=\"tab\" tabindex=\"-1\" aria-controls=\"elementor-tab-content-7037\" aria-expanded=\"false\">Y\u00f6neti\u015fim Modeli<\/div>\n\t\t\t\t\t\t\t\t\t<div id=\"elementor-tab-title-7038\" class=\"elementor-tab-title elementor-tab-desktop-title\" aria-selected=\"false\" data-tab=\"8\" role=\"tab\" tabindex=\"-1\" aria-controls=\"elementor-tab-content-7038\" aria-expanded=\"false\">Y\u00fcr\u00fct\u00fclen Dersler<\/div>\n\t\t\t\t\t\t\t\t\t<div id=\"elementor-tab-title-7039\" class=\"elementor-tab-title elementor-tab-desktop-title\" aria-selected=\"false\" data-tab=\"9\" role=\"tab\" tabindex=\"-1\" aria-controls=\"elementor-tab-content-7039\" aria-expanded=\"false\">Toplumsal Katk\u0131 Etkinlikler<\/div>\n\t\t\t\t\t\t\t<\/div>\n\t\t\t<div class=\"elementor-tabs-content-wrapper\" role=\"tablist\" aria-orientation=\"vertical\">\n\t\t\t\t\t\t\t\t\t<div class=\"elementor-tab-title elementor-tab-mobile-title\" aria-selected=\"true\" data-tab=\"1\" role=\"tab\" tabindex=\"0\" aria-controls=\"elementor-tab-content-7031\" aria-expanded=\"false\">Misyon - Vizyon<\/div>\n\t\t\t\t\t<div id=\"elementor-tab-content-7031\" class=\"elementor-tab-content elementor-clearfix\" data-tab=\"1\" role=\"tabpanel\" aria-labelledby=\"elementor-tab-title-7031\" tabindex=\"0\" hidden=\"false\"><p>\u00f6rnek metin\u00a0<\/p><\/div>\n\t\t\t\t\t\t\t\t\t<div class=\"elementor-tab-title elementor-tab-mobile-title\" aria-selected=\"false\" data-tab=\"2\" role=\"tab\" tabindex=\"-1\" aria-controls=\"elementor-tab-content-7032\" aria-expanded=\"false\">Ama\u00e7 ve Hedefler<\/div>\n\t\t\t\t\t<div id=\"elementor-tab-content-7032\" class=\"elementor-tab-content elementor-clearfix\" data-tab=\"2\" role=\"tabpanel\" aria-labelledby=\"elementor-tab-title-7032\" tabindex=\"0\" hidden=\"hidden\"><p>\u00f6rnek metin \u00f6rnek metin \u00f6rnek metin\u00a0<\/p><\/div>\n\t\t\t\t\t\t\t\t\t<div class=\"elementor-tab-title elementor-tab-mobile-title\" aria-selected=\"false\" data-tab=\"3\" role=\"tab\" tabindex=\"-1\" aria-controls=\"elementor-tab-content-7033\" aria-expanded=\"false\">P\u00dcKO D\u00f6ng\u00fcs\u00fc<\/div>\n\t\t\t\t\t<div id=\"elementor-tab-content-7033\" class=\"elementor-tab-content elementor-clearfix\" data-tab=\"3\" role=\"tabpanel\" aria-labelledby=\"elementor-tab-title-7033\" tabindex=\"0\" hidden=\"hidden\"><p>\u00f6rnek metin \u00f6rnek metin \u00f6rnek metin \u00f6rnek metin \u00f6rnek metin \u00f6rnek metin\u00a0<\/p><\/div>\n\t\t\t\t\t\t\t\t\t<div class=\"elementor-tab-title elementor-tab-mobile-title\" aria-selected=\"false\" data-tab=\"4\" role=\"tab\" tabindex=\"-1\" aria-controls=\"elementor-tab-content-7034\" aria-expanded=\"false\">\u0130\u00e7 ve D\u0131\u015f Payda\u015flar<\/div>\n\t\t\t\t\t<div id=\"elementor-tab-content-7034\" class=\"elementor-tab-content elementor-clearfix\" data-tab=\"4\" role=\"tabpanel\" aria-labelledby=\"elementor-tab-title-7034\" tabindex=\"0\" hidden=\"hidden\"><p>\u00f6rnek metin \u00f6rnek metin\u00a0\u00f6rnek metin \u00f6rnek metin \u00f6rnek metin \u00f6rnek metin \u00f6rnek metin \u00f6rnek metin \u00f6rnek metin \u00f6rnek metin\u00a0<\/p><\/div>\n\t\t\t\t\t\t\t\t\t<div class=\"elementor-tab-title elementor-tab-mobile-title\" aria-selected=\"false\" data-tab=\"5\" role=\"tab\" tabindex=\"-1\" aria-controls=\"elementor-tab-content-7035\" aria-expanded=\"false\">Payda\u015f Hizmet Matriksi<\/div>\n\t\t\t\t\t<div id=\"elementor-tab-content-7035\" class=\"elementor-tab-content elementor-clearfix\" data-tab=\"5\" role=\"tabpanel\" aria-labelledby=\"elementor-tab-title-7035\" tabindex=\"0\" hidden=\"hidden\"><p>\u00f6rnek metin \u00f6rnek metin \u00f6rnek metin \u00f6rnek metin \u00f6rnek metin \u00f6rnek metin \u00f6rnek metin \u00f6rnek metin \u00f6rnek metin \u00f6rnek metin\u00a0<\/p><\/div>\n\t\t\t\t\t\t\t\t\t<div class=\"elementor-tab-title elementor-tab-mobile-title\" aria-selected=\"false\" data-tab=\"6\" role=\"tab\" tabindex=\"-1\" aria-controls=\"elementor-tab-content-7036\" aria-expanded=\"false\">Toplumsal Katk\u0131 Politikas\u0131<\/div>\n\t\t\t\t\t<div id=\"elementor-tab-content-7036\" class=\"elementor-tab-content elementor-clearfix\" data-tab=\"6\" role=\"tabpanel\" aria-labelledby=\"elementor-tab-title-7036\" tabindex=\"0\" hidden=\"hidden\"><p data-start=\"3696\" data-end=\"3726\">\u00f6rnek metin \u00f6rnek metin \u00f6rnek metin \u00f6rnek metin \u00f6rnek metin \u00f6rnek metin \u00f6rnek metin \u00f6rnek metin \u00f6rnek metin \u00f6rnek metin \u00f6rnek metin \u00f6rnek metin \u00f6rnek metin\u00a0<\/p><\/div>\n\t\t\t\t\t\t\t\t\t<div class=\"elementor-tab-title elementor-tab-mobile-title\" aria-selected=\"false\" data-tab=\"7\" role=\"tab\" tabindex=\"-1\" aria-controls=\"elementor-tab-content-7037\" aria-expanded=\"false\">Y\u00f6neti\u015fim Modeli<\/div>\n\t\t\t\t\t<div id=\"elementor-tab-content-7037\" class=\"elementor-tab-content elementor-clearfix\" data-tab=\"7\" role=\"tabpanel\" aria-labelledby=\"elementor-tab-title-7037\" tabindex=\"0\" hidden=\"hidden\"><p data-start=\"4353\" data-end=\"4371\">\u00f6rnek metin \u00f6rnek metin \u00f6rnek metin \u00f6rnek metin \u00f6rnek metin \u00f6rnek metin \u00f6rnek metin \u00f6rnek metin \u00f6rnek metin \u00f6rnek metin \u00f6rnek metin \u00f6rnek metin \u00f6rnek metin \u00f6rnek metin\u00a0<\/p><\/div>\n\t\t\t\t\t\t\t\t\t<div class=\"elementor-tab-title elementor-tab-mobile-title\" aria-selected=\"false\" data-tab=\"8\" role=\"tab\" tabindex=\"-1\" aria-controls=\"elementor-tab-content-7038\" aria-expanded=\"false\">Y\u00fcr\u00fct\u00fclen Dersler<\/div>\n\t\t\t\t\t<div id=\"elementor-tab-content-7038\" class=\"elementor-tab-content elementor-clearfix\" data-tab=\"8\" role=\"tabpanel\" aria-labelledby=\"elementor-tab-title-7038\" tabindex=\"0\" hidden=\"hidden\"><p data-start=\"4353\" data-end=\"4371\">\u00f6rnek metin \u00f6rnek metin \u00f6rnek metin \u00f6rnek metin \u00f6rnek metin \u00f6rnek metin \u00f6rnek metin \u00f6rnek metin \u00f6rnek metin \u00f6rnek metin \u00f6rnek metin \u00f6rnek metin \u00f6rnek metin \u00f6rnek metin \u00f6rnek metin \u00f6rnek metin\u00a0<\/p><\/div>\n\t\t\t\t\t\t\t\t\t<div class=\"elementor-tab-title elementor-tab-mobile-title\" aria-selected=\"false\" data-tab=\"9\" role=\"tab\" tabindex=\"-1\" aria-controls=\"elementor-tab-content-7039\" aria-expanded=\"false\">Toplumsal Katk\u0131 Etkinlikler<\/div>\n\t\t\t\t\t<div id=\"elementor-tab-content-7039\" class=\"elementor-tab-content elementor-clearfix\" data-tab=\"9\" role=\"tabpanel\" aria-labelledby=\"elementor-tab-title-7039\" tabindex=\"0\" hidden=\"hidden\"><p data-start=\"4353\" data-end=\"4371\">\u00f6rnek metin \u00f6rnek metin \u00f6rnek metin \u00f6rnek metin \u00f6rnek metin \u00f6rnek metin \u00f6rnek metin \u00f6rnek metin \u00f6rnek metin \u00f6rnek metin \u00f6rnek metin \u00f6rnek metin \u00f6rnek metin \u00f6rnek metin \u00f6rnek metin \u00f6rnek metin \u00f6rnek metin \u00f6rnek metin \u00f6rnek metin \u00f6rnek metin \u00f6rnek metin \u00f6rnek metin \u00f6rnek metin\u00a0<\/p><\/div>\n\t\t\t\t\t\t\t<\/div>\n\t\t<\/div>\n\t\t\t\t\t\t<\/div>\n\t\t\t\t<\/div>\n\t\t\t\t\t<\/div>\n\t\t<\/div>\n\t\t\t\t\t<\/div>\n\t\t<\/section>\n\t\t\t\t<section class=\"elementor-section elementor-top-section elementor-element elementor-element-55a3313 elementor-section-boxed elementor-section-height-default elementor-section-height-default\" data-id=\"55a3313\" data-element_type=\"section\">\n\t\t\t\t\t\t<div class=\"elementor-container elementor-column-gap-default\">\n\t\t\t\t\t<div class=\"elementor-column elementor-col-100 elementor-top-column elementor-element elementor-element-3a99956\" data-id=\"3a99956\" data-element_type=\"column\">\n\t\t\t<div class=\"elementor-widget-wrap elementor-element-populated\">\n\t\t\t\t\t\t<div class=\"elementor-element elementor-element-12c6cf8 elementor-widget elementor-widget-spacer\" data-id=\"12c6cf8\" data-element_type=\"widget\" data-widget_type=\"spacer.default\">\n\t\t\t\t<div class=\"elementor-widget-container\">\n\t\t\t\t\t\t\t<div class=\"elementor-spacer\">\n\t\t\t<div class=\"elementor-spacer-inner\"><\/div>\n\t\t<\/div>\n\t\t\t\t\t\t<\/div>\n\t\t\t\t<\/div>\n\t\t\t\t\t<\/div>\n\t\t<\/div>\n\t\t\t\t\t<\/div>\n\t\t<\/section>\n\t\t\t\t<section class=\"elementor-section elementor-top-section elementor-element elementor-element-4a9a52c elementor-section-boxed elementor-section-height-default elementor-section-height-default\" data-id=\"4a9a52c\" data-element_type=\"section\">\n\t\t\t\t\t\t<div class=\"elementor-container elementor-column-gap-default\">\n\t\t\t\t\t<div class=\"elementor-column elementor-col-100 elementor-top-column elementor-element elementor-element-b3c4885\" data-id=\"b3c4885\" data-element_type=\"column\">\n\t\t\t<div class=\"elementor-widget-wrap elementor-element-populated\">\n\t\t\t\t\t\t<div class=\"elementor-element elementor-element-c4e37a7 elementor-widget elementor-widget-spacer\" data-id=\"c4e37a7\" data-element_type=\"widget\" data-widget_type=\"spacer.default\">\n\t\t\t\t<div class=\"elementor-widget-container\">\n\t\t\t\t\t\t\t<div class=\"elementor-spacer\">\n\t\t\t<div class=\"elementor-spacer-inner\"><\/div>\n\t\t<\/div>\n\t\t\t\t\t\t<\/div>\n\t\t\t\t<\/div>\n\t\t\t\t\t<\/div>\n\t\t<\/div>\n\t\t\t\t\t<\/div>\n\t\t<\/section>\n\t\t\t\t<\/div>\n\t\t","protected":false},"excerpt":{"rendered":"<p>Misyon &#8211; Vizyon Ama\u00e7 ve Hedefler P\u00dcKO D\u00f6ng\u00fcs\u00fc \u0130\u00e7 ve D\u0131\u015f Payda\u015flar Payda\u015f Hizmet Matriksi Toplumsal Katk\u0131 Politikas\u0131 Y\u00f6neti\u015fim Modeli Y\u00fcr\u00fct\u00fclen Dersler Toplumsal Katk\u0131 Etkinlikler Misyon &#8211; Vizyon \u00f6rnek metin\u00a0 Ama\u00e7 ve Hedefler \u00f6rnek metin \u00f6rnek metin \u00f6rnek metin\u00a0 P\u00dcKO D\u00f6ng\u00fcs\u00fc \u00f6rnek metin \u00f6rnek metin \u00f6rnek metin \u00f6rnek metin \u00f6rnek metin \u00f6rnek metin\u00a0 \u0130\u00e7 ve [&hellip;]<\/p>\n","protected":false},"author":687,"featured_media":0,"parent":0,"menu_order":0,"comment_status":"closed","ping_status":"closed","template":"","meta":{"footnotes":""},"class_list":["post-20817","page","type-page","status-publish","hentry"],"_links":{"self":[{"href":"https:\/\/atauni.edu.tr\/tip-fakultesi\/wp-json\/wp\/v2\/pages\/20817","targetHints":{"allow":["GET"]}}],"collection":[{"href":"https:\/\/atauni.edu.tr\/tip-fakultesi\/wp-json\/wp\/v2\/pages"}],"about":[{"href":"https:\/\/atauni.edu.tr\/tip-fakultesi\/wp-json\/wp\/v2\/types\/page"}],"author":[{"embeddable":true,"href":"https:\/\/atauni.edu.tr\/tip-fakultesi\/wp-json\/wp\/v2\/users\/687"}],"replies":[{"embeddable":true,"href":"https:\/\/atauni.edu.tr\/tip-fakultesi\/wp-json\/wp\/v2\/comments?post=20817"}],"version-history":[{"count":4,"href":"https:\/\/atauni.edu.tr\/tip-fakultesi\/wp-json\/wp\/v2\/pages\/20817\/revisions"}],"predecessor-version":[{"id":20822,"href":"https:\/\/atauni.edu.tr\/tip-fakultesi\/wp-json\/wp\/v2\/pages\/20817\/revisions\/20822"}],"wp:attachment":[{"href":"https:\/\/atauni.edu.tr\/tip-fakultesi\/wp-json\/wp\/v2\/media?parent=20817"}],"curies":[{"name":"wp","href":"https:\/\/api.w.org\/{rel}","templated":true}]}}