{"id":21168,"date":"2026-05-05T15:34:43","date_gmt":"2026-05-05T12:34:43","guid":{"rendered":"https:\/\/atauni.edu.tr\/tip-fakultesi\/?page_id=21168"},"modified":"2026-05-10T13:33:31","modified_gmt":"2026-05-10T10:33:31","slug":"iletisim-becerileri-kurulu","status":"publish","type":"page","link":"https:\/\/atauni.edu.tr\/tip-fakultesi\/iletisim-becerileri-kurulu\/","title":{"rendered":"\u0130leti\u015fim Becerileri Kurulu"},"content":{"rendered":"\t\t<div data-elementor-type=\"wp-page\" data-elementor-id=\"21168\" class=\"elementor elementor-21168\" data-elementor-post-type=\"page\">\n\t\t\t\t\t\t<section class=\"elementor-section elementor-top-section elementor-element elementor-element-7eb84a76 elementor-section-boxed elementor-section-height-default elementor-section-height-default\" data-id=\"7eb84a76\" data-element_type=\"section\">\n\t\t\t\t\t\t<div class=\"elementor-container elementor-column-gap-default\">\n\t\t\t\t\t<div class=\"elementor-column elementor-col-100 elementor-top-column elementor-element elementor-element-7a00c4\" data-id=\"7a00c4\" data-element_type=\"column\">\n\t\t\t<div class=\"elementor-widget-wrap elementor-element-populated\">\n\t\t\t\t\t\t<div class=\"elementor-element elementor-element-783b2f42 elementor-widget elementor-widget-text-editor\" data-id=\"783b2f42\" data-element_type=\"widget\" data-widget_type=\"text-editor.default\">\n\t\t\t\t<div class=\"elementor-widget-container\">\n\t\t\t\t\t\t\t\t\t<table style=\"width: 90%;margin: 20px auto;border-collapse: collapse;font-family: Arial, sans-serif\"><thead><tr style=\"background-color: #0d1461;color: white\"><td style=\"padding: 15px;border: 1px solid #E2B887;font-size: 17px;text-align: center\" colspan=\"2\"><strong>\u0130leti\u015fim Becerileri Kurulu<\/strong><\/td><\/tr><tr style=\"background-color: #0d1461;color: white\"><td style=\"padding: 15px;border: 1px solid #E2B887;font-size: 17px;text-align: center\"><strong>Ad\u0131 Soyad\u0131<\/strong><\/td><td style=\"padding: 15px;border: 1px solid #E2B887;font-size: 17px;text-align: center\"><strong>Ana Bilim Dal\u0131<\/strong><\/td><\/tr><\/thead><tbody><tr><td style=\"padding: 15px;border: 1px solid #E2B887;font-size: 17px;color: #555\">Prof. Dr. Hakan USLU\u00a0<strong>(BA\u015eKAN)<\/strong><\/td><td style=\"padding: 15px;border: 1px solid #E2B887;font-size: 17px;color: #555\">T\u0131bbi Mikrobiyoloji<\/td><\/tr><tr><td style=\"padding: 15px;border: 1px solid #E2B887;font-size: 17px;color: #555\">Prof. Dr. Mustafa Talip \u015eENER<\/td><td style=\"padding: 15px;border: 1px solid #E2B887;font-size: 17px;color: #555\">Adli T\u0131p<\/td><\/tr><tr><td style=\"padding: 15px;border: 1px solid #E2B887;font-size: 17px;color: #555\">Prof. Dr. Elif YILMAZEL U\u00c7AR<\/td><td style=\"padding: 15px;border: 1px solid #E2B887;font-size: 17px;color: #555\">G\u00f6\u011f\u00fcs Hastal\u0131klar\u0131<\/td><\/tr><tr><td style=\"padding: 15px;border: 1px solid #E2B887;font-size: 17px;color: #555\">Prof. Dr. Ak\u0131n ERDAL<\/td><td style=\"padding: 15px;border: 1px solid #E2B887;font-size: 17px;color: #555\">Fiziksel T\u0131p ve Rehabilitasyon<\/td><\/tr><tr><td style=\"padding: 15px;border: 1px solid #E2B887;font-size: 17px;color: #555\">Do\u00e7. Dr. Abdulkadir \u015eAH\u0130N<\/td><td style=\"padding: 15px;border: 1px solid #E2B887;font-size: 17px;color: #555\">Kulak Burun ve Bo\u011faz Hastal\u0131klar\u0131<\/td><\/tr><tr><td style=\"padding: 15px;border: 1px solid #E2B887;font-size: 17px;color: #555\">Do\u00e7. Dr. \u00d6zg\u00fcr \u00d6ZMEN<\/td><td style=\"padding: 15px;border: 1px solid #E2B887;font-size: 17px;color: #555\">Anesteziyoloji ve Reanimasyon<\/td><\/tr><tr><td style=\"padding: 15px;border: 1px solid #E2B887;font-size: 17px;color: #555\">Do\u00e7. Dr. Nihal \u0130\u015eLEYEN<\/td><td style=\"padding: 15px;border: 1px solid #E2B887;font-size: 17px;color: #555\">Plastik, Rekonstr\u00fcktif ve Estetik Cerrahi<\/td><\/tr><tr><td style=\"padding: 15px;border: 1px solid #E2B887;font-size: 17px;color: #555\">Do\u00e7. Dr. Esra \u00c7INAR TANRIVERD\u0130<\/td><td style=\"padding: 15px;border: 1px solid #E2B887;font-size: 17px;color: #555\">T\u0131p E\u011fitimi<\/td><\/tr><tr><td style=\"padding: 15px;border: 1px solid #E2B887;font-size: 17px;color: #555\">Do\u00e7. Dr. Fatma TUYGAR OKUTUCU<\/td><td style=\"padding: 15px;border: 1px solid #E2B887;font-size: 17px;color: #555\">Ruh Sa\u011fl\u0131\u011f\u0131 ve Hastal\u0131klar\u0131<\/td><\/tr><tr><td style=\"padding: 15px;border: 1px solid #E2B887;font-size: 17px;color: #555\">Do\u00e7. Dr. P\u0131nar TOSUN TA\u015eAR<\/td><td style=\"padding: 15px;border: 1px solid #E2B887;font-size: 17px;color: #555\">\u0130\u00e7 Hastal\u0131klar\u0131<\/td><\/tr><tr><td style=\"padding: 15px;border: 1px solid #E2B887;font-size: 17px;color: #555\">Do\u00e7. Dr. Hilal KIZILTUN\u00c7 \u00d6ZMEN<\/td><td style=\"padding: 15px;border: 1px solid #E2B887;font-size: 17px;color: #555\">Radyasyon Onkolojisi<\/td><\/tr><tr><td style=\"padding: 15px;border: 1px solid #E2B887;font-size: 17px;color: #555\">Do\u00e7. Dr. Esen YILDIRIM DEM\u0130RD\u00d6\u011eEN<\/td><td style=\"padding: 15px;border: 1px solid #E2B887;font-size: 17px;color: #555\">\u00c7ocuk ve Ergen Ruh Sa\u011fl\u0131\u011f\u0131 ve Hastal\u0131klar\u0131<\/td><\/tr><tr><td style=\"padding: 15px;border: 1px solid #E2B887;font-size: 17px;color: #555\">Dr. \u00d6\u011fr. \u00dcyesi \u0130deal Beraa KARTAL YILMAZ<\/td><td style=\"padding: 15px;border: 1px solid #E2B887;font-size: 17px;color: #555\">Aile Hekimli\u011fi<\/td><\/tr><tr><td style=\"padding: 15px;border: 1px solid #E2B887;font-size: 17px;color: #555\">Macit Bilal AK\u00c7A<\/td><td style=\"padding: 15px;border: 1px solid #E2B887;font-size: 17px;color: #555\">\u00d6\u011frenci Temsilcisi<\/td><\/tr><tr><td style=\"padding: 15px;border: 1px solid #E2B887;font-size: 17px;color: #555\">Asl\u0131 ERSOY<\/td><td style=\"padding: 15px;border: 1px solid #E2B887;font-size: 17px;color: #555\">\u00d6\u011frenci Temsilcisi<\/td><\/tr><\/tbody><\/table>\t\t\t\t\t\t\t\t<\/div>\n\t\t\t\t<\/div>\n\t\t\t\t\t<\/div>\n\t\t<\/div>\n\t\t\t\t\t<\/div>\n\t\t<\/section>\n\t\t\t\t<\/div>\n\t\t","protected":false},"excerpt":{"rendered":"<p>\u0130leti\u015fim Becerileri Kurulu Ad\u0131 Soyad\u0131 Ana Bilim Dal\u0131 Prof. Dr. Hakan USLU\u00a0(BA\u015eKAN) T\u0131bbi Mikrobiyoloji Prof. Dr. Mustafa Talip \u015eENER Adli T\u0131p Prof. Dr. Elif YILMAZEL U\u00c7AR G\u00f6\u011f\u00fcs Hastal\u0131klar\u0131 Prof. Dr. Ak\u0131n ERDAL Fiziksel T\u0131p ve Rehabilitasyon Do\u00e7. Dr. Abdulkadir \u015eAH\u0130N Kulak Burun ve Bo\u011faz Hastal\u0131klar\u0131 Do\u00e7. Dr. \u00d6zg\u00fcr \u00d6ZMEN Anesteziyoloji ve Reanimasyon Do\u00e7. Dr. Nihal [&hellip;]<\/p>\n","protected":false},"author":687,"featured_media":0,"parent":0,"menu_order":0,"comment_status":"closed","ping_status":"closed","template":"","meta":{"footnotes":""},"class_list":["post-21168","page","type-page","status-publish","hentry"],"_links":{"self":[{"href":"https:\/\/atauni.edu.tr\/tip-fakultesi\/wp-json\/wp\/v2\/pages\/21168","targetHints":{"allow":["GET"]}}],"collection":[{"href":"https:\/\/atauni.edu.tr\/tip-fakultesi\/wp-json\/wp\/v2\/pages"}],"about":[{"href":"https:\/\/atauni.edu.tr\/tip-fakultesi\/wp-json\/wp\/v2\/types\/page"}],"author":[{"embeddable":true,"href":"https:\/\/atauni.edu.tr\/tip-fakultesi\/wp-json\/wp\/v2\/users\/687"}],"replies":[{"embeddable":true,"href":"https:\/\/atauni.edu.tr\/tip-fakultesi\/wp-json\/wp\/v2\/comments?post=21168"}],"version-history":[{"count":8,"href":"https:\/\/atauni.edu.tr\/tip-fakultesi\/wp-json\/wp\/v2\/pages\/21168\/revisions"}],"predecessor-version":[{"id":21368,"href":"https:\/\/atauni.edu.tr\/tip-fakultesi\/wp-json\/wp\/v2\/pages\/21168\/revisions\/21368"}],"wp:attachment":[{"href":"https:\/\/atauni.edu.tr\/tip-fakultesi\/wp-json\/wp\/v2\/media?parent=21168"}],"curies":[{"name":"wp","href":"https:\/\/api.w.org\/{rel}","templated":true}]}}