{"id":21217,"date":"2026-05-06T23:47:41","date_gmt":"2026-05-06T20:47:41","guid":{"rendered":"https:\/\/atauni.edu.tr\/tip-fakultesi\/?page_id=21217"},"modified":"2026-05-10T13:42:29","modified_gmt":"2026-05-10T10:42:29","slug":"probleme-dayali-ogrenim-kurulu","status":"publish","type":"page","link":"https:\/\/atauni.edu.tr\/tip-fakultesi\/probleme-dayali-ogrenim-kurulu\/","title":{"rendered":"Probleme Dayal\u0131 \u00d6\u011frenim Kurulu"},"content":{"rendered":"\t\t<div data-elementor-type=\"wp-page\" data-elementor-id=\"21217\" class=\"elementor elementor-21217\" data-elementor-post-type=\"page\">\n\t\t\t\t\t\t<section class=\"elementor-section elementor-top-section elementor-element elementor-element-7a75bbbe elementor-section-boxed elementor-section-height-default elementor-section-height-default\" data-id=\"7a75bbbe\" data-element_type=\"section\">\n\t\t\t\t\t\t<div class=\"elementor-container elementor-column-gap-default\">\n\t\t\t\t\t<div class=\"elementor-column elementor-col-100 elementor-top-column elementor-element elementor-element-538612f2\" data-id=\"538612f2\" data-element_type=\"column\">\n\t\t\t<div class=\"elementor-widget-wrap elementor-element-populated\">\n\t\t\t\t\t\t<div class=\"elementor-element elementor-element-247b01f4 elementor-widget elementor-widget-text-editor\" data-id=\"247b01f4\" data-element_type=\"widget\" data-widget_type=\"text-editor.default\">\n\t\t\t\t<div class=\"elementor-widget-container\">\n\t\t\t\t\t\t\t\t\t<table style=\"width: 90%;margin: 20px auto;border-collapse: collapse;font-family: Arial, sans-serif\"><thead><tr style=\"background-color: #0d1461;color: white\"><td style=\"padding: 15px;border: 1px solid #E2B887;font-size: 17px;text-align: center\" colspan=\"2\"><strong>Probleme Dayal\u0131 \u00d6\u011frenim Kurulu<\/strong><\/td><\/tr><tr style=\"background-color: #0d1461;color: white\"><td style=\"padding: 15px;border: 1px solid #E2B887;font-size: 17px;text-align: center\"><strong>Ad\u0131 Soyad\u0131<\/strong><\/td><td style=\"padding: 15px;border: 1px solid #E2B887;font-size: 17px;text-align: center\"><strong>Ana Bilim Dal\u0131<\/strong><\/td><\/tr><\/thead><tbody><tr style=\"border-bottom: 1px solid #E2B887\"><td style=\"padding: 15px;border: 1px solid #E2B887;font-size: 17px;color: #555\">Prof. Dr. Yasemin \u00c7AYIR, <strong>(Ba\u015fkan)<\/strong><\/td><td style=\"padding: 15px;border: 1px solid #E2B887;font-size: 17px;color: #555\">Aile Hekimli\u011fi<\/td><\/tr><tr style=\"border-bottom: 1px solid #E2B887\"><td style=\"padding: 15px;border: 1px solid #E2B887;font-size: 17px;color: #555\">Prof. Dr. \u00d6mer ARAZ<\/td><td style=\"padding: 15px;border: 1px solid #E2B887;font-size: 17px;color: #555\">G\u00f6\u011f\u00fcs Hastal\u0131klar\u0131<\/td><\/tr><tr style=\"border-bottom: 1px solid #E2B887\"><td style=\"padding: 15px;border: 1px solid #E2B887;font-size: 17px;color: #555\">Prof. Dr. H\u00fclya UZKESER<\/td><td style=\"padding: 15px;border: 1px solid #E2B887;font-size: 17px;color: #555\">Fiziksel T\u0131p ve Rehabilitasyon<\/td><\/tr><tr style=\"border-bottom: 1px solid #E2B887\"><td style=\"padding: 15px;border: 1px solid #E2B887;font-size: 17px;color: #555\">Do\u00e7. Dr. Esra \u00c7INAR TANRIVERD\u0130<\/td><td style=\"padding: 15px;border: 1px solid #E2B887;font-size: 17px;color: #555\">T\u0131p E\u011fitimi<\/td><\/tr><tr style=\"border-bottom: 1px solid #E2B887\"><td style=\"padding: 15px;border: 1px solid #E2B887;font-size: 17px;color: #555\">Do\u00e7. Dr. Sultan Tuna AKG\u00d6L G\u00dcR<\/td><td style=\"padding: 15px;border: 1px solid #E2B887;font-size: 17px;color: #555\">Acil T\u0131p<\/td><\/tr><tr style=\"border-bottom: 1px solid #E2B887\"><td style=\"padding: 15px;border: 1px solid #E2B887;font-size: 17px;color: #555\">Do\u00e7. Dr. Gamze Nur C\u0130M\u0130LL\u0130 \u015eENOCAK<\/td><td style=\"padding: 15px;border: 1px solid #E2B887;font-size: 17px;color: #555\">Kad\u0131n Hastal\u0131klar\u0131 ve Do\u011fum<\/td><\/tr><tr style=\"border-bottom: 1px solid #E2B887\"><td style=\"padding: 15px;border: 1px solid #E2B887;font-size: 17px;color: #555\">Do\u00e7. Dr. Nurhak AKSUNGUR<\/td><td style=\"padding: 15px;border: 1px solid #E2B887;font-size: 17px;color: #555\">Genel Cerrahi<\/td><\/tr><tr style=\"border-bottom: 1px solid #E2B887\"><td style=\"padding: 15px;border: 1px solid #E2B887;font-size: 17px;color: #555\">Do\u00e7. Dr. \u015eaban O\u011fuz DEM\u0130RD\u00d6\u011eEN<\/td><td style=\"padding: 15px;border: 1px solid #E2B887;font-size: 17px;color: #555\">\u00dcroloji<\/td><\/tr><tr style=\"border-bottom: 1px solid #E2B887\"><td style=\"padding: 15px;border: 1px solid #E2B887;font-size: 17px;color: #555\">Do\u00e7. Dr. Zeynep UTLU<\/td><td style=\"padding: 15px;border: 1px solid #E2B887;font-size: 17px;color: #555\">Deri ve Z\u00fchrevi Hastal\u0131klar\u0131<\/td><\/tr><tr style=\"border-bottom: 1px solid #E2B887\"><td style=\"padding: 15px;border: 1px solid #E2B887;font-size: 17px;color: #555\">Do\u00e7. Dr. Ahmet Murat YAYIK<\/td><td style=\"padding: 15px;border: 1px solid #E2B887;font-size: 17px;color: #555\">Anesteziyoloji ve Reanimasyon<\/td><\/tr><tr style=\"border-bottom: 1px solid #E2B887\"><td style=\"padding: 15px;border: 1px solid #E2B887;font-size: 17px;color: #555\">Do\u00e7. Dr. Ali Bilal ULA\u015e<\/td><td style=\"padding: 15px;border: 1px solid #E2B887;font-size: 17px;color: #555\">G\u00f6\u011f\u00fcs Cerrahisi<\/td><\/tr><tr style=\"border-bottom: 1px solid #E2B887\"><td style=\"padding: 15px;border: 1px solid #E2B887;font-size: 17px;color: #555\">Dr. \u00d6\u011fr. \u00dcyesi Adil Furkan KILI\u00c7<\/td><td style=\"padding: 15px;border: 1px solid #E2B887;font-size: 17px;color: #555\">\u0130\u00e7 Hastal\u0131klar\u0131<\/td><\/tr><tr style=\"border-bottom: 1px solid #E2B887\"><td style=\"padding: 15px;border: 1px solid #E2B887;font-size: 17px;color: #555\">Dr. \u00d6\u011fr. \u00dcyesi Tu\u011fba G\u00dcLER<\/td><td style=\"padding: 15px;border: 1px solid #E2B887;font-size: 17px;color: #555\">\u00c7ocuk Sa\u011fl\u0131\u011f\u0131 ve Hastal\u0131klar\u0131<\/td><\/tr><tr style=\"border-bottom: 1px solid #E2B887\"><td style=\"padding: 15px;border: 1px solid #E2B887;font-size: 17px;color: #555\">Dr. \u00d6\u011fr. \u00dcyesi Ezel B\u0130LGE YERL\u0130<\/td><td style=\"padding: 15px;border: 1px solid #E2B887;font-size: 17px;color: #555\">Halk Sa\u011fl\u0131\u011f\u0131<\/td><\/tr><tr style=\"border-bottom: 1px solid #E2B887\"><td style=\"padding: 15px;border: 1px solid #E2B887;font-size: 17px;color: #555\">Elif Ceyda EBE\u015e<\/td><td style=\"padding: 15px;border: 1px solid #E2B887;font-size: 17px;color: #555\">\u00d6\u011frenci Temsilcisi<\/td><\/tr><tr style=\"border-bottom: 1px solid #E2B887\"><td style=\"padding: 15px;border: 1px solid #E2B887;font-size: 17px;color: #555\">Nisa Nur DEM\u0130RAL<\/td><td style=\"padding: 15px;border: 1px solid #E2B887;font-size: 17px;color: #555\">\u00d6\u011frenci Temsilcisi<\/td><\/tr><\/tbody><\/table>\t\t\t\t\t\t\t\t<\/div>\n\t\t\t\t<\/div>\n\t\t\t\t\t<\/div>\n\t\t<\/div>\n\t\t\t\t\t<\/div>\n\t\t<\/section>\n\t\t\t\t<\/div>\n\t\t","protected":false},"excerpt":{"rendered":"<p>Probleme Dayal\u0131 \u00d6\u011frenim Kurulu Ad\u0131 Soyad\u0131 Ana Bilim Dal\u0131 Prof. Dr. Yasemin \u00c7AYIR, (Ba\u015fkan) Aile Hekimli\u011fi Prof. Dr. \u00d6mer ARAZ G\u00f6\u011f\u00fcs Hastal\u0131klar\u0131 Prof. Dr. H\u00fclya UZKESER Fiziksel T\u0131p ve Rehabilitasyon Do\u00e7. Dr. Esra \u00c7INAR TANRIVERD\u0130 T\u0131p E\u011fitimi Do\u00e7. Dr. Sultan Tuna AKG\u00d6L G\u00dcR Acil T\u0131p Do\u00e7. Dr. Gamze Nur C\u0130M\u0130LL\u0130 \u015eENOCAK Kad\u0131n Hastal\u0131klar\u0131 ve Do\u011fum [&hellip;]<\/p>\n","protected":false},"author":687,"featured_media":0,"parent":0,"menu_order":0,"comment_status":"closed","ping_status":"closed","template":"","meta":{"footnotes":""},"class_list":["post-21217","page","type-page","status-publish","hentry"],"_links":{"self":[{"href":"https:\/\/atauni.edu.tr\/tip-fakultesi\/wp-json\/wp\/v2\/pages\/21217","targetHints":{"allow":["GET"]}}],"collection":[{"href":"https:\/\/atauni.edu.tr\/tip-fakultesi\/wp-json\/wp\/v2\/pages"}],"about":[{"href":"https:\/\/atauni.edu.tr\/tip-fakultesi\/wp-json\/wp\/v2\/types\/page"}],"author":[{"embeddable":true,"href":"https:\/\/atauni.edu.tr\/tip-fakultesi\/wp-json\/wp\/v2\/users\/687"}],"replies":[{"embeddable":true,"href":"https:\/\/atauni.edu.tr\/tip-fakultesi\/wp-json\/wp\/v2\/comments?post=21217"}],"version-history":[{"count":10,"href":"https:\/\/atauni.edu.tr\/tip-fakultesi\/wp-json\/wp\/v2\/pages\/21217\/revisions"}],"predecessor-version":[{"id":21372,"href":"https:\/\/atauni.edu.tr\/tip-fakultesi\/wp-json\/wp\/v2\/pages\/21217\/revisions\/21372"}],"wp:attachment":[{"href":"https:\/\/atauni.edu.tr\/tip-fakultesi\/wp-json\/wp\/v2\/media?parent=21217"}],"curies":[{"name":"wp","href":"https:\/\/api.w.org\/{rel}","templated":true}]}}