{"id":21242,"date":"2026-05-07T00:10:18","date_gmt":"2026-05-06T21:10:18","guid":{"rendered":"https:\/\/atauni.edu.tr\/tip-fakultesi\/?page_id=21242"},"modified":"2026-05-10T13:48:53","modified_gmt":"2026-05-10T10:48:53","slug":"klinik-beceri-egitimi-kurulu","status":"publish","type":"page","link":"https:\/\/atauni.edu.tr\/tip-fakultesi\/klinik-beceri-egitimi-kurulu\/","title":{"rendered":"Klinik Beceri E\u011fitimi Kurulu"},"content":{"rendered":"\t\t<div data-elementor-type=\"wp-page\" data-elementor-id=\"21242\" class=\"elementor elementor-21242\" data-elementor-post-type=\"page\">\n\t\t\t\t\t\t<section class=\"elementor-section elementor-top-section elementor-element elementor-element-4ccd29a2 elementor-section-boxed elementor-section-height-default elementor-section-height-default\" data-id=\"4ccd29a2\" data-element_type=\"section\">\n\t\t\t\t\t\t<div class=\"elementor-container elementor-column-gap-default\">\n\t\t\t\t\t<div class=\"elementor-column elementor-col-100 elementor-top-column elementor-element elementor-element-735f6bf4\" data-id=\"735f6bf4\" data-element_type=\"column\">\n\t\t\t<div class=\"elementor-widget-wrap elementor-element-populated\">\n\t\t\t\t\t\t<div class=\"elementor-element elementor-element-72ae8037 elementor-widget elementor-widget-text-editor\" data-id=\"72ae8037\" data-element_type=\"widget\" data-widget_type=\"text-editor.default\">\n\t\t\t\t<div class=\"elementor-widget-container\">\n\t\t\t\t\t\t\t\t\t<table style=\"width: 90%;margin: 20px auto;border-collapse: collapse;font-family: Arial, sans-serif\"><thead><tr style=\"background-color: #0d1461;color: white\"><td style=\"padding: 15px;border: 1px solid #E2B887;font-size: 17px;text-align: center\" colspan=\"2\"><strong>Klinik Beceri E\u011fitimi Kurulu<\/strong><\/td><\/tr><tr style=\"background-color: #0d1461;color: white\"><td style=\"padding: 15px;border: 1px solid #E2B887;font-size: 17px;text-align: center\"><strong>Ad\u0131 Soyad\u0131<\/strong><\/td><td style=\"padding: 15px;border: 1px solid #E2B887;font-size: 17px;text-align: center\"><strong>Ana Bilim Dal\u0131<\/strong><\/td><\/tr><\/thead><tbody><tr style=\"border-bottom: 1px solid #E2B887\"><td style=\"padding: 15px;border: 1px solid #E2B887;font-size: 17px;color: #555\">Do\u00e7. Dr. Esra \u00c7INAR TANRIVERD\u0130, <strong>(Ba\u015fkan)<\/strong><\/td><td style=\"padding: 15px;border: 1px solid #E2B887;font-size: 17px;color: #555\">T\u0131p E\u011fitimi<\/td><\/tr><tr style=\"border-bottom: 1px solid #E2B887\"><td style=\"padding: 15px;border: 1px solid #E2B887;font-size: 17px;color: #555\">Prof. Dr. Arzu TATAR<\/td><td style=\"padding: 15px;border: 1px solid #E2B887;font-size: 17px;color: #555\">Kulak Burun ve Bo\u011faz Hastal\u0131klar\u0131<\/td><\/tr><tr style=\"border-bottom: 1px solid #E2B887\"><td style=\"padding: 15px;border: 1px solid #E2B887;font-size: 17px;color: #555\">Prof. Dr. Fatih \u00d6ZKAYA<\/td><td style=\"padding: 15px;border: 1px solid #E2B887;font-size: 17px;color: #555\">\u00dcroloji<\/td><\/tr><tr style=\"border-bottom: 1px solid #E2B887\"><td style=\"padding: 15px;border: 1px solid #E2B887;font-size: 17px;color: #555\">Do\u00e7. Dr. \u0130rem ATE\u015e<\/td><td style=\"padding: 15px;border: 1px solid #E2B887;font-size: 17px;color: #555\">Anesteziyoloji ve Reanimasyon<\/td><\/tr><tr style=\"border-bottom: 1px solid #E2B887\"><td style=\"padding: 15px;border: 1px solid #E2B887;font-size: 17px;color: #555\">Do\u00e7. Dr. G\u00f6khan CEYHUN<\/td><td style=\"padding: 15px;border: 1px solid #E2B887;font-size: 17px;color: #555\">Kardiyoloji<\/td><\/tr><tr style=\"border-bottom: 1px solid #E2B887\"><td style=\"padding: 15px;border: 1px solid #E2B887;font-size: 17px;color: #555\">Do\u00e7. Dr. B\u00fclent ALBAYRAK<\/td><td style=\"padding: 15px;border: 1px solid #E2B887;font-size: 17px;color: #555\">\u0130\u00e7 Hastal\u0131klar\u0131<\/td><\/tr><tr style=\"border-bottom: 1px solid #E2B887\"><td style=\"padding: 15px;border: 1px solid #E2B887;font-size: 17px;color: #555\">Do\u00e7. Dr. Emsal P\u0131nar TOPDA\u011eI YILMAZ<\/td><td style=\"padding: 15px;border: 1px solid #E2B887;font-size: 17px;color: #555\">Kad\u0131n Hastal\u0131klar\u0131 ve Do\u011fum<\/td><\/tr><tr style=\"border-bottom: 1px solid #E2B887\"><td style=\"padding: 15px;border: 1px solid #E2B887;font-size: 17px;color: #555\">Do\u00e7. Dr. Murat KARTAL<\/td><td style=\"padding: 15px;border: 1px solid #E2B887;font-size: 17px;color: #555\">Genel Cerrahi<\/td><\/tr><tr style=\"border-bottom: 1px solid #E2B887\"><td style=\"padding: 15px;border: 1px solid #E2B887;font-size: 17px;color: #555\">Do\u00e7. Dr. Fatih BAYGUTALP<\/td><td style=\"padding: 15px;border: 1px solid #E2B887;font-size: 17px;color: #555\">Fiziksel T\u0131p ve Rehabilitasyon<\/td><\/tr><tr style=\"border-bottom: 1px solid #E2B887\"><td style=\"padding: 15px;border: 1px solid #E2B887;font-size: 17px;color: #555\">Dr. \u00d6\u011fr. \u00dcyesi Alper EREN<\/td><td style=\"padding: 15px;border: 1px solid #E2B887;font-size: 17px;color: #555\">N\u00f6roloji<\/td><\/tr><tr style=\"border-bottom: 1px solid #E2B887\"><td style=\"padding: 15px;border: 1px solid #E2B887;font-size: 17px;color: #555\">Dr. \u00d6\u011fr. \u00dcyesi Mevlana G\u00dcL<\/td><td style=\"padding: 15px;border: 1px solid #E2B887;font-size: 17px;color: #555\">Acil T\u0131p<\/td><\/tr><tr style=\"border-bottom: 1px solid #E2B887\"><td style=\"padding: 15px;border: 1px solid #E2B887;font-size: 17px;color: #555\">Dr. \u00d6\u011fr. \u00dcyesi Turgay ARAS<\/td><td style=\"padding: 15px;border: 1px solid #E2B887;font-size: 17px;color: #555\">\u00c7ocuk Sa\u011fl\u0131\u011f\u0131 ve Hastal\u0131klar\u0131<\/td><\/tr><tr style=\"border-bottom: 1px solid #E2B887\"><td style=\"padding: 15px;border: 1px solid #E2B887;font-size: 17px;color: #555\">Dr. \u00d6\u011fr. \u00dcyesi Mehmet Akif NAS<\/td><td style=\"padding: 15px;border: 1px solid #E2B887;font-size: 17px;color: #555\">Aile Hekimli\u011fi<\/td><\/tr><tr style=\"border-bottom: 1px solid #E2B887\"><td style=\"padding: 15px;border: 1px solid #E2B887;font-size: 17px;color: #555\">Dr. \u00d6\u011fr. \u00dcyesi Ay\u015fe ALBAYRAK<\/td><td style=\"padding: 15px;border: 1px solid #E2B887;font-size: 17px;color: #555\">Acil T\u0131p<\/td><\/tr><tr style=\"border-bottom: 1px solid #E2B887\"><td style=\"padding: 15px;border: 1px solid #E2B887;font-size: 17px;color: #555\">Hilal Nur YILDIZ<\/td><td style=\"padding: 15px;border: 1px solid #E2B887;font-size: 17px;color: #555\">\u00d6\u011frenci Temsilcisi<\/td><\/tr><tr style=\"border-bottom: 1px solid #E2B887\"><td style=\"padding: 15px;border: 1px solid #E2B887;font-size: 17px;color: #555\">Yusuf KAYA<\/td><td style=\"padding: 15px;border: 1px solid #E2B887;font-size: 17px;color: #555\">\u00d6\u011frenci Temsilcisi<\/td><\/tr><\/tbody><\/table>\t\t\t\t\t\t\t\t<\/div>\n\t\t\t\t<\/div>\n\t\t\t\t\t<\/div>\n\t\t<\/div>\n\t\t\t\t\t<\/div>\n\t\t<\/section>\n\t\t\t\t<\/div>\n\t\t","protected":false},"excerpt":{"rendered":"<p>Klinik Beceri E\u011fitimi Kurulu Ad\u0131 Soyad\u0131 Ana Bilim Dal\u0131 Do\u00e7. Dr. Esra \u00c7INAR TANRIVERD\u0130, (Ba\u015fkan) T\u0131p E\u011fitimi Prof. Dr. Arzu TATAR Kulak Burun ve Bo\u011faz Hastal\u0131klar\u0131 Prof. Dr. Fatih \u00d6ZKAYA \u00dcroloji Do\u00e7. Dr. \u0130rem ATE\u015e Anesteziyoloji ve Reanimasyon Do\u00e7. Dr. G\u00f6khan CEYHUN Kardiyoloji Do\u00e7. Dr. B\u00fclent ALBAYRAK \u0130\u00e7 Hastal\u0131klar\u0131 Do\u00e7. Dr. Emsal P\u0131nar TOPDA\u011eI YILMAZ [&hellip;]<\/p>\n","protected":false},"author":687,"featured_media":0,"parent":0,"menu_order":0,"comment_status":"closed","ping_status":"closed","template":"","meta":{"footnotes":""},"class_list":["post-21242","page","type-page","status-publish","hentry"],"_links":{"self":[{"href":"https:\/\/atauni.edu.tr\/tip-fakultesi\/wp-json\/wp\/v2\/pages\/21242","targetHints":{"allow":["GET"]}}],"collection":[{"href":"https:\/\/atauni.edu.tr\/tip-fakultesi\/wp-json\/wp\/v2\/pages"}],"about":[{"href":"https:\/\/atauni.edu.tr\/tip-fakultesi\/wp-json\/wp\/v2\/types\/page"}],"author":[{"embeddable":true,"href":"https:\/\/atauni.edu.tr\/tip-fakultesi\/wp-json\/wp\/v2\/users\/687"}],"replies":[{"embeddable":true,"href":"https:\/\/atauni.edu.tr\/tip-fakultesi\/wp-json\/wp\/v2\/comments?post=21242"}],"version-history":[{"count":10,"href":"https:\/\/atauni.edu.tr\/tip-fakultesi\/wp-json\/wp\/v2\/pages\/21242\/revisions"}],"predecessor-version":[{"id":21378,"href":"https:\/\/atauni.edu.tr\/tip-fakultesi\/wp-json\/wp\/v2\/pages\/21242\/revisions\/21378"}],"wp:attachment":[{"href":"https:\/\/atauni.edu.tr\/tip-fakultesi\/wp-json\/wp\/v2\/media?parent=21242"}],"curies":[{"name":"wp","href":"https:\/\/api.w.org\/{rel}","templated":true}]}}