{"id":21251,"date":"2026-05-07T00:15:13","date_gmt":"2026-05-06T21:15:13","guid":{"rendered":"https:\/\/atauni.edu.tr\/tip-fakultesi\/?page_id=21251"},"modified":"2026-05-10T13:52:10","modified_gmt":"2026-05-10T10:52:10","slug":"kanita-dayali-tip-kurulu","status":"publish","type":"page","link":"https:\/\/atauni.edu.tr\/tip-fakultesi\/kanita-dayali-tip-kurulu\/","title":{"rendered":"Kan\u0131ta Dayal\u0131 T\u0131p Kurulu"},"content":{"rendered":"\t\t<div data-elementor-type=\"wp-page\" data-elementor-id=\"21251\" class=\"elementor elementor-21251\" data-elementor-post-type=\"page\">\n\t\t\t\t\t\t<section class=\"elementor-section elementor-top-section elementor-element elementor-element-58948192 elementor-section-boxed elementor-section-height-default elementor-section-height-default\" data-id=\"58948192\" data-element_type=\"section\">\n\t\t\t\t\t\t<div class=\"elementor-container elementor-column-gap-default\">\n\t\t\t\t\t<div class=\"elementor-column elementor-col-100 elementor-top-column elementor-element elementor-element-64f8f42d\" data-id=\"64f8f42d\" data-element_type=\"column\">\n\t\t\t<div class=\"elementor-widget-wrap elementor-element-populated\">\n\t\t\t\t\t\t<div class=\"elementor-element elementor-element-6c201bc0 elementor-widget elementor-widget-text-editor\" data-id=\"6c201bc0\" data-element_type=\"widget\" data-widget_type=\"text-editor.default\">\n\t\t\t\t<div class=\"elementor-widget-container\">\n\t\t\t\t\t\t\t\t\t<table style=\"width: 90%;margin: 20px auto;border-collapse: collapse;font-family: Arial, sans-serif\"><thead><tr style=\"background-color: #0d1461;color: white\"><td style=\"padding: 15px;border: 1px solid #E2B887;font-size: 17px;text-align: center\" colspan=\"2\"><strong>Kan\u0131ta Dayal\u0131 T\u0131p Kurulu<\/strong><\/td><\/tr><tr style=\"background-color: #0d1461;color: white\"><td style=\"padding: 15px;border: 1px solid #E2B887;font-size: 17px;text-align: center\"><strong>Ad\u0131 Soyad\u0131<\/strong><\/td><td style=\"padding: 15px;border: 1px solid #E2B887;font-size: 17px;text-align: center\"><strong>Ana Bilim Dal\u0131<\/strong><\/td><\/tr><\/thead><tbody><tr style=\"border-bottom: 1px solid #E2B887\"><td style=\"padding: 15px;border: 1px solid #E2B887;font-size: 17px;color: #555\">Prof. Dr. Ahmet Nezih K\u00d6K, <strong>(Ba\u015fkan)<\/strong><\/td><td style=\"padding: 15px;border: 1px solid #E2B887;font-size: 17px;color: #555\">Adli T\u0131p<\/td><\/tr><tr style=\"border-bottom: 1px solid #E2B887\"><td style=\"padding: 15px;border: 1px solid #E2B887;font-size: 17px;color: #555\">Prof. Dr. \u00d6mer ARAZ<\/td><td style=\"padding: 15px;border: 1px solid #E2B887;font-size: 17px;color: #555\">G\u00f6\u011f\u00fcs Hastal\u0131klar\u0131<\/td><\/tr><tr style=\"border-bottom: 1px solid #E2B887\"><td style=\"padding: 15px;border: 1px solid #E2B887;font-size: 17px;color: #555\">Prof. Dr. Elif DEM\u0130RC\u0130<\/td><td style=\"padding: 15px;border: 1px solid #E2B887;font-size: 17px;color: #555\">T\u0131bbi Patoloji<\/td><\/tr><tr style=\"border-bottom: 1px solid #E2B887\"><td style=\"padding: 15px;border: 1px solid #E2B887;font-size: 17px;color: #555\">Prof. Dr. Halil \u00d6ZCAN<\/td><td style=\"padding: 15px;border: 1px solid #E2B887;font-size: 17px;color: #555\">Ruh Sa\u011fl\u0131\u011f\u0131 ve Hastal\u0131klar\u0131<\/td><\/tr><tr style=\"border-bottom: 1px solid #E2B887\"><td style=\"padding: 15px;border: 1px solid #E2B887;font-size: 17px;color: #555\">Prof. Dr. Abdulgani TATAR<\/td><td style=\"padding: 15px;border: 1px solid #E2B887;font-size: 17px;color: #555\">T\u0131bbi Genetik<\/td><\/tr><tr style=\"border-bottom: 1px solid #E2B887\"><td style=\"padding: 15px;border: 1px solid #E2B887;font-size: 17px;color: #555\">Do\u00e7. Dr. Esra \u00c7INAR TANRIVERD\u0130<\/td><td style=\"padding: 15px;border: 1px solid #E2B887;font-size: 17px;color: #555\">T\u0131p E\u011fitimi<\/td><\/tr><tr style=\"border-bottom: 1px solid #E2B887\"><td style=\"padding: 15px;border: 1px solid #E2B887;font-size: 17px;color: #555\">Do\u00e7. Dr. Yavuzer KOZA<\/td><td style=\"padding: 15px;border: 1px solid #E2B887;font-size: 17px;color: #555\">Kardiyoloji<\/td><\/tr><tr style=\"border-bottom: 1px solid #E2B887\"><td style=\"padding: 15px;border: 1px solid #E2B887;font-size: 17px;color: #555\">Do\u00e7. Dr. Zafer BAYRAKTUTAN<\/td><td style=\"padding: 15px;border: 1px solid #E2B887;font-size: 17px;color: #555\">T\u0131bbi Biyokimya<\/td><\/tr><tr style=\"border-bottom: 1px solid #E2B887\"><td style=\"padding: 15px;border: 1px solid #E2B887;font-size: 17px;color: #555\">Do\u00e7. Dr. Elif G\u00d6ZGE\u00c7<\/td><td style=\"padding: 15px;border: 1px solid #E2B887;font-size: 17px;color: #555\">Radyoloji<\/td><\/tr><tr style=\"border-bottom: 1px solid #E2B887\"><td style=\"padding: 15px;border: 1px solid #E2B887;font-size: 17px;color: #555\">Dr. \u00d6\u011fr. \u00dcyesi Naz\u0131m KIZILDA\u011e<\/td><td style=\"padding: 15px;border: 1px solid #E2B887;font-size: 17px;color: #555\">N\u00f6roloji<\/td><\/tr><tr style=\"border-bottom: 1px solid #E2B887\"><td style=\"padding: 15px;border: 1px solid #E2B887;font-size: 17px;color: #555\">Dr. \u00d6\u011fr. \u00dcyesi Kamber KA\u015eAL\u0130<\/td><td style=\"padding: 15px;border: 1px solid #E2B887;font-size: 17px;color: #555\">Biyoistatistik ve T\u0131bbi Bili\u015fim<\/td><\/tr><tr style=\"border-bottom: 1px solid #E2B887\"><td style=\"padding: 15px;border: 1px solid #E2B887;font-size: 17px;color: #555\">Say\u0131n \u0130rem G\u00dcNER\u0130G\u00d6K<\/td><td style=\"padding: 15px;border: 1px solid #E2B887;font-size: 17px;color: #555\">\u00d6\u011frenci Temsilcisi<\/td><\/tr><tr style=\"border-bottom: 1px solid #E2B887\"><td style=\"padding: 15px;border: 1px solid #E2B887;font-size: 17px;color: #555\">Say\u0131n Kaan KAVAS<\/td><td style=\"padding: 15px;border: 1px solid #E2B887;font-size: 17px;color: #555\">\u00d6\u011frenci Temsilcisi<\/td><\/tr><\/tbody><\/table>\t\t\t\t\t\t\t\t<\/div>\n\t\t\t\t<\/div>\n\t\t\t\t\t<\/div>\n\t\t<\/div>\n\t\t\t\t\t<\/div>\n\t\t<\/section>\n\t\t\t\t<\/div>\n\t\t","protected":false},"excerpt":{"rendered":"<p>Kan\u0131ta Dayal\u0131 T\u0131p Kurulu Ad\u0131 Soyad\u0131 Ana Bilim Dal\u0131 Prof. Dr. Ahmet Nezih K\u00d6K, (Ba\u015fkan) Adli T\u0131p Prof. Dr. \u00d6mer ARAZ G\u00f6\u011f\u00fcs Hastal\u0131klar\u0131 Prof. Dr. Elif DEM\u0130RC\u0130 T\u0131bbi Patoloji Prof. Dr. Halil \u00d6ZCAN Ruh Sa\u011fl\u0131\u011f\u0131 ve Hastal\u0131klar\u0131 Prof. Dr. Abdulgani TATAR T\u0131bbi Genetik Do\u00e7. Dr. Esra \u00c7INAR TANRIVERD\u0130 T\u0131p E\u011fitimi Do\u00e7. Dr. Yavuzer KOZA Kardiyoloji [&hellip;]<\/p>\n","protected":false},"author":687,"featured_media":0,"parent":0,"menu_order":0,"comment_status":"closed","ping_status":"closed","template":"","meta":{"footnotes":""},"class_list":["post-21251","page","type-page","status-publish","hentry"],"_links":{"self":[{"href":"https:\/\/atauni.edu.tr\/tip-fakultesi\/wp-json\/wp\/v2\/pages\/21251","targetHints":{"allow":["GET"]}}],"collection":[{"href":"https:\/\/atauni.edu.tr\/tip-fakultesi\/wp-json\/wp\/v2\/pages"}],"about":[{"href":"https:\/\/atauni.edu.tr\/tip-fakultesi\/wp-json\/wp\/v2\/types\/page"}],"author":[{"embeddable":true,"href":"https:\/\/atauni.edu.tr\/tip-fakultesi\/wp-json\/wp\/v2\/users\/687"}],"replies":[{"embeddable":true,"href":"https:\/\/atauni.edu.tr\/tip-fakultesi\/wp-json\/wp\/v2\/comments?post=21251"}],"version-history":[{"count":7,"href":"https:\/\/atauni.edu.tr\/tip-fakultesi\/wp-json\/wp\/v2\/pages\/21251\/revisions"}],"predecessor-version":[{"id":21381,"href":"https:\/\/atauni.edu.tr\/tip-fakultesi\/wp-json\/wp\/v2\/pages\/21251\/revisions\/21381"}],"wp:attachment":[{"href":"https:\/\/atauni.edu.tr\/tip-fakultesi\/wp-json\/wp\/v2\/media?parent=21251"}],"curies":[{"name":"wp","href":"https:\/\/api.w.org\/{rel}","templated":true}]}}