{"id":21272,"date":"2026-05-07T00:37:31","date_gmt":"2026-05-06T21:37:31","guid":{"rendered":"https:\/\/atauni.edu.tr\/tip-fakultesi\/?page_id=21272"},"modified":"2026-05-07T00:38:11","modified_gmt":"2026-05-06T21:38:11","slug":"bilisim-hizmetleri-koordinatorlugu","status":"publish","type":"page","link":"https:\/\/atauni.edu.tr\/tip-fakultesi\/anasayfa1\/fakultemiz\/kurullar-ve-komisyonlar\/bilisim-hizmetleri-koordinatorlugu\/","title":{"rendered":"Bili\u015fim Hizmetleri Koordinat\u00f6rl\u00fc\u011f\u00fc"},"content":{"rendered":"\t\t<div data-elementor-type=\"wp-page\" data-elementor-id=\"21272\" class=\"elementor elementor-21272\" data-elementor-post-type=\"page\">\n\t\t\t\t\t\t<section class=\"elementor-section elementor-top-section elementor-element elementor-element-18d47c7a elementor-section-boxed elementor-section-height-default elementor-section-height-default\" data-id=\"18d47c7a\" data-element_type=\"section\">\n\t\t\t\t\t\t<div class=\"elementor-container elementor-column-gap-default\">\n\t\t\t\t\t<div class=\"elementor-column elementor-col-100 elementor-top-column elementor-element elementor-element-64120ee6\" data-id=\"64120ee6\" data-element_type=\"column\">\n\t\t\t<div class=\"elementor-widget-wrap elementor-element-populated\">\n\t\t\t\t\t\t<div class=\"elementor-element elementor-element-60dae991 elementor-widget elementor-widget-text-editor\" data-id=\"60dae991\" data-element_type=\"widget\" data-widget_type=\"text-editor.default\">\n\t\t\t\t<div class=\"elementor-widget-container\">\n\t\t\t\t\t\t\t\t\t<table style=\"width: 90%;margin: 20px auto;border-collapse: collapse;font-family: Arial, sans-serif\">\n<thead>\n<tr style=\"background-color: #0d1461;color: white\">\n<td style=\"padding: 15px;border: 1px solid #E2B887;font-size: 17px;text-align: center\" colspan=\"2\"><strong>B\u0130L\u0130\u015e\u0130M H\u0130ZMETLER\u0130 KOORD\u0130NAT\u00d6RL\u00dc\u011e\u00dc<\/strong><\/td>\n<\/tr>\n<tr style=\"background-color: #0d1461;color: white\">\n<td style=\"padding: 15px;border: 1px solid #E2B887;font-size: 17px;text-align: center\"><strong>\u00dcNVANI-ADI VE SOYADI<\/strong><\/td>\n<td style=\"padding: 15px;border: 1px solid #E2B887;font-size: 17px;text-align: center\"><strong>G\u00d6REV\u0130<\/strong><\/td>\n<\/tr>\n<\/thead>\n<tbody>\n<tr>\n<td style=\"padding: 15px;border: 1px solid #E2B887;font-size: 17px;color: #555\">Prof. Dr. Aysenur DOSTB\u0130L<\/td>\n<td style=\"padding: 15px;border: 1px solid #E2B887;font-size: 17px;color: #555\">Koordinat\u00f6r<\/td>\n<\/tr>\n<tr>\n<td style=\"padding: 15px;border: 1px solid #E2B887;font-size: 17px;color: #555\">Do\u00e7. Dr. Ali G\u00dcR<\/td>\n<td style=\"padding: 15px;border: 1px solid #E2B887;font-size: 17px;color: #555\">Koordinat\u00f6r Yard\u0131mc\u0131s\u0131<\/td>\n<\/tr>\n<tr>\n<td style=\"padding: 15px;border: 1px solid #E2B887;font-size: 17px;color: #555\">Dr. \u00d6\u011fr. \u00dcyesi Kamber KA\u015eAL\u0130<\/td>\n<td style=\"padding: 15px;border: 1px solid #E2B887;font-size: 17px;color: #555\">Koordinat\u00f6r Yard\u0131mc\u0131s\u0131<\/td>\n<\/tr>\n<\/tbody>\n<\/table>\t\t\t\t\t\t\t\t<\/div>\n\t\t\t\t<\/div>\n\t\t\t\t\t<\/div>\n\t\t<\/div>\n\t\t\t\t\t<\/div>\n\t\t<\/section>\n\t\t\t\t<\/div>\n\t\t","protected":false},"excerpt":{"rendered":"<p>B\u0130L\u0130\u015e\u0130M H\u0130ZMETLER\u0130 KOORD\u0130NAT\u00d6RL\u00dc\u011e\u00dc \u00dcNVANI-ADI VE SOYADI G\u00d6REV\u0130 Prof. Dr. Aysenur DOSTB\u0130L Koordinat\u00f6r Do\u00e7. Dr. Ali G\u00dcR Koordinat\u00f6r Yard\u0131mc\u0131s\u0131 Dr. \u00d6\u011fr. \u00dcyesi Kamber KA\u015eAL\u0130 Koordinat\u00f6r Yard\u0131mc\u0131s\u0131<\/p>\n","protected":false},"author":687,"featured_media":0,"parent":12687,"menu_order":0,"comment_status":"closed","ping_status":"closed","template":"","meta":{"footnotes":""},"class_list":["post-21272","page","type-page","status-publish","hentry"],"_links":{"self":[{"href":"https:\/\/atauni.edu.tr\/tip-fakultesi\/wp-json\/wp\/v2\/pages\/21272","targetHints":{"allow":["GET"]}}],"collection":[{"href":"https:\/\/atauni.edu.tr\/tip-fakultesi\/wp-json\/wp\/v2\/pages"}],"about":[{"href":"https:\/\/atauni.edu.tr\/tip-fakultesi\/wp-json\/wp\/v2\/types\/page"}],"author":[{"embeddable":true,"href":"https:\/\/atauni.edu.tr\/tip-fakultesi\/wp-json\/wp\/v2\/users\/687"}],"replies":[{"embeddable":true,"href":"https:\/\/atauni.edu.tr\/tip-fakultesi\/wp-json\/wp\/v2\/comments?post=21272"}],"version-history":[{"count":4,"href":"https:\/\/atauni.edu.tr\/tip-fakultesi\/wp-json\/wp\/v2\/pages\/21272\/revisions"}],"predecessor-version":[{"id":21276,"href":"https:\/\/atauni.edu.tr\/tip-fakultesi\/wp-json\/wp\/v2\/pages\/21272\/revisions\/21276"}],"up":[{"embeddable":true,"href":"https:\/\/atauni.edu.tr\/tip-fakultesi\/wp-json\/wp\/v2\/pages\/12687"}],"wp:attachment":[{"href":"https:\/\/atauni.edu.tr\/tip-fakultesi\/wp-json\/wp\/v2\/media?parent=21272"}],"curies":[{"name":"wp","href":"https:\/\/api.w.org\/{rel}","templated":true}]}}