{"id":7629,"date":"2026-04-09T11:02:24","date_gmt":"2026-04-09T08:02:24","guid":{"rendered":"https:\/\/atauni.edu.tr\/toplumsal-duyarlilik-projeleri-uygulama-ve-arastirma-merkezi\/?page_id=7629"},"modified":"2026-04-09T11:02:35","modified_gmt":"2026-04-09T08:02:35","slug":"yonetimin-mesaji","status":"publish","type":"page","link":"https:\/\/atauni.edu.tr\/toplumsal-duyarlilik-projeleri-uygulama-ve-arastirma-merkezi\/yonetimin-mesaji\/","title":{"rendered":"Y\u00f6netimin Mesaj\u0131"},"content":{"rendered":"\t\t<div data-elementor-type=\"wp-page\" data-elementor-id=\"7629\" class=\"elementor elementor-7629\" data-elementor-post-type=\"page\">\n\t\t\t\t\t\t<section class=\"elementor-section elementor-top-section elementor-element elementor-element-18d9a6f elementor-section-boxed elementor-section-height-default elementor-section-height-default\" data-id=\"18d9a6f\" data-element_type=\"section\">\n\t\t\t\t\t\t<div class=\"elementor-container elementor-column-gap-default\">\n\t\t\t\t\t<div class=\"elementor-column elementor-col-100 elementor-top-column elementor-element elementor-element-24e0363\" data-id=\"24e0363\" data-element_type=\"column\">\n\t\t\t<div class=\"elementor-widget-wrap elementor-element-populated\">\n\t\t\t\t\t\t<div class=\"elementor-element elementor-element-d1caec0 elementor-widget elementor-widget-text-editor\" data-id=\"d1caec0\" data-element_type=\"widget\" data-widget_type=\"text-editor.default\">\n\t\t\t\t<div class=\"elementor-widget-container\">\n\t\t\t\t\t\t\t\t\t<p class=\"has-large-font-size\">ATA-TDM<\/p><p class=\"has-huge-font-size\"><em>S\u0131n\u0131f\u0131n d\u0131\u015f\u0131nda, toplumun i\u00e7inde\u2026<\/em><\/p><p class=\"has-medium-font-size\">Atat\u00fcrk \u00dcniversitesi Toplumsal Duyarl\u0131l\u0131k Projeleri Uygulama ve Ara\u015ft\u0131rma Merkezi \u00f6\u011frencilerimizin ve \u00f6\u011fretim elemanlar\u0131m\u0131z\u0131n \u201c<em>Toplumsal Duyarl\u0131l\u0131k<\/em>\u201d konusunda haz\u0131rlayacaklar\u0131 projelere destek vermektedir.<\/p>\t\t\t\t\t\t\t\t<\/div>\n\t\t\t\t<\/div>\n\t\t\t\t\t<\/div>\n\t\t<\/div>\n\t\t\t\t\t<\/div>\n\t\t<\/section>\n\t\t\t\t<\/div>\n\t\t","protected":false},"excerpt":{"rendered":"<p>ATA-TDM S\u0131n\u0131f\u0131n d\u0131\u015f\u0131nda, toplumun i\u00e7inde\u2026 Atat\u00fcrk \u00dcniversitesi Toplumsal Duyarl\u0131l\u0131k Projeleri Uygulama ve Ara\u015ft\u0131rma Merkezi \u00f6\u011frencilerimizin ve \u00f6\u011fretim elemanlar\u0131m\u0131z\u0131n \u201cToplumsal Duyarl\u0131l\u0131k\u201d konusunda haz\u0131rlayacaklar\u0131 projelere destek vermektedir.<\/p>\n","protected":false},"author":594,"featured_media":0,"parent":0,"menu_order":0,"comment_status":"closed","ping_status":"closed","template":"","meta":{"footnotes":""},"class_list":["post-7629","page","type-page","status-publish","hentry"],"_links":{"self":[{"href":"https:\/\/atauni.edu.tr\/toplumsal-duyarlilik-projeleri-uygulama-ve-arastirma-merkezi\/wp-json\/wp\/v2\/pages\/7629","targetHints":{"allow":["GET"]}}],"collection":[{"href":"https:\/\/atauni.edu.tr\/toplumsal-duyarlilik-projeleri-uygulama-ve-arastirma-merkezi\/wp-json\/wp\/v2\/pages"}],"about":[{"href":"https:\/\/atauni.edu.tr\/toplumsal-duyarlilik-projeleri-uygulama-ve-arastirma-merkezi\/wp-json\/wp\/v2\/types\/page"}],"author":[{"embeddable":true,"href":"https:\/\/atauni.edu.tr\/toplumsal-duyarlilik-projeleri-uygulama-ve-arastirma-merkezi\/wp-json\/wp\/v2\/users\/594"}],"replies":[{"embeddable":true,"href":"https:\/\/atauni.edu.tr\/toplumsal-duyarlilik-projeleri-uygulama-ve-arastirma-merkezi\/wp-json\/wp\/v2\/comments?post=7629"}],"version-history":[{"count":7,"href":"https:\/\/atauni.edu.tr\/toplumsal-duyarlilik-projeleri-uygulama-ve-arastirma-merkezi\/wp-json\/wp\/v2\/pages\/7629\/revisions"}],"predecessor-version":[{"id":7636,"href":"https:\/\/atauni.edu.tr\/toplumsal-duyarlilik-projeleri-uygulama-ve-arastirma-merkezi\/wp-json\/wp\/v2\/pages\/7629\/revisions\/7636"}],"wp:attachment":[{"href":"https:\/\/atauni.edu.tr\/toplumsal-duyarlilik-projeleri-uygulama-ve-arastirma-merkezi\/wp-json\/wp\/v2\/media?parent=7629"}],"curies":[{"name":"wp","href":"https:\/\/api.w.org\/{rel}","templated":true}]}}