{"id":5638,"date":"2021-07-13T09:49:25","date_gmt":"2021-07-13T06:49:25","guid":{"rendered":"https:\/\/portaltest.atauni.edu.tr\/bilgisayar-muhendisligi\/?page_id=5638"},"modified":"2022-04-04T10:03:50","modified_gmt":"2022-04-04T07:03:50","slug":"tarihce","status":"publish","type":"page","link":"https:\/\/atauni.edu.tr\/toprak-bilimi-ve-bitki-besleme-bolumu\/tarihce\/","title":{"rendered":"Tarih\u00e7e"},"content":{"rendered":"\t\t<div data-elementor-type=\"wp-page\" data-elementor-id=\"5638\" class=\"elementor elementor-5638\" data-elementor-post-type=\"page\">\n\t\t\t\t\t\t<section class=\"elementor-section elementor-top-section elementor-element elementor-element-730d320 elementor-section-boxed elementor-section-height-default elementor-section-height-default\" data-id=\"730d320\" data-element_type=\"section\">\n\t\t\t\t\t\t<div class=\"elementor-container elementor-column-gap-default\">\n\t\t\t\t\t<div class=\"elementor-column elementor-col-100 elementor-top-column elementor-element elementor-element-753d0860\" data-id=\"753d0860\" data-element_type=\"column\">\n\t\t\t<div class=\"elementor-widget-wrap\">\n\t\t\t\t\t\t\t<\/div>\n\t\t<\/div>\n\t\t\t\t\t<\/div>\n\t\t<\/section>\n\t\t\t\t<section class=\"elementor-section elementor-top-section elementor-element elementor-element-9be811a elementor-section-boxed elementor-section-height-default elementor-section-height-default\" data-id=\"9be811a\" data-element_type=\"section\">\n\t\t\t\t\t\t<div class=\"elementor-container elementor-column-gap-default\">\n\t\t\t\t\t<div class=\"elementor-column elementor-col-100 elementor-top-column elementor-element elementor-element-1ed847b7\" data-id=\"1ed847b7\" data-element_type=\"column\">\n\t\t\t<div class=\"elementor-widget-wrap elementor-element-populated\">\n\t\t\t\t\t\t<div class=\"elementor-element elementor-element-4ce0d07f elementor-widget elementor-widget-heading\" data-id=\"4ce0d07f\" data-element_type=\"widget\" data-widget_type=\"heading.default\">\n\t\t\t\t<div class=\"elementor-widget-container\">\n\t\t\t\t\t<h2 class=\"elementor-heading-title elementor-size-default\">Tarih\u00e7e<\/h2>\t\t\t\t<\/div>\n\t\t\t\t<\/div>\n\t\t\t\t<div class=\"elementor-element elementor-element-63260862 elementor-widget-divider--view-line elementor-widget elementor-widget-divider\" data-id=\"63260862\" data-element_type=\"widget\" data-widget_type=\"divider.default\">\n\t\t\t\t<div class=\"elementor-widget-container\">\n\t\t\t\t\t\t\t<div class=\"elementor-divider\">\n\t\t\t<span class=\"elementor-divider-separator\">\n\t\t\t\t\t\t<\/span>\n\t\t<\/div>\n\t\t\t\t\t\t<\/div>\n\t\t\t\t<\/div>\n\t\t\t\t\t<\/div>\n\t\t<\/div>\n\t\t\t\t\t<\/div>\n\t\t<\/section>\n\t\t\t\t<section class=\"elementor-section elementor-top-section elementor-element elementor-element-681db8b elementor-section-boxed elementor-section-height-default elementor-section-height-default\" data-id=\"681db8b\" data-element_type=\"section\">\n\t\t\t\t\t\t<div class=\"elementor-container elementor-column-gap-default\">\n\t\t\t\t\t<div class=\"elementor-column elementor-col-100 elementor-top-column elementor-element elementor-element-ad4dac5\" data-id=\"ad4dac5\" data-element_type=\"column\">\n\t\t\t<div class=\"elementor-widget-wrap elementor-element-populated\">\n\t\t\t\t\t\t<div class=\"elementor-element elementor-element-2f96b3d elementor-widget elementor-widget-text-editor\" data-id=\"2f96b3d\" data-element_type=\"widget\" data-widget_type=\"text-editor.default\">\n\t\t\t\t<div class=\"elementor-widget-container\">\n\t\t\t\t\t\t\t\t\t<p>Atat\u00fcrk \u00dcniversitesi Ziraat Fak\u00fcltesi Toprak B\u00f6l\u00fcm\u00fc 1959 y\u0131l\u0131nda Erzurum \u015eair Nef`i Ortaokulunda 32 \u00f6\u011frencisi ile \u00f6\u011fretime ba\u015flam\u0131\u015ft\u0131r. B\u00f6l\u00fcm ilk mezunlar\u0131n\u0131 1962\u20131963 \u00f6\u011frenim y\u0131l\u0131nda vermi\u015ftir. Ayn\u0131 y\u0131lda da Atat\u00fcrk \u00dcniversitesi yerle\u015fkesinde in\u015faat\u0131 tamamlanan binas\u0131na ta\u015f\u0131nm\u0131\u015ft\u0131r. B\u00f6l\u00fcm\u00fcn \u00f6\u011fretime ba\u015flad\u0131\u011f\u0131 y\u0131larda Amerika Birle\u015fik Devletleri Nebraska \u00dcniversitesi ile yap\u0131lan AID antla\u015fmas\u0131 kapsam\u0131nda Toprak B\u00f6l\u00fcm\u00fcnden 7 \u00f6\u011fretim eleman\u0131 yurt d\u0131\u015f\u0131na g\u00f6nderilmi\u015ftir. Ayn\u0131 zamanda ihtiya\u00e7 duyulan \u00f6\u011fretim \u00fcyelerinin bir k\u0131sm\u0131 da Amerika Birle\u015fik Devletleri Nebraska \u00dcniversitesinden sa\u011flanm\u0131\u015ft\u0131r. Toprak biliminin bilimsel alanda geli\u015fmesine \u00f6nc\u00fcl\u00fck eden b\u00f6l\u00fcm, kurulu\u015f tarihi bak\u0131m\u0131ndan T\u00fcrkiye\u2019de ikinci s\u0131rada yer almaktad\u0131r. B\u00f6l\u00fcmde 25.03.1982 tarihinde Toprak Anabilim Dal\u0131 kurulmu\u015ftur. Y\u00fcksek\u00f6\u011fretim Y\u00fcr\u00fctme Kurulunun 02.06.2010 tarihli karar\u0131 ile b\u00f6l\u00fcm\u00fcn ismi Toprak Bilimi ve Bitki Besleme olarak de\u011fi\u015ftirilmi\u015ftir. Toprak B\u00f6l\u00fcm\u00fcnde kurulu\u015fundan g\u00fcn\u00fcm\u00fcze Prof. Dr. Marcus D. WELDON (1960\u20131961), Prof. Dr. H. HARPER(1961\u20131962), Prof. Dr. W. KROONTJE (1963\u20131965), Prof. Dr. Abd\u00fcsseleam ERGENE (1962\u20131963\/1965\u20131982), Prof. Dr. L\u00fctfi \u00d6\u011e\u00dc\u015e (1982\u20131992), Prof. Dr. Y\u0131ld\u0131r\u0131m SEZEN (1992\u20131995\/1998\u20132001\/2004\u20132007), Prof. Dr. G\u00fcla\u011fa \u015e\u0130M\u015eEK (1995\u20131998), Prof. Dr. T\u00fclay KIZILO\u011eLU (2001\u20132004) Prof. Dr. Ta\u015fk\u0131n \u00d6ZTA\u015e (2007\u20132008) ve Prof. Dr. Mustafa Y. CANBOLAT (2008-) b\u00f6l\u00fcm ba\u015fkan\u0131 olarak hizmet vermi\u015flerdir.<\/p><p><strong>\u00a0<\/strong><\/p>\t\t\t\t\t\t\t\t<\/div>\n\t\t\t\t<\/div>\n\t\t\t\t\t<\/div>\n\t\t<\/div>\n\t\t\t\t\t<\/div>\n\t\t<\/section>\n\t\t\t\t<\/div>\n\t\t","protected":false},"excerpt":{"rendered":"<p>Tarih\u00e7e Atat\u00fcrk \u00dcniversitesi Ziraat Fak\u00fcltesi Toprak B\u00f6l\u00fcm\u00fc 1959 y\u0131l\u0131nda Erzurum \u015eair Nef`i Ortaokulunda 32 \u00f6\u011frencisi ile \u00f6\u011fretime ba\u015flam\u0131\u015ft\u0131r. B\u00f6l\u00fcm ilk mezunlar\u0131n\u0131 1962\u20131963 \u00f6\u011frenim y\u0131l\u0131nda vermi\u015ftir. Ayn\u0131 y\u0131lda da Atat\u00fcrk \u00dcniversitesi yerle\u015fkesinde in\u015faat\u0131 tamamlanan binas\u0131na ta\u015f\u0131nm\u0131\u015ft\u0131r. B\u00f6l\u00fcm\u00fcn \u00f6\u011fretime ba\u015flad\u0131\u011f\u0131 y\u0131larda Amerika Birle\u015fik Devletleri Nebraska \u00dcniversitesi ile yap\u0131lan AID antla\u015fmas\u0131 kapsam\u0131nda Toprak B\u00f6l\u00fcm\u00fcnden 7 \u00f6\u011fretim eleman\u0131 yurt [&hellip;]<\/p>\n","protected":false},"author":1,"featured_media":0,"parent":0,"menu_order":0,"comment_status":"closed","ping_status":"closed","template":"","meta":{"footnotes":""},"class_list":["post-5638","page","type-page","status-publish","hentry"],"_links":{"self":[{"href":"https:\/\/atauni.edu.tr\/toprak-bilimi-ve-bitki-besleme-bolumu\/wp-json\/wp\/v2\/pages\/5638","targetHints":{"allow":["GET"]}}],"collection":[{"href":"https:\/\/atauni.edu.tr\/toprak-bilimi-ve-bitki-besleme-bolumu\/wp-json\/wp\/v2\/pages"}],"about":[{"href":"https:\/\/atauni.edu.tr\/toprak-bilimi-ve-bitki-besleme-bolumu\/wp-json\/wp\/v2\/types\/page"}],"author":[{"embeddable":true,"href":"https:\/\/atauni.edu.tr\/toprak-bilimi-ve-bitki-besleme-bolumu\/wp-json\/wp\/v2\/users\/1"}],"replies":[{"embeddable":true,"href":"https:\/\/atauni.edu.tr\/toprak-bilimi-ve-bitki-besleme-bolumu\/wp-json\/wp\/v2\/comments?post=5638"}],"version-history":[{"count":28,"href":"https:\/\/atauni.edu.tr\/toprak-bilimi-ve-bitki-besleme-bolumu\/wp-json\/wp\/v2\/pages\/5638\/revisions"}],"predecessor-version":[{"id":6391,"href":"https:\/\/atauni.edu.tr\/toprak-bilimi-ve-bitki-besleme-bolumu\/wp-json\/wp\/v2\/pages\/5638\/revisions\/6391"}],"wp:attachment":[{"href":"https:\/\/atauni.edu.tr\/toprak-bilimi-ve-bitki-besleme-bolumu\/wp-json\/wp\/v2\/media?parent=5638"}],"curies":[{"name":"wp","href":"https:\/\/api.w.org\/{rel}","templated":true}]}}