{"id":6402,"date":"2021-12-09T21:37:34","date_gmt":"2021-12-09T18:37:34","guid":{"rendered":"https:\/\/birimler.atauni.edu.tr\/tortum-meslek-yuksekokulu\/?page_id=6402"},"modified":"2021-12-09T21:39:34","modified_gmt":"2021-12-09T18:39:34","slug":"ogrenci-bilgi-sistemi","status":"publish","type":"page","link":"https:\/\/atauni.edu.tr\/tortum-meslek-yuksekokulu\/ogrenci-bilgi-sistemi\/","title":{"rendered":"\u00d6\u011frenci Bilgi Sistemi"},"content":{"rendered":"\t\t<div data-elementor-type=\"wp-page\" data-elementor-id=\"6402\" class=\"elementor elementor-6402\" data-elementor-post-type=\"page\">\n\t\t\t\t\t\t<section class=\"elementor-section elementor-top-section elementor-element elementor-element-31c7a80 elementor-section-boxed elementor-section-height-default elementor-section-height-default\" data-id=\"31c7a80\" data-element_type=\"section\">\n\t\t\t\t\t\t<div class=\"elementor-container elementor-column-gap-default\">\n\t\t\t\t\t<div class=\"elementor-column elementor-col-100 elementor-top-column elementor-element elementor-element-84e3c34\" data-id=\"84e3c34\" data-element_type=\"column\">\n\t\t\t<div class=\"elementor-widget-wrap elementor-element-populated\">\n\t\t\t\t\t\t<div class=\"elementor-element elementor-element-b561da0 elementor-widget elementor-widget-text-editor\" data-id=\"b561da0\" data-element_type=\"widget\" data-widget_type=\"text-editor.default\">\n\t\t\t\t<div class=\"elementor-widget-container\">\n\t\t\t\t\t\t\t\t\t<p><strong><a href=\"https:\/\/obs.atauni.edu.tr\/\">OBS (\u00d6\u011eRENC\u0130 B\u0130LG\u0130 S\u0130STEM\u0130)<\/a><\/strong>\u00a0\u00f6\u011frencilik i\u015flemleriniz ile ilgili olarak;<\/p><ul><li>S\u0131nav Notlar\u0131n\u0131z\u0131 \u00f6\u011frenebilece\u011finiz,<\/li><li>Not durum belgenizi (Not kart\u0131 \u2013 transkript) g\u00f6r\u00fcnt\u00fcleyebilece\u011finiz,<\/li><li>Gerekli bilgilendirme mesajlar\u0131n\u0131 okuyup cevap verebilece\u011finiz \u015fekilde \u00f6\u011frencilik i\u015f ve i\u015flemlerinizin sorunsuz olarak takip edilebilmesi amac\u0131yla tasarlanm\u0131\u015ft\u0131r.<\/li><\/ul>\t\t\t\t\t\t\t\t<\/div>\n\t\t\t\t<\/div>\n\t\t\t\t\t<\/div>\n\t\t<\/div>\n\t\t\t\t\t<\/div>\n\t\t<\/section>\n\t\t\t\t<\/div>\n\t\t","protected":false},"excerpt":{"rendered":"<p>OBS (\u00d6\u011eRENC\u0130 B\u0130LG\u0130 S\u0130STEM\u0130)\u00a0\u00f6\u011frencilik i\u015flemleriniz ile ilgili olarak; S\u0131nav Notlar\u0131n\u0131z\u0131 \u00f6\u011frenebilece\u011finiz, Not durum belgenizi (Not kart\u0131 \u2013 transkript) g\u00f6r\u00fcnt\u00fcleyebilece\u011finiz, Gerekli bilgilendirme mesajlar\u0131n\u0131 okuyup cevap verebilece\u011finiz \u015fekilde \u00f6\u011frencilik i\u015f ve i\u015flemlerinizin sorunsuz olarak takip edilebilmesi amac\u0131yla tasarlanm\u0131\u015ft\u0131r.<\/p>\n","protected":false},"author":417,"featured_media":0,"parent":0,"menu_order":0,"comment_status":"closed","ping_status":"closed","template":"","meta":{"footnotes":""},"class_list":["post-6402","page","type-page","status-publish","hentry"],"_links":{"self":[{"href":"https:\/\/atauni.edu.tr\/tortum-meslek-yuksekokulu\/wp-json\/wp\/v2\/pages\/6402","targetHints":{"allow":["GET"]}}],"collection":[{"href":"https:\/\/atauni.edu.tr\/tortum-meslek-yuksekokulu\/wp-json\/wp\/v2\/pages"}],"about":[{"href":"https:\/\/atauni.edu.tr\/tortum-meslek-yuksekokulu\/wp-json\/wp\/v2\/types\/page"}],"author":[{"embeddable":true,"href":"https:\/\/atauni.edu.tr\/tortum-meslek-yuksekokulu\/wp-json\/wp\/v2\/users\/417"}],"replies":[{"embeddable":true,"href":"https:\/\/atauni.edu.tr\/tortum-meslek-yuksekokulu\/wp-json\/wp\/v2\/comments?post=6402"}],"version-history":[{"count":4,"href":"https:\/\/atauni.edu.tr\/tortum-meslek-yuksekokulu\/wp-json\/wp\/v2\/pages\/6402\/revisions"}],"predecessor-version":[{"id":6407,"href":"https:\/\/atauni.edu.tr\/tortum-meslek-yuksekokulu\/wp-json\/wp\/v2\/pages\/6402\/revisions\/6407"}],"wp:attachment":[{"href":"https:\/\/atauni.edu.tr\/tortum-meslek-yuksekokulu\/wp-json\/wp\/v2\/media?parent=6402"}],"curies":[{"name":"wp","href":"https:\/\/api.w.org\/{rel}","templated":true}]}}