{"id":8101,"date":"2023-02-24T10:04:35","date_gmt":"2023-02-24T07:04:35","guid":{"rendered":"https:\/\/birimler.atauni.edu.tr\/turizm-fakultesi\/?page_id=8101"},"modified":"2025-11-24T20:08:19","modified_gmt":"2025-11-24T17:08:19","slug":"staj-yonergeleri","status":"publish","type":"page","link":"https:\/\/atauni.edu.tr\/turizm-fakultesi\/staj-yonergeleri\/","title":{"rendered":"Turizm Fak\u00fcltesi Staj Uygulama Esaslar\u0131"},"content":{"rendered":"\n<div data-wp-interactive=\"core\/file\" class=\"wp-block-file\"><object data-wp-bind--hidden=\"!state.hasPdfPreview\" hidden class=\"wp-block-file__embed\" data=\"https:\/\/birimler.atauni.edu.tr\/turizm-fakultesi\/wp-content\/uploads\/sites\/74\/2025\/11\/Turizm-Fakultesi-Staj-Uygulama-Esaslari-1.pdf\" type=\"application\/pdf\" style=\"width:100%;height:600px\" aria-label=\"Turizm Fak\u00fcltesi Staj Uygulama Esaslar\u0131 g\u00f6m\u00fcs\u00fc.\"><\/object><a id=\"wp-block-file--media-ee4e9f75-9a4c-4fea-8c23-d69e0dab4183\" href=\"https:\/\/birimler.atauni.edu.tr\/turizm-fakultesi\/wp-content\/uploads\/sites\/74\/2025\/11\/Turizm-Fakultesi-Staj-Uygulama-Esaslari-1.pdf\">Turizm Fak\u00fcltesi Staj Uygulama Esaslar\u0131<\/a><a href=\"https:\/\/birimler.atauni.edu.tr\/turizm-fakultesi\/wp-content\/uploads\/sites\/74\/2025\/11\/Turizm-Fakultesi-Staj-Uygulama-Esaslari-1.pdf\" class=\"wp-block-file__button wp-element-button\" download aria-describedby=\"wp-block-file--media-ee4e9f75-9a4c-4fea-8c23-d69e0dab4183\">\u0130ndir<\/a><\/div>\n","protected":false},"excerpt":{"rendered":"","protected":false},"author":63,"featured_media":0,"parent":0,"menu_order":0,"comment_status":"closed","ping_status":"closed","template":"","meta":{"footnotes":""},"class_list":["post-8101","page","type-page","status-publish","hentry"],"_links":{"self":[{"href":"https:\/\/atauni.edu.tr\/turizm-fakultesi\/wp-json\/wp\/v2\/pages\/8101","targetHints":{"allow":["GET"]}}],"collection":[{"href":"https:\/\/atauni.edu.tr\/turizm-fakultesi\/wp-json\/wp\/v2\/pages"}],"about":[{"href":"https:\/\/atauni.edu.tr\/turizm-fakultesi\/wp-json\/wp\/v2\/types\/page"}],"author":[{"embeddable":true,"href":"https:\/\/atauni.edu.tr\/turizm-fakultesi\/wp-json\/wp\/v2\/users\/63"}],"replies":[{"embeddable":true,"href":"https:\/\/atauni.edu.tr\/turizm-fakultesi\/wp-json\/wp\/v2\/comments?post=8101"}],"version-history":[{"count":5,"href":"https:\/\/atauni.edu.tr\/turizm-fakultesi\/wp-json\/wp\/v2\/pages\/8101\/revisions"}],"predecessor-version":[{"id":10429,"href":"https:\/\/atauni.edu.tr\/turizm-fakultesi\/wp-json\/wp\/v2\/pages\/8101\/revisions\/10429"}],"wp:attachment":[{"href":"https:\/\/atauni.edu.tr\/turizm-fakultesi\/wp-json\/wp\/v2\/media?parent=8101"}],"curies":[{"name":"wp","href":"https:\/\/api.w.org\/{rel}","templated":true}]}}