{"id":8470,"date":"2024-03-28T17:42:03","date_gmt":"2024-03-28T14:42:03","guid":{"rendered":"https:\/\/birimler.atauni.edu.tr\/turizm-fakultesi\/?page_id=8470"},"modified":"2024-03-28T17:42:04","modified_gmt":"2024-03-28T14:42:04","slug":"turizm-rehberligi-bolumumuz-ile-yedi-bolum-arasinda-cift-anadal-ve-yandal-protokolu-imzalandi","status":"publish","type":"page","link":"https:\/\/atauni.edu.tr\/turizm-fakultesi\/turizm-rehberligi-bolumumuz-ile-yedi-bolum-arasinda-cift-anadal-ve-yandal-protokolu-imzalandi\/","title":{"rendered":"TUR\u0130ZM REHBERL\u0130\u011e\u0130 B\u00d6L\u00dcM\u00dcM\u00dcZ \u0130LE YED\u0130 B\u00d6L\u00dcM ARASINDA \u00c7\u0130FT ANADAL VE YANDAL PROTOKOL\u00dc \u0130MZALANDI"},"content":{"rendered":"\n<p>Atat\u00fcrk \u00dcniversitesi Turizm Fak\u00fcltesi Dekan\u0131 Prof. Dr. G\u00f6kalp N. SEL\u00c7UK\u2019 un ev sahipli\u011fi ve Turizm Rehberli\u011fi B\u00f6l\u00fcm\u00fc Ba\u015fkan\u0131 Do\u00e7. Dr. Ahmet \u00c7AVU\u015e koordinat\u00f6rl\u00fc\u011f\u00fcnde \u00c7ift Anadal ve Yandal protokol\u00fc imza t\u00f6reni d\u00fczenlendi.<br>Turizm Fak\u00fcltesi Ata Seminer Salonunda 28.03.2024\u2019de ger\u00e7ekle\u015ftirilen t\u00f6rene Edebiyat Fak\u00fcltesi Dekan Yard\u0131mc\u0131s\u0131 Do\u00e7. Dr. Firdevs TEM\u0130Z G\u00dcNEY ve Kaz\u0131m Karabekir E\u011fitim Fak\u00fcltesi Dekan Yard\u0131mc\u0131s\u0131 Do\u00e7. Dr. Mehmet Bu\u011fra \u00d6ZHAN ile Atat\u00fcrk \u00dcniversitesi Edebiyat Fak\u00fcltesi Arkeoloji B\u00f6l\u00fcm Ba\u015fkan\u0131 Prof. Dr. Ali Yal\u00e7\u0131n TAVUK\u00c7U, Co\u011frafya B\u00f6l\u00fcm Ba\u015fkan Yard\u0131mc\u0131s\u0131 Prof. Dr. Mustafa \u00d6ZDEM\u0130R , Rus Dili ve Edebiyat\u0131 B\u00f6l\u00fcm Ba\u015fkan\u0131 Dr. \u00d6\u011fr. \u00dcyesi Rahman \u00d6ZDEM\u0130R, Sanat Tarihi B\u00f6l\u00fcm Ba\u015fkan\u0131 Prof. Dr. H\u00fcseyin YURTTA\u015e, \u0130leti\u015fim Fak\u00fcltesi Halkla \u0130li\u015fkiler ve Tan\u0131t\u0131m B\u00f6l\u00fcm Ba\u015fkan\u0131 Prof. Dr. Raci TA\u015eCIO\u011eLU, K\u00e2z\u0131m Karabekir E\u011fitim Fak\u00fcltesi Co\u011frafya E\u011fitimi Anabilim Dal\u0131 Ba\u015fkan\u0131 Prof. Dr. Og\u00fcn CO\u015eKUN, Turizm Fak\u00fcltesi Gastronomi ve Mutfak Sanatlar\u0131 B\u00f6l\u00fcm Ba\u015fkan\u0131 Prof. Dr. Murat TOSUN, akademisyenler ve \u00f6\u011frenciler kat\u0131ld\u0131. Hay\u0131rl\u0131 olmas\u0131n\u0131\u00a0dileriz.<\/p>\n\n\n\n<figure class=\"wp-block-gallery has-nested-images columns-default is-cropped wp-block-gallery-1 is-layout-flex wp-block-gallery-is-layout-flex\">\n<figure class=\"wp-block-image size-large\"><img fetchpriority=\"high\" decoding=\"async\" width=\"1024\" height=\"768\" data-id=\"8483\" src=\"https:\/\/birimler.atauni.edu.tr\/turizm-fakultesi\/wp-content\/uploads\/sites\/74\/2024\/03\/IMG-20240328-WA0014-2-1024x768.jpg\" alt=\"\" class=\"wp-image-8483\" srcset=\"https:\/\/atauni.edu.tr\/turizm-fakultesi\/wp-content\/uploads\/sites\/74\/2024\/03\/IMG-20240328-WA0014-2-1024x768.jpg 1024w, https:\/\/atauni.edu.tr\/turizm-fakultesi\/wp-content\/uploads\/sites\/74\/2024\/03\/IMG-20240328-WA0014-2-300x225.jpg 300w, https:\/\/atauni.edu.tr\/turizm-fakultesi\/wp-content\/uploads\/sites\/74\/2024\/03\/IMG-20240328-WA0014-2-768x576.jpg 768w, https:\/\/atauni.edu.tr\/turizm-fakultesi\/wp-content\/uploads\/sites\/74\/2024\/03\/IMG-20240328-WA0014-2-1536x1152.jpg 1536w, https:\/\/atauni.edu.tr\/turizm-fakultesi\/wp-content\/uploads\/sites\/74\/2024\/03\/IMG-20240328-WA0014-2-600x450.jpg 600w, https:\/\/atauni.edu.tr\/turizm-fakultesi\/wp-content\/uploads\/sites\/74\/2024\/03\/IMG-20240328-WA0014-2-560x420.jpg 560w, https:\/\/atauni.edu.tr\/turizm-fakultesi\/wp-content\/uploads\/sites\/74\/2024\/03\/IMG-20240328-WA0014-2.jpg 2048w\" sizes=\"(max-width: 1024px) 100vw, 1024px\" \/><\/figure>\n\n\n\n<figure class=\"wp-block-image size-large\"><img decoding=\"async\" width=\"1024\" height=\"768\" data-id=\"8484\" src=\"https:\/\/birimler.atauni.edu.tr\/turizm-fakultesi\/wp-content\/uploads\/sites\/74\/2024\/03\/IMG-20240328-WA0015-2-1024x768.jpg\" alt=\"\" class=\"wp-image-8484\" srcset=\"https:\/\/atauni.edu.tr\/turizm-fakultesi\/wp-content\/uploads\/sites\/74\/2024\/03\/IMG-20240328-WA0015-2-1024x768.jpg 1024w, https:\/\/atauni.edu.tr\/turizm-fakultesi\/wp-content\/uploads\/sites\/74\/2024\/03\/IMG-20240328-WA0015-2-300x225.jpg 300w, https:\/\/atauni.edu.tr\/turizm-fakultesi\/wp-content\/uploads\/sites\/74\/2024\/03\/IMG-20240328-WA0015-2-768x576.jpg 768w, https:\/\/atauni.edu.tr\/turizm-fakultesi\/wp-content\/uploads\/sites\/74\/2024\/03\/IMG-20240328-WA0015-2-1536x1152.jpg 1536w, https:\/\/atauni.edu.tr\/turizm-fakultesi\/wp-content\/uploads\/sites\/74\/2024\/03\/IMG-20240328-WA0015-2-600x450.jpg 600w, https:\/\/atauni.edu.tr\/turizm-fakultesi\/wp-content\/uploads\/sites\/74\/2024\/03\/IMG-20240328-WA0015-2-560x420.jpg 560w, https:\/\/atauni.edu.tr\/turizm-fakultesi\/wp-content\/uploads\/sites\/74\/2024\/03\/IMG-20240328-WA0015-2.jpg 2048w\" sizes=\"(max-width: 1024px) 100vw, 1024px\" \/><\/figure>\n\n\n\n<figure class=\"wp-block-image size-large\"><img decoding=\"async\" width=\"1024\" height=\"768\" data-id=\"8485\" src=\"https:\/\/birimler.atauni.edu.tr\/turizm-fakultesi\/wp-content\/uploads\/sites\/74\/2024\/03\/IMG-20240328-WA0016-1-1024x768.jpg\" alt=\"\" class=\"wp-image-8485\" srcset=\"https:\/\/atauni.edu.tr\/turizm-fakultesi\/wp-content\/uploads\/sites\/74\/2024\/03\/IMG-20240328-WA0016-1-1024x768.jpg 1024w, https:\/\/atauni.edu.tr\/turizm-fakultesi\/wp-content\/uploads\/sites\/74\/2024\/03\/IMG-20240328-WA0016-1-300x225.jpg 300w, https:\/\/atauni.edu.tr\/turizm-fakultesi\/wp-content\/uploads\/sites\/74\/2024\/03\/IMG-20240328-WA0016-1-768x576.jpg 768w, https:\/\/atauni.edu.tr\/turizm-fakultesi\/wp-content\/uploads\/sites\/74\/2024\/03\/IMG-20240328-WA0016-1-1536x1152.jpg 1536w, https:\/\/atauni.edu.tr\/turizm-fakultesi\/wp-content\/uploads\/sites\/74\/2024\/03\/IMG-20240328-WA0016-1-600x450.jpg 600w, https:\/\/atauni.edu.tr\/turizm-fakultesi\/wp-content\/uploads\/sites\/74\/2024\/03\/IMG-20240328-WA0016-1-560x420.jpg 560w, https:\/\/atauni.edu.tr\/turizm-fakultesi\/wp-content\/uploads\/sites\/74\/2024\/03\/IMG-20240328-WA0016-1.jpg 2048w\" sizes=\"(max-width: 1024px) 100vw, 1024px\" \/><\/figure>\n\n\n\n<figure class=\"wp-block-image size-large\"><img loading=\"lazy\" decoding=\"async\" width=\"1024\" height=\"768\" data-id=\"8486\" src=\"https:\/\/birimler.atauni.edu.tr\/turizm-fakultesi\/wp-content\/uploads\/sites\/74\/2024\/03\/IMG-20240328-WA0017-1-1024x768.jpg\" alt=\"\" class=\"wp-image-8486\" srcset=\"https:\/\/atauni.edu.tr\/turizm-fakultesi\/wp-content\/uploads\/sites\/74\/2024\/03\/IMG-20240328-WA0017-1-1024x768.jpg 1024w, https:\/\/atauni.edu.tr\/turizm-fakultesi\/wp-content\/uploads\/sites\/74\/2024\/03\/IMG-20240328-WA0017-1-300x225.jpg 300w, https:\/\/atauni.edu.tr\/turizm-fakultesi\/wp-content\/uploads\/sites\/74\/2024\/03\/IMG-20240328-WA0017-1-768x576.jpg 768w, https:\/\/atauni.edu.tr\/turizm-fakultesi\/wp-content\/uploads\/sites\/74\/2024\/03\/IMG-20240328-WA0017-1-1536x1152.jpg 1536w, https:\/\/atauni.edu.tr\/turizm-fakultesi\/wp-content\/uploads\/sites\/74\/2024\/03\/IMG-20240328-WA0017-1-600x450.jpg 600w, https:\/\/atauni.edu.tr\/turizm-fakultesi\/wp-content\/uploads\/sites\/74\/2024\/03\/IMG-20240328-WA0017-1-560x420.jpg 560w, https:\/\/atauni.edu.tr\/turizm-fakultesi\/wp-content\/uploads\/sites\/74\/2024\/03\/IMG-20240328-WA0017-1.jpg 2048w\" sizes=\"(max-width: 1024px) 100vw, 1024px\" \/><\/figure>\n\n\n\n<figure class=\"wp-block-image size-large\"><img loading=\"lazy\" decoding=\"async\" width=\"1024\" height=\"768\" data-id=\"8487\" src=\"https:\/\/birimler.atauni.edu.tr\/turizm-fakultesi\/wp-content\/uploads\/sites\/74\/2024\/03\/IMG-20240328-WA0018-2-1024x768.jpg\" alt=\"\" class=\"wp-image-8487\" srcset=\"https:\/\/atauni.edu.tr\/turizm-fakultesi\/wp-content\/uploads\/sites\/74\/2024\/03\/IMG-20240328-WA0018-2-1024x768.jpg 1024w, https:\/\/atauni.edu.tr\/turizm-fakultesi\/wp-content\/uploads\/sites\/74\/2024\/03\/IMG-20240328-WA0018-2-300x225.jpg 300w, https:\/\/atauni.edu.tr\/turizm-fakultesi\/wp-content\/uploads\/sites\/74\/2024\/03\/IMG-20240328-WA0018-2-768x576.jpg 768w, https:\/\/atauni.edu.tr\/turizm-fakultesi\/wp-content\/uploads\/sites\/74\/2024\/03\/IMG-20240328-WA0018-2-1536x1152.jpg 1536w, https:\/\/atauni.edu.tr\/turizm-fakultesi\/wp-content\/uploads\/sites\/74\/2024\/03\/IMG-20240328-WA0018-2-600x450.jpg 600w, https:\/\/atauni.edu.tr\/turizm-fakultesi\/wp-content\/uploads\/sites\/74\/2024\/03\/IMG-20240328-WA0018-2-560x420.jpg 560w, https:\/\/atauni.edu.tr\/turizm-fakultesi\/wp-content\/uploads\/sites\/74\/2024\/03\/IMG-20240328-WA0018-2.jpg 2048w\" sizes=\"(max-width: 1024px) 100vw, 1024px\" \/><\/figure>\n\n\n\n<figure class=\"wp-block-image size-large\"><img loading=\"lazy\" decoding=\"async\" width=\"1024\" height=\"768\" data-id=\"8488\" src=\"https:\/\/birimler.atauni.edu.tr\/turizm-fakultesi\/wp-content\/uploads\/sites\/74\/2024\/03\/IMG-20240328-WA0019-1-1024x768.jpg\" alt=\"\" class=\"wp-image-8488\" srcset=\"https:\/\/atauni.edu.tr\/turizm-fakultesi\/wp-content\/uploads\/sites\/74\/2024\/03\/IMG-20240328-WA0019-1-1024x768.jpg 1024w, https:\/\/atauni.edu.tr\/turizm-fakultesi\/wp-content\/uploads\/sites\/74\/2024\/03\/IMG-20240328-WA0019-1-300x225.jpg 300w, https:\/\/atauni.edu.tr\/turizm-fakultesi\/wp-content\/uploads\/sites\/74\/2024\/03\/IMG-20240328-WA0019-1-768x576.jpg 768w, https:\/\/atauni.edu.tr\/turizm-fakultesi\/wp-content\/uploads\/sites\/74\/2024\/03\/IMG-20240328-WA0019-1-1536x1152.jpg 1536w, https:\/\/atauni.edu.tr\/turizm-fakultesi\/wp-content\/uploads\/sites\/74\/2024\/03\/IMG-20240328-WA0019-1-600x450.jpg 600w, https:\/\/atauni.edu.tr\/turizm-fakultesi\/wp-content\/uploads\/sites\/74\/2024\/03\/IMG-20240328-WA0019-1-560x420.jpg 560w, https:\/\/atauni.edu.tr\/turizm-fakultesi\/wp-content\/uploads\/sites\/74\/2024\/03\/IMG-20240328-WA0019-1.jpg 2048w\" sizes=\"(max-width: 1024px) 100vw, 1024px\" \/><\/figure>\n<\/figure>\n","protected":false},"excerpt":{"rendered":"<p>Atat\u00fcrk \u00dcniversitesi Turizm Fak\u00fcltesi Dekan\u0131 Prof. Dr. G\u00f6kalp N. SEL\u00c7UK\u2019 un ev sahipli\u011fi ve Turizm Rehberli\u011fi B\u00f6l\u00fcm\u00fc Ba\u015fkan\u0131 Do\u00e7. Dr. Ahmet \u00c7AVU\u015e koordinat\u00f6rl\u00fc\u011f\u00fcnde \u00c7ift Anadal ve Yandal protokol\u00fc imza t\u00f6reni d\u00fczenlendi.Turizm Fak\u00fcltesi Ata Seminer Salonunda 28.03.2024\u2019de ger\u00e7ekle\u015ftirilen t\u00f6rene Edebiyat Fak\u00fcltesi Dekan Yard\u0131mc\u0131s\u0131 Do\u00e7. Dr. Firdevs TEM\u0130Z G\u00dcNEY ve Kaz\u0131m Karabekir E\u011fitim Fak\u00fcltesi Dekan Yard\u0131mc\u0131s\u0131 Do\u00e7. [&hellip;]<\/p>\n","protected":false},"author":581,"featured_media":8484,"parent":0,"menu_order":0,"comment_status":"closed","ping_status":"closed","template":"","meta":{"footnotes":""},"class_list":["post-8470","page","type-page","status-publish","has-post-thumbnail","hentry"],"_links":{"self":[{"href":"https:\/\/atauni.edu.tr\/turizm-fakultesi\/wp-json\/wp\/v2\/pages\/8470","targetHints":{"allow":["GET"]}}],"collection":[{"href":"https:\/\/atauni.edu.tr\/turizm-fakultesi\/wp-json\/wp\/v2\/pages"}],"about":[{"href":"https:\/\/atauni.edu.tr\/turizm-fakultesi\/wp-json\/wp\/v2\/types\/page"}],"author":[{"embeddable":true,"href":"https:\/\/atauni.edu.tr\/turizm-fakultesi\/wp-json\/wp\/v2\/users\/581"}],"replies":[{"embeddable":true,"href":"https:\/\/atauni.edu.tr\/turizm-fakultesi\/wp-json\/wp\/v2\/comments?post=8470"}],"version-history":[{"count":1,"href":"https:\/\/atauni.edu.tr\/turizm-fakultesi\/wp-json\/wp\/v2\/pages\/8470\/revisions"}],"predecessor-version":[{"id":8489,"href":"https:\/\/atauni.edu.tr\/turizm-fakultesi\/wp-json\/wp\/v2\/pages\/8470\/revisions\/8489"}],"wp:featuredmedia":[{"embeddable":true,"href":"https:\/\/atauni.edu.tr\/turizm-fakultesi\/wp-json\/wp\/v2\/media\/8484"}],"wp:attachment":[{"href":"https:\/\/atauni.edu.tr\/turizm-fakultesi\/wp-json\/wp\/v2\/media?parent=8470"}],"curies":[{"name":"wp","href":"https:\/\/api.w.org\/{rel}","templated":true}]}}