{"id":6166,"date":"2021-12-09T18:54:55","date_gmt":"2021-12-09T15:54:55","guid":{"rendered":"http:\/\/birimler.atauni.edu.tr\/turizm-rehberligi\/?page_id=6166"},"modified":"2021-12-10T12:48:59","modified_gmt":"2021-12-10T09:48:59","slug":"program-ciktilari-2","status":"publish","type":"page","link":"https:\/\/atauni.edu.tr\/turizm-rehberligi\/program-ciktilari-2\/","title":{"rendered":"Program \u00c7\u0131kt\u0131lar\u0131"},"content":{"rendered":"\t\t<div data-elementor-type=\"wp-page\" data-elementor-id=\"6166\" class=\"elementor elementor-6166\" data-elementor-post-type=\"page\">\n\t\t\t\t\t\t<section class=\"elementor-section elementor-top-section elementor-element elementor-element-4c639a2 elementor-section-boxed elementor-section-height-default elementor-section-height-default\" data-id=\"4c639a2\" data-element_type=\"section\">\n\t\t\t\t\t\t<div class=\"elementor-container elementor-column-gap-default\">\n\t\t\t\t\t<div class=\"elementor-column elementor-col-100 elementor-top-column elementor-element elementor-element-e689d00\" data-id=\"e689d00\" data-element_type=\"column\">\n\t\t\t<div class=\"elementor-widget-wrap elementor-element-populated\">\n\t\t\t\t\t\t<div class=\"elementor-element elementor-element-a9db181 elementor-widget elementor-widget-text-editor\" data-id=\"a9db181\" data-element_type=\"widget\" data-widget_type=\"text-editor.default\">\n\t\t\t\t<div class=\"elementor-widget-container\">\n\t\t\t\t\t\t\t\t\t<p>1.Turizm sekt\u00f6r\u00fcn\u00fcn yap\u0131s\u0131, i\u015fleyi\u015fi ve \u00fclke kalk\u0131nmas\u0131ndaki \u00f6nemi konusunda bilgi sahibi olur.<br \/>2.T\u00fcrkiye\u2019nin tarihi ve co\u011frafi bilgilerine sahiptir ve bunlar\u0131 gerekti\u011finde turistlere anlatabilir.<br \/>3.T\u00fcrkiye ve d\u00fcnya co\u011frafyas\u0131nda ya\u015fayan farkl\u0131 dinlerin temel prensiplerini kavrama ve anlatabilme yetene\u011fi kazan\u0131r.<br \/>4.Atat\u00fcrk \u0130lkeleri ve \u0130nk\u0131lap Tarihini \u00f6\u011frenir, temel de\u011ferlerini kavrar ve bunlar\u0131n g\u00fcncel olaylarla ili\u015fkilendirilmesini sa\u011flar.<br \/>5.Grup y\u00f6netimi ilkelerini bilir ve uygular.<br \/>6.Toplumsal ve mesleki etik de\u011ferleri bilir, bunlar\u0131 ele\u015ftirel bir bak\u0131\u015f a\u00e7\u0131s\u0131yla de\u011ferlendirir ve uygun davran\u0131\u015flar\u0131 geli\u015ftirir.<br \/>7.Yaz\u0131l\u0131, s\u00f6zl\u00fc ve s\u00f6zs\u00fcz olarak etkili ileti\u015fim kurar ve sunum becerileri g\u00f6sterir.<br \/>8.Hem temel hem de alan\u0131yla ilgili bilgi ve ileti\u015fim teknolojilerini ve yaz\u0131l\u0131mlar\u0131n\u0131 ileri d\u00fczeyde kullan\u0131r.<br \/>9.Bir seyahat i\u015fletmesini etkin bir \u015fekilde y\u00f6netebilmek i\u00e7in g\u00fcncel y\u00f6netim teorilerini ve uygulamalar\u0131n\u0131 bilir ve uygular.<br \/>10.Bir turu planlar, uygular ve denetler.<br \/>11.\u0130lkyard\u0131m konusunda temel bilgiye sahip olur ve uygular.<br \/>12.Turizm ve \u00e7evre ili\u015fkisini bilir ve \u00e7evrenin korunmas\u0131 i\u00e7in gerekli uygulamalar\u0131 yapar.<br \/>13.Turist rehberli\u011fi mesle\u011fi ile ilgili hizmet verme s\u00fcre\u00e7lerini bilir ve ziyaret\u00e7i memnuniyeti sa\u011flayacak \u015fekilde yerine getirir.<br \/>14.Ba\u015fkalar\u0131 ile ve ba\u011f\u0131ms\u0131z olarak etkin bir \u015fekilde \u00e7al\u0131\u015f\u0131r.<br \/>15.Bir yabanc\u0131 dilde Avrupa Dil Portf\u00f6y\u00fc B2 genel d\u00fczeyinde okuma, anlama, konu\u015fma ve yazma becerilerine sahip olur.<br \/>16.\u0130kinci bir yabanc\u0131 dilde en az Avrupa Dil Portf\u00f6y\u00fc B1 genel d\u00fczeyinde okuma, anlama, konu\u015fma ve yazma becerilerine sahip olur.<br \/>17.T\u00fcrkiye\u2019nin Arkeoloji ve Sanat Tarihi a\u00e7\u0131s\u0131ndan \u00f6nem ta\u015f\u0131yan de\u011ferlerini, sorunlar\u0131n\u0131 ve bunlar\u0131n g\u00fcncel olaylarla ili\u015fkilendirilmesini sa\u011flar.<br \/>18.T\u00fcrkiye ve \u00e7evresinin mitolojik de\u011ferlerine h\u00e2kimdir ve bunlar\u0131 aktarma kabiliyeti kazan\u0131r.<br \/>19.Kendini ki\u015fisel ve mesleki anlamda s\u00fcrekli geli\u015ftirir, kendi kendine \u00f6\u011frenme i\u00e7in sorumluluk al\u0131r ve bunu g\u00f6sterir.<br \/>20.Turizm ve turizm rehberli\u011fi alan\u0131nda ara\u015ft\u0131rma y\u00f6ntemlerini bilir ve uygular, bilgileri tan\u0131mlar, verileri analiz eder, yorumlar ve de\u011ferlendirir.<br \/>21.Turizm alan\u0131 ve turist rehberli\u011fi ile ilgili hukuki d\u00fczenlemeleri ve mesleki standartlar\u0131 bilir ve uygular.<br \/>22.Ki\u015fisel bak\u0131ma, hijyene, giyime ve g\u00f6r\u00fcn\u00fcme turist rehberli\u011finin gerektirdi\u011fi \u015fekilde \u00f6zen g\u00f6sterir.<br \/>\u200b<\/p>\t\t\t\t\t\t\t\t<\/div>\n\t\t\t\t<\/div>\n\t\t\t\t\t<\/div>\n\t\t<\/div>\n\t\t\t\t\t<\/div>\n\t\t<\/section>\n\t\t\t\t<\/div>\n\t\t","protected":false},"excerpt":{"rendered":"<p>1.Turizm sekt\u00f6r\u00fcn\u00fcn yap\u0131s\u0131, i\u015fleyi\u015fi ve \u00fclke kalk\u0131nmas\u0131ndaki \u00f6nemi konusunda bilgi sahibi olur.2.T\u00fcrkiye\u2019nin tarihi ve co\u011frafi bilgilerine sahiptir ve bunlar\u0131 gerekti\u011finde turistlere anlatabilir.3.T\u00fcrkiye ve d\u00fcnya co\u011frafyas\u0131nda ya\u015fayan farkl\u0131 dinlerin temel prensiplerini kavrama ve anlatabilme yetene\u011fi kazan\u0131r.4.Atat\u00fcrk \u0130lkeleri ve \u0130nk\u0131lap Tarihini \u00f6\u011frenir, temel de\u011ferlerini kavrar ve bunlar\u0131n g\u00fcncel olaylarla ili\u015fkilendirilmesini sa\u011flar.5.Grup y\u00f6netimi ilkelerini bilir ve uygular.6.Toplumsal ve [&hellip;]<\/p>\n","protected":false},"author":425,"featured_media":0,"parent":0,"menu_order":0,"comment_status":"closed","ping_status":"closed","template":"","meta":{"footnotes":""},"class_list":["post-6166","page","type-page","status-publish","hentry"],"_links":{"self":[{"href":"https:\/\/atauni.edu.tr\/turizm-rehberligi\/wp-json\/wp\/v2\/pages\/6166","targetHints":{"allow":["GET"]}}],"collection":[{"href":"https:\/\/atauni.edu.tr\/turizm-rehberligi\/wp-json\/wp\/v2\/pages"}],"about":[{"href":"https:\/\/atauni.edu.tr\/turizm-rehberligi\/wp-json\/wp\/v2\/types\/page"}],"author":[{"embeddable":true,"href":"https:\/\/atauni.edu.tr\/turizm-rehberligi\/wp-json\/wp\/v2\/users\/425"}],"replies":[{"embeddable":true,"href":"https:\/\/atauni.edu.tr\/turizm-rehberligi\/wp-json\/wp\/v2\/comments?post=6166"}],"version-history":[{"count":16,"href":"https:\/\/atauni.edu.tr\/turizm-rehberligi\/wp-json\/wp\/v2\/pages\/6166\/revisions"}],"predecessor-version":[{"id":6345,"href":"https:\/\/atauni.edu.tr\/turizm-rehberligi\/wp-json\/wp\/v2\/pages\/6166\/revisions\/6345"}],"wp:attachment":[{"href":"https:\/\/atauni.edu.tr\/turizm-rehberligi\/wp-json\/wp\/v2\/media?parent=6166"}],"curies":[{"name":"wp","href":"https:\/\/api.w.org\/{rel}","templated":true}]}}