{"id":6177,"date":"2021-12-09T18:59:23","date_gmt":"2021-12-09T15:59:23","guid":{"rendered":"http:\/\/birimler.atauni.edu.tr\/turizm-rehberligi\/?page_id=6177"},"modified":"2021-12-10T12:48:00","modified_gmt":"2021-12-10T09:48:00","slug":"sinavlarolcme-ve-degerlendirme","status":"publish","type":"page","link":"https:\/\/atauni.edu.tr\/turizm-rehberligi\/sinavlarolcme-ve-degerlendirme\/","title":{"rendered":"S\u0131navlar,\u00d6l\u00e7me ve De\u011ferlendirme"},"content":{"rendered":"\t\t<div data-elementor-type=\"wp-page\" data-elementor-id=\"6177\" class=\"elementor elementor-6177\" data-elementor-post-type=\"page\">\n\t\t\t\t\t\t<section class=\"elementor-section elementor-top-section elementor-element elementor-element-2e6e4c1 elementor-section-boxed elementor-section-height-default elementor-section-height-default\" data-id=\"2e6e4c1\" data-element_type=\"section\">\n\t\t\t\t\t\t<div class=\"elementor-container elementor-column-gap-default\">\n\t\t\t\t\t<div class=\"elementor-column elementor-col-100 elementor-top-column elementor-element elementor-element-93a37ec\" data-id=\"93a37ec\" data-element_type=\"column\">\n\t\t\t<div class=\"elementor-widget-wrap elementor-element-populated\">\n\t\t\t\t\t\t<div class=\"elementor-element elementor-element-efc66f9 elementor-widget elementor-widget-text-editor\" data-id=\"efc66f9\" data-element_type=\"widget\" data-widget_type=\"text-editor.default\">\n\t\t\t\t<div class=\"elementor-widget-container\">\n\t\t\t\t\t\t\t\t\t<p>B\u00f6l\u00fcmde verilen her bir ders i\u00e7in bir ara s\u0131nav\u0131, k\u0131sa s\u0131nav, \u00f6dev ve d\u00f6nem sonu s\u0131nav\u0131 yap\u0131l\u0131r. Ba\u015far\u0131 notuna ara s\u0131nav, k\u0131sa s\u00fcreli s\u0131nav ve \u00f6devlerin etkisi %40, d\u00f6nem sonu s\u0131nav\u0131\/ b\u00fct\u00fcnleme s\u0131nav\u0131n\u0131n ise %60 oran\u0131ndad\u0131r. D\u00f6nem s\u0131nav\u0131na girebilmesi i\u00e7in \u00f6\u011frencinin y\u00f6netmeliklerde yaz\u0131l\u0131 devam \u015fartlar\u0131n\u0131 yerine getirmi\u015f olmas\u0131 gerekmektedir. T\u00fcm s\u0131navlar 100 puan \u00fczerinden de\u011ferlendirilir ve \u00f6\u011frencilerin ba\u015far\u0131 notunun hesaplanmas\u0131nda, ba\u011f\u0131l de\u011ferlendirme sistemi uygulan\u0131r. Bu de\u011ferlendirmede; dersin \u00f6\u011fretim eleman\u0131, dersi alan \u00f6\u011frencilerin yar\u0131y\u0131l\/y\u0131l i\u00e7i ve yar\u0131y\u0131l\/y\u0131lsonu s\u0131navlar\u0131ndan ald\u0131klar\u0131 puanlar\u0131n istatistiksel sonu\u00e7lar\u0131n\u0131 dikkate al\u0131r ve al\u0131nan notlar y\u00f6netmelikte belirlenen esaslar \u00e7er\u00e7evesinde 4\u2019l\u00fc harf sistemine d\u00f6n\u00fc\u015ft\u00fcr\u00fcl\u00fcr. \u00d6\u011frencinin ald\u0131\u011f\u0131 notlardan olu\u015fturulan A\u011f\u0131rl\u0131kl\u0131 Genel Not Ortalamas\u0131 (AGNO) \u00fcst \u00fcste 2 d\u00f6nem 2.00\u2019\u0131n alt\u0131nda olanlar bir sonraki d\u00f6nemden ders alamazlar. Bir dersten AA, BA, BB, CB ve CC notlar\u0131ndan birini alan \u00f6\u011frenci o dersi ba\u015farm\u0131\u015f say\u0131l\u0131r. Bir dersten al\u0131nan DC ve DD notlar\u0131, \u00f6\u011frencinin mezuniyet AGNO\u2019suna ba\u011fl\u0131 olarak de\u011ferlendirilir. \u00d6\u011frencinin AGNO\u2019su ba\u015far\u0131 baraj notunun \u00fczerinde ise bu dersler ba\u015far\u0131l\u0131 olarak tan\u0131mlan\u0131r. FF notu, ilgili dersten ba\u015far\u0131s\u0131z olan \u00f6\u011frencilere verilir. S\u0131nav \u015fartlar\u0131n\u0131 yerine getirmek kayd\u0131yla, yar\u0131y\u0131l\/y\u0131l sonu s\u0131navlar\u0131na girmeyen, bu s\u0131navlara girdi\u011fi halde FF, DD veya DC harf notu alan \u00f6\u011frenciler b\u00fct\u00fcnleme s\u0131nav\u0131na girebilir. B\u00fct\u00fcnleme s\u0131nav\u0131nda al\u0131nan not yar\u0131y\u0131l\/y\u0131l sonu s\u0131nav\u0131 notu yerine ge\u00e7er. B\u00fct\u00fcnleme s\u0131nav\u0131nda derslerini veremeyen \u00f6\u011frenci, bu dersleri verildi\u011fi ilk yar\u0131y\u0131lda\/y\u0131lda alarak devam \u015fart\u0131 olmaks\u0131z\u0131n s\u0131nav \u015fartlar\u0131n\u0131 yerine getirmek zorundad\u0131r. Ba\u015far\u0131 notu M ve G ile takdir edilen dersler, AGNO hesaplanmas\u0131nda de\u011ferlendirmeye kat\u0131lmaz.\u200b<\/p>\t\t\t\t\t\t\t\t<\/div>\n\t\t\t\t<\/div>\n\t\t\t\t\t<\/div>\n\t\t<\/div>\n\t\t\t\t\t<\/div>\n\t\t<\/section>\n\t\t\t\t<\/div>\n\t\t","protected":false},"excerpt":{"rendered":"<p>B\u00f6l\u00fcmde verilen her bir ders i\u00e7in bir ara s\u0131nav\u0131, k\u0131sa s\u0131nav, \u00f6dev ve d\u00f6nem sonu s\u0131nav\u0131 yap\u0131l\u0131r. Ba\u015far\u0131 notuna ara s\u0131nav, k\u0131sa s\u00fcreli s\u0131nav ve \u00f6devlerin etkisi %40, d\u00f6nem sonu s\u0131nav\u0131\/ b\u00fct\u00fcnleme s\u0131nav\u0131n\u0131n ise %60 oran\u0131ndad\u0131r. D\u00f6nem s\u0131nav\u0131na girebilmesi i\u00e7in \u00f6\u011frencinin y\u00f6netmeliklerde yaz\u0131l\u0131 devam \u015fartlar\u0131n\u0131 yerine getirmi\u015f olmas\u0131 gerekmektedir. T\u00fcm s\u0131navlar 100 puan \u00fczerinden de\u011ferlendirilir [&hellip;]<\/p>\n","protected":false},"author":425,"featured_media":0,"parent":0,"menu_order":0,"comment_status":"closed","ping_status":"closed","template":"","meta":{"footnotes":""},"class_list":["post-6177","page","type-page","status-publish","hentry"],"_links":{"self":[{"href":"https:\/\/atauni.edu.tr\/turizm-rehberligi\/wp-json\/wp\/v2\/pages\/6177","targetHints":{"allow":["GET"]}}],"collection":[{"href":"https:\/\/atauni.edu.tr\/turizm-rehberligi\/wp-json\/wp\/v2\/pages"}],"about":[{"href":"https:\/\/atauni.edu.tr\/turizm-rehberligi\/wp-json\/wp\/v2\/types\/page"}],"author":[{"embeddable":true,"href":"https:\/\/atauni.edu.tr\/turizm-rehberligi\/wp-json\/wp\/v2\/users\/425"}],"replies":[{"embeddable":true,"href":"https:\/\/atauni.edu.tr\/turizm-rehberligi\/wp-json\/wp\/v2\/comments?post=6177"}],"version-history":[{"count":14,"href":"https:\/\/atauni.edu.tr\/turizm-rehberligi\/wp-json\/wp\/v2\/pages\/6177\/revisions"}],"predecessor-version":[{"id":6342,"href":"https:\/\/atauni.edu.tr\/turizm-rehberligi\/wp-json\/wp\/v2\/pages\/6177\/revisions\/6342"}],"wp:attachment":[{"href":"https:\/\/atauni.edu.tr\/turizm-rehberligi\/wp-json\/wp\/v2\/media?parent=6177"}],"curies":[{"name":"wp","href":"https:\/\/api.w.org\/{rel}","templated":true}]}}